-- Table structure for table `defcdb_area_earliest_datedated_by`
--

CREATE TABLE `defcdb_area_earliest_datedated_by` (
  `id` int(11) NOT NULL,
  `area_id` int(11) NOT NULL,
  `dc_period_datedby_id` int(11) NOT NULL
) ENGINE=InnoDB DEFAULT CHARSET=utf8;

--
-- Dumping data for table `defcdb_area_earliest_datedated_by`
--

INSERT INTO `defcdb_area_earliest_datedated_by` (`id`, `area_id`, `dc_period_datedby_id`) VALUES
(9, 23, 5),
(20, 26, 4),
(5, 39, 5),
(6, 42, 5),
(14, 75, 1),
(15, 75, 4),
(34, 79, 1),
(35, 79, 4),
(21, 118, 1),
(23, 119, 1),
(24, 151, 4),
(36, 174, 1),
(38, 788, 2),
(40, 828, 1),
(42, 898, 2),
(44, 1038, 1),
(45, 1131, 1),
(46, 1145, 1),
(47, 1146, 1),
(48, 1147, 4);

-- --------------------------------------------------------

--
-- Table structure for table `defcdb_area_grave_age_groups`
--

CREATE TABLE `defcdb_area_grave_age_groups` (
  `id` int(11) NOT NULL,
  `area_id` int(11) NOT NULL,
  `dc_area_agegroups_id` int(11) NOT NULL
) ENGINE=InnoDB DEFAULT CHARSET=utf8;

--
-- Dumping data for table `defcdb_area_grave_age_groups`
--

INSERT INTO `defcdb_area_grave_age_groups` (`id`, `area_id`, `dc_area_agegroups_id`) VALUES
(33, 2, 10),
(26, 23, 15),
(36, 26, 14),
(37, 26, 15),
(34, 27, 14),
(35, 27, 15),
(84, 29, 14),
(85, 29, 15),
(21, 31, 14),
(22, 31, 15),
(23, 40, 14),
(49, 63, 3),
(50, 63, 5),
(28, 71, 14),
(30, 75, 11),
(177, 79, 11),
(44, 144, 2),
(45, 144, 4),
(46, 144, 5),
(51, 149, 11),
(52, 149, 14),
(53, 149, 15),
(190, 150, 11),
(191, 150, 14),
(192, 150, 15),
(58, 170, 2),
(65, 171, 2),
(66, 171, 4),
(67, 171, 5),
(78, 173, 11),
(188, 174, 14),
(189, 174, 15),
(73, 176, 11),
(154, 177, 3),
(79, 178, 11),
(81, 182, 11),
(86, 217, 4),
(87, 228, 1),
(88, 228, 2),
(89, 228, 14),
(90, 228, 15),
(95, 369, 14),
(96, 437, 2),
(97, 437, 14),
(98, 437, 15),
(252, 463, 2),
(253, 463, 3),
(254, 463, 15),
(102, 478, 14),
(106, 578, 1),
(107, 578, 2),
(108, 578, 3),
(110, 580, 1),
(111, 580, 2),
(112, 580, 3),
(109, 623, 5),
(117, 628, 14),
(118, 628, 15),
(119, 633, 14),
(120, 633, 15),
(121, 634, 14),
(122, 634, 15),
(123, 656, 14),
(124, 656, 15),
(130, 678, 7),
(129, 678, 14),
(128, 678, 15),
(224, 752, 1),
(225, 752, 2),
(226, 752, 14),
(227, 752, 15),
(159, 759, 14),
(160, 759, 15),
(184, 760, 2),
(185, 760, 4),
(186, 760, 14),
(187, 760, 15),
(214, 767, 1),
(215, 767, 10),
(216, 767, 15),
(179, 777, 5),
(178, 778, 10),
(211, 807, 3),
(212, 807, 4),
(213, 807, 15),
(244, 826, 1),
(243, 826, 8),
(250, 828, 1),
(240, 842, 1),
(241, 842, 10),
(242, 842, 15),
(251, 859, 2),
(245, 892, 2),
(255, 1148, 5);

-- --------------------------------------------------------

--
-- Table structure for table `defcdb_area_grave_manipulations_of_graves`
--

CREATE TABLE `defcdb_area_grave_manipulations_of_graves` (
  `id` int(11) NOT NULL,
  `area_id` int(11) NOT NULL,
  `dc_area_manipulationofgraves_id` int(11) NOT NULL
) ENGINE=InnoDB DEFAULT CHARSET=utf8;

--
-- Dumping data for table `defcdb_area_grave_manipulations_of_graves`
--

INSERT INTO `defcdb_area_grave_manipulations_of_graves` (`id`, `area_id`, `dc_area_manipulationofgraves_id`) VALUES
(16, 26, 4),
(15, 27, 4),
(27, 29, 2),
(14, 74, 1),
(9, 75, 4),
(43, 79, 1),
(44, 79, 2),
(17, 149, 4),
(48, 150, 4),
(47, 174, 4),
(21, 176, 4),
(36, 177, 4),
(25, 182, 2),
(28, 240, 3),
(29, 248, 1),
(30, 437, 1),
(46, 777, 4),
(45, 778, 4),
(50, 828, 4);

-- --------------------------------------------------------

--
-- Table structure for table `defcdb_area_grave_sexes`
--

CREATE TABLE `defcdb_area_grave_sexes` (
  `id` int(11) NOT NULL,
  `area_id` int(11) NOT NULL,
  `dc_area_sexes_id` int(11) NOT NULL
) ENGINE=InnoDB DEFAULT CHARSET=utf8;

--
-- Dumping data for table `defcdb_area_grave_sexes`
--

INSERT INTO `defcdb_area_grave_sexes` (`id`, `area_id`, `dc_area_sexes_id`) VALUES
(16, 2, 3),
(18, 26, 3),
(17, 27, 3),
(13, 75, 4),
(81, 79, 4),
(23, 144, 1),
(24, 144, 2),
(25, 149, 3),
(26, 149, 4),
(88, 150, 3),
(89, 150, 4),
(33, 171, 1),
(34, 171, 2),
(42, 173, 4),
(87, 174, 3),
(38, 176, 4),
(66, 177, 1),
(43, 178, 4),
(45, 182, 4),
(47, 228, 1),
(48, 228, 2),
(49, 228, 3),
(50, 228, 4),
(55, 437, 1),
(56, 437, 2),
(119, 752, 1),
(120, 752, 2),
(112, 767, 1),
(113, 767, 2),
(73, 776, 3),
(83, 777, 2),
(84, 777, 3),
(82, 778, 3),
(110, 807, 1),
(111, 807, 2),
(136, 826, 1),
(137, 826, 3),
(138, 828, 3),
(133, 842, 1),
(134, 842, 2),
(135, 842, 3),
(139, 1148, 1);

-- --------------------------------------------------------

--
-- Table structure for table `defcdb_area_grave_type`
--

CREATE TABLE `defcdb_area_grave_type` (
  `id` int(11) NOT NULL,
  `area_id` int(11) NOT NULL,
  `dc_area_gravetype_id` int(11) NOT NULL
) ENGINE=InnoDB DEFAULT CHARSET=utf8;

--
-- Dumping data for table `defcdb_area_grave_type`
--

INSERT INTO `defcdb_area_grave_type` (`id`, `area_id`, `dc_area_gravetype_id`) VALUES
(31, 2, 2),
(36, 6, 4),
(5, 16, 5),
(20, 23, 2),
(33, 26, 2),
(32, 27, 2),
(14, 31, 2),
(17, 40, 2),
(44, 63, 2),
(23, 71, 3),
(30, 74, 6),
(27, 75, 2),
(123, 79, 2),
(35, 107, 4),
(37, 136, 2),
(48, 140, 2),
(42, 144, 3),
(182, 148, 2),
(46, 149, 2),
(132, 150, 2),
(51, 170, 2),
(54, 171, 2),
(62, 173, 2),
(131, 174, 2),
(58, 176, 2),
(110, 177, 2),
(63, 178, 2),
(65, 182, 2),
(67, 203, 2),
(68, 216, 2),
(69, 217, 3),
(70, 228, 1),
(71, 228, 2),
(72, 241, 4),
(73, 248, 2),
(78, 313, 4),
(79, 369, 3),
(88, 387, 2),
(82, 437, 1),
(83, 437, 3),
(86, 442, 8),
(181, 463, 2),
(89, 473, 1),
(90, 478, 2),
(91, 585, 2),
(92, 623, 2),
(95, 678, 1),
(96, 678, 2),
(157, 752, 2),
(158, 752, 3),
(159, 752, 4),
(129, 760, 2),
(130, 760, 3),
(149, 764, 2),
(150, 767, 2),
(119, 776, 2),
(125, 777, 2),
(124, 778, 2),
(175, 826, 2),
(178, 828, 3),
(139, 836, 1),
(172, 842, 2),
(173, 842, 4),
(174, 842, 7),
(179, 859, 1),
(183, 1131, 2),
(184, 1148, 2);

-- --------------------------------------------------------

--
-- Table structure for table `defcdb_area_grave_type_of_human_remains`
--

CREATE TABLE `defcdb_area_grave_type_of_human_remains` (
  `id` int(11) NOT NULL,
  `area_id` int(11) NOT NULL,
  `dc_area_typeofhumanremains_id` int(11) NOT NULL
) ENGINE=InnoDB DEFAULT CHARSET=utf8;

--
-- Dumping data for table `defcdb_area_grave_type_of_human_remains`
--

INSERT INTO `defcdb_area_grave_type_of_human_remains` (`id`, `area_id`, `dc_area_typeofhumanremains_id`) VALUES
(33, 2, 2),
(38, 6, 2),
(22, 23, 2),
(35, 26, 2),
(34, 27, 2),
(83, 29, 2),
(16, 31, 2),
(19, 40, 2),
(48, 63, 1),
(49, 63, 2),
(50, 63, 3),
(25, 71, 2),
(32, 74, 2),
(29, 75, 2),
(160, 79, 2),
(37, 107, 3),
(39, 136, 2),
(54, 140, 2),
(44, 144, 1),
(234, 148, 2),
(52, 149, 2),
(169, 150, 2),
(57, 170, 2),
(62, 171, 2),
(63, 171, 3),
(73, 173, 2),
(168, 174, 3),
(67, 176, 2),
(68, 176, 3),
(137, 177, 2),
(74, 178, 2),
(75, 178, 3),
(78, 182, 2),
(79, 182, 3),
(89, 193, 2),
(84, 203, 2),
(85, 203, 3),
(86, 216, 3),
(87, 217, 2),
(90, 228, 2),
(91, 228, 3),
(92, 240, 3),
(93, 248, 2),
(94, 248, 3),
(99, 369, 2),
(109, 387, 2),
(102, 437, 2),
(107, 442, 2),
(229, 458, 2),
(233, 463, 2),
(232, 464, 3),
(110, 478, 2),
(111, 480, 3),
(113, 578, 2),
(116, 580, 2),
(114, 585, 2),
(115, 623, 3),
(119, 628, 2),
(121, 678, 2),
(195, 752, 2),
(196, 752, 3),
(142, 759, 2),
(143, 759, 3),
(166, 760, 2),
(167, 760, 3),
(138, 761, 2),
(139, 761, 3),
(188, 764, 2),
(189, 765, 2),
(190, 767, 2),
(153, 776, 2),
(154, 776, 3),
(163, 777, 2),
(161, 778, 2),
(162, 778, 3),
(187, 807, 2),
(207, 826, 2),
(208, 826, 3),
(219, 828, 2),
(205, 842, 2),
(206, 842, 3),
(230, 859, 2),
(228, 860, 2),
(227, 861, 2),
(224, 864, 2),
(221, 878, 2),
(209, 892, 2),
(225, 898, 2),
(226, 899, 2),
(235, 1131, 2),
(236, 1132, 2),
(237, 1140, 2),
(238, 1148, 2);

-- --------------------------------------------------------

--
-- Table structure for table `defcdb_area_latest_datedated_by`
--

CREATE TABLE `defcdb_area_latest_datedated_by` (
  `id` int(11) NOT NULL,
  `area_id` int(11) NOT NULL,
  `dc_period_datedby_id` int(11) NOT NULL
) ENGINE=InnoDB DEFAULT CHARSET=utf8;

--
-- Dumping data for table `defcdb_area_latest_datedated_by`
--

INSERT INTO `defcdb_area_latest_datedated_by` (`id`, `area_id`, `dc_period_datedby_id`) VALUES
(15, 23, 5),
(9, 39, 5),
(10, 41, 5),
(11, 42, 5),
(14, 52, 5),
(20, 75, 1),
(21, 75, 4),
(38, 79, 1),
(39, 79, 4),
(26, 118, 1),
(28, 119, 1),
(29, 151, 4),
(40, 174, 1),
(43, 828, 3),
(45, 898, 2),
(47, 1038, 1),
(48, 1145, 1),
(49, 1146, 1),
(50, 1147, 1);

-- --------------------------------------------------------

--
-- Table structure for table `defcdb_area_period`
--

CREATE TABLE `defcdb_area_period` (
  `id` int(11) NOT NULL,
  `area_id` int(11) NOT NULL,
  `dc_chronological_system_id` int(11) NOT NULL
) ENGINE=InnoDB DEFAULT CHARSET=utf8;

--
-- Dumping data for table `defcdb_area_period`
--

INSERT INTO `defcdb_area_period` (`id`, `area_id`, `dc_chronological_system_id`) VALUES
(562, 2, 1),
(211, 3, 4),
(212, 3, 5),
(805, 4, 62),
(803, 4, 67),
(804, 4, 68),
(811, 5, 63),
(806, 5, 69),
(807, 5, 70),
(808, 5, 71),
(809, 5, 72),
(810, 5, 73),
(836, 6, 62),
(837, 6, 63),
(829, 6, 67),
(830, 6, 68),
(831, 6, 69),
(832, 6, 70),
(833, 6, 71),
(834, 6, 72),
(835, 6, 73),
(838, 7, 59),
(887, 8, 61),
(886, 8, 66),
(890, 9, 62),
(888, 9, 67),
(889, 9, 68),
(893, 10, 62),
(891, 10, 67),
(892, 10, 68),
(1367, 11, 63),
(1362, 11, 69),
(1363, 11, 70),
(1364, 11, 71),
(1365, 11, 72),
(1366, 11, 73),
(904, 12, 58),
(905, 12, 59),
(906, 12, 60),
(907, 12, 61),
(908, 12, 62),
(909, 12, 63),
(894, 12, 64),
(895, 12, 65),
(896, 12, 66),
(897, 12, 67),
(898, 12, 68),
(899, 12, 69),
(900, 12, 70),
(901, 12, 71),
(902, 12, 72),
(903, 12, 73),
(923, 13, 58),
(924, 13, 59),
(925, 13, 60),
(926, 13, 61),
(927, 13, 62),
(928, 13, 63),
(913, 13, 64),
(914, 13, 65),
(915, 13, 66),
(916, 13, 67),
(917, 13, 68),
(918, 13, 69),
(919, 13, 70),
(920, 13, 71),
(921, 13, 72),
(922, 13, 73),
(276, 14, 58),
(277, 14, 59),
(278, 14, 60),
(279, 14, 61),
(280, 14, 62),
(281, 14, 63),
(266, 14, 64),
(267, 14, 65),
(268, 14, 66),
(269, 14, 67),
(270, 14, 68),
(271, 14, 69),
(272, 14, 70),
(273, 14, 71),
(274, 14, 72),
(275, 14, 73),
(303, 15, 63),
(298, 15, 69),
(299, 15, 70),
(300, 15, 71),
(301, 15, 72),
(302, 15, 73),
(140, 16, 20),
(141, 16, 21),
(134, 17, 16),
(135, 17, 17),
(136, 17, 18),
(137, 17, 19),
(138, 17, 20),
(139, 17, 21),
(164, 18, 20),
(165, 18, 21),
(166, 18, 22),
(210, 19, 4),
(156, 20, 20),
(157, 20, 21),
(158, 20, 22),
(163, 21, 15),
(159, 21, 16),
(160, 21, 17),
(161, 21, 18),
(162, 21, 19),
(208, 22, 3),
(209, 22, 4),
(404, 23, 33),
(207, 24, 2),
(185, 25, 1),
(564, 26, 1),
(563, 27, 1),
(415, 28, 36),
(416, 28, 37),
(1384, 29, 36),
(217, 30, 35),
(218, 30, 36),
(220, 31, 37),
(221, 33, 38),
(324, 34, 33),
(325, 35, 36),
(326, 36, 37),
(417, 37, 36),
(418, 37, 37),
(331, 38, 33),
(332, 38, 34),
(333, 38, 35),
(334, 38, 36),
(335, 38, 37),
(336, 38, 38),
(337, 38, 39),
(338, 39, 33),
(339, 40, 34),
(340, 41, 35),
(341, 41, 36),
(342, 41, 37),
(343, 42, 38),
(344, 42, 39),
(345, 42, 40),
(346, 42, 41),
(347, 42, 42),
(348, 42, 43),
(349, 42, 44),
(355, 43, 63),
(350, 43, 69),
(351, 43, 70),
(352, 43, 71),
(353, 43, 72),
(354, 43, 73),
(947, 44, 63),
(942, 44, 69),
(943, 44, 70),
(944, 44, 71),
(945, 44, 72),
(946, 44, 73),
(953, 45, 63),
(948, 45, 69),
(949, 45, 70),
(950, 45, 71),
(951, 45, 72),
(952, 45, 73),
(996, 46, 63),
(989, 46, 69),
(990, 46, 70),
(991, 46, 71),
(992, 46, 72),
(993, 46, 73),
(994, 46, 74),
(995, 46, 75),
(998, 47, 63),
(997, 47, 73),
(1004, 48, 63),
(999, 48, 69),
(1000, 48, 70),
(1001, 48, 71),
(1002, 48, 72),
(1003, 48, 73),
(1012, 49, 63),
(1007, 49, 69),
(1008, 49, 70),
(1009, 49, 71),
(1010, 49, 72),
(1011, 49, 73),
(1018, 50, 63),
(1013, 50, 69),
(1014, 50, 70),
(1015, 50, 71),
(1016, 50, 72),
(1017, 50, 73),
(1024, 51, 63),
(1019, 51, 69),
(1020, 51, 70),
(1021, 51, 71),
(1022, 51, 72),
(1023, 51, 73),
(401, 52, 34),
(402, 53, 36),
(403, 53, 37),
(420, 54, 33),
(421, 54, 34),
(422, 54, 35),
(423, 54, 36),
(419, 55, 34),
(411, 56, 33),
(412, 57, 34),
(413, 57, 35),
(414, 57, 36),
(440, 58, 33),
(441, 58, 34),
(442, 58, 35),
(961, 59, 62),
(959, 59, 67),
(960, 59, 68),
(967, 60, 63),
(962, 60, 69),
(963, 60, 70),
(964, 60, 71),
(965, 60, 72),
(966, 60, 73),
(1025, 61, 58),
(1129, 62, 59),
(1130, 62, 60),
(1128, 62, 65),
(1055, 63, 33),
(1136, 64, 62),
(1134, 64, 67),
(1135, 64, 68),
(1142, 65, 63),
(1137, 65, 69),
(1138, 65, 70),
(1139, 65, 71),
(1140, 65, 72),
(1141, 65, 73),
(1153, 66, 58),
(1154, 66, 59),
(1155, 66, 60),
(1156, 66, 61),
(1157, 66, 62),
(1158, 66, 63),
(1143, 66, 64),
(1144, 66, 65),
(1145, 66, 66),
(1146, 66, 67),
(1147, 66, 68),
(1148, 66, 69),
(1149, 66, 70),
(1150, 66, 71),
(1151, 66, 72),
(1152, 66, 73),
(509, 67, 34),
(3484, 68, 35),
(3485, 68, 36),
(3486, 68, 37),
(1171, 69, 62),
(1169, 69, 67),
(1170, 69, 68),
(1177, 70, 63),
(1172, 70, 69),
(1173, 70, 70),
(1174, 70, 71),
(1175, 70, 72),
(1176, 70, 73),
(514, 71, 35),
(515, 71, 36),
(516, 71, 37),
(1026, 72, 60),
(1027, 72, 68),
(3482, 73, 33),
(3483, 73, 35),
(542, 75, 1),
(530, 76, 33),
(531, 76, 34),
(532, 76, 35),
(533, 76, 36),
(3534, 77, 35),
(3535, 77, 36),
(3536, 77, 37),
(536, 78, 35),
(537, 78, 36),
(538, 78, 37),
(539, 78, 38),
(540, 78, 39),
(3060, 79, 1),
(545, 80, 33),
(546, 81, 34),
(1028, 82, 61),
(1029, 82, 69),
(1030, 82, 71),
(1031, 83, 62),
(1032, 83, 70),
(553, 84, 35),
(554, 84, 36),
(555, 85, 18),
(556, 85, 19),
(557, 86, 16),
(558, 87, 17),
(559, 88, 18),
(560, 88, 19),
(561, 89, 18),
(1038, 90, 63),
(1033, 90, 69),
(1034, 90, 70),
(1035, 90, 71),
(1036, 90, 72),
(1037, 90, 73),
(1049, 91, 58),
(1050, 91, 59),
(1051, 91, 60),
(1052, 91, 61),
(1053, 91, 62),
(1054, 91, 63),
(1039, 91, 64),
(1040, 91, 65),
(1041, 91, 66),
(1042, 91, 67),
(1043, 91, 68),
(1044, 91, 69),
(1045, 91, 70),
(1046, 91, 71),
(1047, 91, 72),
(1048, 91, 73),
(1204, 93, 58),
(1205, 93, 59),
(1206, 93, 60),
(1207, 93, 61),
(1208, 93, 62),
(1209, 93, 63),
(1194, 93, 64),
(1195, 93, 65),
(1196, 93, 66),
(1197, 93, 67),
(1198, 93, 68),
(1199, 93, 69),
(1200, 93, 70),
(1201, 93, 71),
(1202, 93, 72),
(1203, 93, 73),
(1229, 94, 62),
(1230, 94, 63),
(1222, 94, 67),
(1223, 94, 68),
(1224, 94, 69),
(1225, 94, 70),
(1226, 94, 71),
(1227, 94, 72),
(1228, 94, 73),
(1239, 95, 63),
(1234, 95, 69),
(1235, 95, 70),
(1236, 95, 71),
(1237, 95, 72),
(1238, 95, 73),
(1250, 96, 58),
(1251, 96, 59),
(1252, 96, 60),
(1253, 96, 61),
(1254, 96, 62),
(1255, 96, 63),
(1240, 96, 64),
(1241, 96, 65),
(1242, 96, 66),
(1243, 96, 67),
(1244, 96, 68),
(1245, 96, 69),
(1246, 96, 70),
(1247, 96, 71),
(1248, 96, 72),
(1249, 96, 73),
(677, 97, 16),
(678, 97, 17),
(679, 97, 18),
(680, 97, 19),
(681, 98, 18),
(682, 98, 19),
(683, 98, 20),
(684, 98, 21),
(685, 98, 22),
(686, 99, 18),
(687, 99, 19),
(688, 100, 20),
(689, 100, 21),
(690, 101, 22),
(691, 101, 23),
(692, 101, 24),
(693, 101, 25),
(694, 101, 26),
(695, 101, 27),
(1261, 102, 63),
(1256, 102, 69),
(1257, 102, 70),
(1258, 102, 71),
(1259, 102, 72),
(1260, 102, 73),
(1268, 103, 63),
(1263, 103, 69),
(1264, 103, 70),
(1265, 103, 71),
(1266, 103, 72),
(1267, 103, 73),
(1274, 104, 63),
(1269, 104, 69),
(1270, 104, 70),
(1271, 104, 71),
(1272, 104, 72),
(1273, 104, 73),
(1285, 105, 58),
(1286, 105, 59),
(1287, 105, 60),
(1288, 105, 61),
(1289, 105, 62),
(1290, 105, 63),
(1275, 105, 64),
(1276, 105, 65),
(1277, 105, 66),
(1278, 105, 67),
(1279, 105, 68),
(1280, 105, 69),
(1281, 105, 70),
(1282, 105, 71),
(1283, 105, 72),
(1284, 105, 73),
(742, 106, 18),
(743, 106, 19),
(747, 107, 20),
(745, 108, 21),
(746, 108, 22),
(748, 109, 20),
(749, 109, 21),
(750, 110, 21),
(751, 110, 22),
(752, 110, 23),
(753, 110, 24),
(754, 110, 25),
(755, 110, 26),
(756, 110, 27),
(757, 111, 17),
(758, 112, 16),
(759, 112, 17),
(3071, 113, 17),
(3072, 113, 18),
(764, 114, 16),
(765, 114, 17),
(766, 114, 18),
(767, 114, 19),
(768, 114, 20),
(769, 114, 21),
(770, 114, 22),
(771, 114, 23),
(772, 114, 24),
(773, 114, 25),
(774, 114, 26),
(777, 115, 18),
(778, 115, 19),
(779, 116, 16),
(780, 116, 17),
(781, 116, 18),
(782, 117, 16),
(783, 117, 17),
(784, 118, 2),
(786, 119, 5),
(787, 120, 6),
(1293, 121, 62),
(1291, 121, 67),
(1292, 121, 68),
(817, 122, 63),
(812, 122, 69),
(813, 122, 70),
(814, 122, 71),
(815, 122, 72),
(816, 122, 73),
(820, 123, 62),
(818, 123, 67),
(819, 123, 68),
(821, 124, 74),
(822, 124, 75),
(825, 125, 62),
(823, 125, 67),
(824, 125, 68),
(912, 126, 62),
(910, 126, 67),
(911, 126, 68),
(866, 127, 60),
(867, 127, 68),
(841, 128, 61),
(842, 128, 69),
(843, 128, 71),
(844, 129, 62),
(845, 129, 70),
(852, 130, 16),
(853, 130, 17),
(854, 130, 18),
(855, 131, 16),
(858, 132, 17),
(859, 133, 18),
(860, 133, 19),
(861, 133, 20),
(862, 133, 21),
(863, 134, 16),
(864, 134, 17),
(865, 134, 18),
(878, 135, 59),
(879, 135, 60),
(880, 135, 61),
(881, 135, 62),
(882, 135, 63),
(868, 135, 64),
(869, 135, 65),
(870, 135, 66),
(871, 135, 67),
(872, 135, 68),
(873, 135, 69),
(874, 135, 70),
(875, 135, 71),
(876, 135, 72),
(877, 135, 73),
(883, 136, 18),
(884, 136, 19),
(885, 136, 20),
(929, 138, 16),
(930, 138, 17),
(931, 139, 16),
(932, 139, 17),
(933, 139, 18),
(1112, 140, 19),
(1113, 140, 20),
(1114, 141, 33),
(1115, 141, 34),
(1116, 141, 35),
(1117, 141, 36),
(980, 142, 62),
(981, 142, 63),
(968, 142, 67),
(969, 142, 68),
(970, 142, 69),
(971, 142, 70),
(972, 142, 71),
(973, 142, 72),
(974, 142, 73),
(975, 142, 74),
(976, 142, 75),
(977, 142, 76),
(978, 142, 77),
(979, 142, 78),
(982, 143, 33),
(983, 143, 34),
(984, 143, 35),
(987, 144, 35),
(1005, 145, 74),
(1006, 145, 75),
(3625, 146, 35),
(3626, 146, 36),
(3627, 146, 37),
(2020, 147, 45),
(2021, 147, 46),
(2019, 147, 80),
(3896, 148, 45),
(1061, 149, 6),
(3075, 150, 6),
(1063, 151, 5),
(1064, 151, 6),
(1065, 151, 7),
(1066, 152, 5),
(1067, 152, 6),
(1068, 152, 7),
(1072, 153, 5),
(1073, 153, 6),
(1074, 153, 7),
(1075, 154, 18),
(1076, 155, 5),
(1077, 155, 6),
(1078, 155, 7),
(1079, 156, 16),
(1080, 156, 17),
(1081, 156, 18),
(1119, 157, 15),
(1083, 158, 20),
(1084, 158, 21),
(1085, 159, 20),
(1086, 159, 21),
(1087, 160, 21),
(1088, 161, 20),
(1089, 161, 21),
(1090, 162, 20),
(1091, 162, 21),
(1092, 163, 17),
(1093, 163, 20),
(1094, 163, 21),
(1095, 164, 20),
(1096, 164, 21),
(1097, 165, 16),
(1098, 165, 17),
(1099, 165, 18),
(1100, 165, 19),
(1101, 165, 20),
(1102, 165, 21),
(1103, 166, 21),
(1104, 166, 22),
(1105, 167, 20),
(1106, 167, 21),
(1107, 167, 22),
(1108, 168, 20),
(1109, 168, 21),
(1110, 169, 20),
(1111, 169, 21),
(1125, 170, 15),
(1123, 170, 16),
(1124, 170, 17),
(1161, 171, 16),
(1162, 171, 17),
(1163, 171, 18),
(1164, 171, 19),
(1165, 172, 20),
(1166, 172, 21),
(1296, 173, 1),
(3073, 174, 2),
(3074, 175, 2),
(1231, 176, 1),
(2956, 177, 2),
(1297, 178, 1),
(1298, 178, 2),
(1301, 179, 17),
(1302, 179, 18),
(1303, 179, 19),
(1304, 180, 17),
(1305, 180, 18),
(1306, 180, 19),
(1307, 181, 18),
(1308, 181, 19),
(1318, 182, 1),
(1319, 182, 2),
(1315, 183, 18),
(1316, 183, 19),
(1317, 183, 20),
(1320, 184, 16),
(1321, 184, 17),
(1322, 184, 18),
(1323, 185, 18),
(1324, 185, 19),
(1325, 185, 20),
(1326, 185, 21),
(1327, 185, 22),
(1328, 185, 23),
(1329, 185, 24),
(1330, 185, 25),
(1331, 185, 26),
(1332, 186, 18),
(1333, 186, 19),
(1334, 187, 20),
(1335, 187, 21),
(1336, 188, 17),
(2958, 189, 1),
(1352, 190, 62),
(1353, 190, 63),
(2959, 191, 2),
(1360, 192, 62),
(1471, 193, 2),
(1370, 194, 63),
(1368, 194, 74),
(1369, 194, 75),
(1371, 195, 58),
(1372, 195, 59),
(1373, 195, 60),
(1374, 195, 61),
(1375, 195, 62),
(1376, 196, 63),
(1377, 197, 74),
(1378, 197, 75),
(1381, 198, 63),
(1379, 198, 74),
(1380, 198, 75),
(1383, 199, 62),
(1385, 200, 16),
(1386, 201, 17),
(1387, 201, 18),
(1388, 201, 19),
(1389, 201, 20),
(1390, 201, 21),
(1391, 201, 22),
(1392, 201, 23),
(1393, 201, 24),
(1394, 201, 25),
(1395, 202, 18),
(1396, 202, 19),
(1397, 202, 20),
(1398, 202, 21),
(1399, 203, 17),
(1400, 203, 18),
(1401, 203, 19),
(1402, 203, 20),
(1403, 203, 21),
(1404, 204, 20),
(1405, 204, 21),
(1408, 205, 18),
(1409, 205, 19),
(1410, 206, 20),
(1411, 206, 21),
(1412, 207, 20),
(1413, 207, 21),
(1414, 207, 22),
(1415, 208, 18),
(1416, 208, 19),
(1417, 208, 20),
(1418, 208, 21),
(1419, 209, 20),
(1420, 209, 21),
(1421, 210, 18),
(1422, 210, 19),
(1423, 210, 20),
(1424, 210, 21),
(1425, 211, 20),
(1426, 211, 21),
(1427, 211, 22),
(1428, 211, 23),
(1429, 211, 24),
(1430, 211, 25),
(1431, 211, 26),
(1432, 211, 27),
(1433, 212, 20),
(1434, 212, 21),
(1435, 213, 20),
(1436, 213, 21),
(1437, 214, 20),
(1438, 214, 21),
(1439, 215, 18),
(1440, 215, 19),
(1441, 216, 17),
(1442, 216, 18),
(1443, 216, 19),
(1446, 217, 15),
(1444, 217, 16),
(1445, 217, 17),
(1448, 218, 20),
(1449, 218, 21),
(1450, 218, 22),
(1451, 218, 23),
(1447, 218, 24),
(1453, 220, 62),
(1454, 221, 62),
(1455, 222, 63),
(1456, 223, 74),
(1457, 223, 75),
(1458, 224, 62),
(1459, 225, 63),
(1460, 226, 74),
(1461, 226, 75),
(1468, 227, 62),
(1469, 227, 63),
(1466, 227, 74),
(1467, 227, 75),
(1472, 228, 2),
(1473, 228, 3),
(1474, 229, 18),
(1475, 229, 19),
(1486, 230, 18),
(1487, 230, 19),
(1488, 231, 18),
(1489, 231, 19),
(1490, 232, 18),
(1491, 232, 19),
(1484, 233, 18),
(1485, 233, 19),
(1492, 234, 18),
(1493, 234, 19),
(1494, 235, 17),
(1495, 235, 18),
(1496, 236, 20),
(1497, 236, 21),
(1498, 236, 22),
(1499, 237, 16),
(1500, 237, 17),
(1501, 237, 18),
(1502, 237, 19),
(1503, 237, 20),
(1504, 237, 21),
(1505, 238, 18),
(1506, 239, 17),
(1507, 239, 18),
(1508, 240, 18),
(1509, 240, 19),
(1510, 240, 20),
(1511, 240, 21),
(1514, 241, 62),
(1515, 241, 63),
(1512, 241, 74),
(1513, 241, 75),
(1518, 242, 63),
(1516, 242, 74),
(1517, 242, 75),
(1521, 243, 62),
(1522, 243, 63),
(1519, 243, 74),
(1520, 243, 75),
(1525, 244, 62),
(1526, 244, 63),
(1523, 244, 74),
(1524, 244, 75),
(1529, 245, 62),
(1530, 245, 63),
(1527, 245, 74),
(1528, 245, 75),
(1533, 246, 58),
(1534, 246, 59),
(1535, 246, 60),
(1536, 246, 61),
(1537, 246, 62),
(1538, 246, 63),
(1531, 246, 74),
(1532, 246, 75),
(1545, 247, 19),
(1546, 247, 20),
(1547, 248, 19),
(1548, 249, 15),
(1549, 250, 20),
(1550, 250, 21),
(1551, 251, 18),
(1552, 251, 19),
(1553, 252, 18),
(1554, 252, 19),
(1555, 253, 20),
(1556, 253, 21),
(1557, 254, 20),
(1558, 254, 21),
(1559, 255, 20),
(1560, 255, 21),
(1561, 256, 18),
(1562, 257, 16),
(1563, 258, 16),
(1564, 259, 18),
(1565, 260, 18),
(1566, 260, 19),
(1568, 261, 18),
(1569, 261, 20),
(1570, 261, 21),
(1571, 262, 20),
(1572, 262, 21),
(1573, 263, 20),
(1574, 263, 21),
(1575, 264, 18),
(1576, 264, 19),
(1577, 264, 20),
(1578, 264, 21),
(1579, 265, 62),
(1580, 266, 63),
(1581, 267, 58),
(1582, 267, 59),
(1583, 267, 60),
(1584, 267, 61),
(1585, 267, 62),
(1586, 267, 63),
(1604, 270, 63),
(1599, 271, 63),
(1600, 272, 63),
(1601, 273, 63),
(1602, 274, 63),
(1603, 275, 63),
(1605, 276, 16),
(1606, 276, 17),
(1607, 276, 18),
(1608, 277, 17),
(1609, 278, 17),
(1610, 278, 18),
(1611, 278, 19),
(1612, 278, 22),
(1613, 278, 23),
(1614, 278, 24),
(1615, 278, 25),
(1616, 278, 26),
(1617, 278, 27),
(1618, 279, 16),
(1619, 279, 17),
(1620, 279, 22),
(1621, 279, 23),
(1622, 279, 24),
(1623, 279, 25),
(1624, 279, 26),
(1625, 280, 16),
(1626, 280, 17),
(1627, 281, 17),
(1628, 282, 18),
(1629, 283, 17),
(1630, 284, 17),
(1631, 285, 17),
(1632, 286, 17),
(1633, 287, 16),
(1634, 287, 17),
(1662, 288, 17),
(1663, 289, 17),
(1639, 290, 16),
(1640, 290, 17),
(1641, 290, 18),
(1642, 291, 16),
(1643, 291, 17),
(1644, 291, 18),
(1645, 292, 18),
(1646, 292, 19),
(1648, 293, 3),
(1651, 294, 1),
(1652, 294, 2),
(1654, 295, 2),
(1659, 296, 2),
(1660, 296, 4),
(1661, 297, 4),
(1664, 299, 16),
(1665, 300, 18),
(1666, 300, 19),
(1667, 300, 20),
(1668, 300, 21),
(1669, 300, 22),
(1670, 301, 18),
(1671, 301, 19),
(1672, 301, 20),
(1673, 301, 21),
(1674, 301, 22),
(1675, 302, 18),
(1676, 302, 19),
(1677, 302, 20),
(1678, 302, 21),
(1679, 302, 22),
(1680, 303, 18),
(1681, 303, 19),
(1682, 304, 18),
(1683, 304, 19),
(1684, 304, 20),
(1685, 304, 21),
(1686, 305, 16),
(1687, 306, 18),
(1688, 306, 19),
(1689, 307, 45),
(1690, 307, 46),
(1693, 308, 63),
(1691, 308, 74),
(1692, 308, 75),
(1694, 309, 63),
(1695, 310, 2),
(1696, 311, 2),
(1697, 311, 3),
(1698, 311, 4),
(1703, 312, 4),
(1704, 313, 5),
(1705, 313, 6),
(1706, 314, 58),
(1707, 314, 59),
(1708, 314, 60),
(1709, 314, 61),
(1710, 314, 62),
(1711, 314, 63),
(1712, 315, 72),
(1999, 316, 79),
(1998, 316, 80),
(1774, 317, 63),
(2000, 318, 79),
(2001, 319, 79),
(2002, 320, 79),
(2003, 321, 79),
(2004, 322, 79),
(2005, 323, 79),
(2006, 324, 79),
(2007, 325, 79),
(2008, 326, 79),
(2009, 327, 79),
(2018, 328, 80),
(1714, 329, 45),
(1715, 330, 45),
(1716, 330, 46),
(1717, 330, 47),
(1743, 331, 45),
(1744, 331, 46),
(1745, 331, 47),
(2023, 332, 45),
(2022, 332, 80),
(1725, 333, 45),
(1726, 334, 45),
(1727, 335, 45),
(1728, 336, 45),
(1729, 337, 45),
(1730, 338, 45),
(1731, 339, 45),
(2025, 340, 45),
(2024, 340, 80),
(2027, 341, 45),
(2028, 341, 46),
(2029, 341, 47),
(2026, 341, 80),
(1736, 342, 45),
(1737, 342, 46),
(1738, 342, 47),
(2011, 343, 45),
(2012, 343, 79),
(2010, 343, 80),
(2034, 344, 45),
(2033, 344, 80),
(1741, 345, 45),
(1742, 346, 45),
(2013, 347, 79),
(2036, 348, 80),
(1746, 349, 45),
(1747, 350, 45),
(1748, 351, 45),
(1749, 352, 45),
(1750, 353, 45),
(1751, 354, 45),
(1752, 354, 46),
(1753, 354, 47),
(1754, 355, 45),
(1755, 356, 45),
(1756, 357, 45),
(1757, 358, 45),
(1758, 359, 45),
(1759, 360, 45),
(1760, 361, 45),
(1761, 362, 45),
(1762, 363, 1),
(1763, 363, 2),
(1764, 363, 3),
(1766, 364, 63),
(2014, 365, 79),
(2015, 366, 79),
(2016, 367, 79),
(1767, 368, 45),
(1768, 368, 46),
(1770, 369, 46),
(1771, 369, 55),
(1769, 369, 56),
(1772, 370, 46),
(2031, 371, 45),
(2030, 371, 80),
(1775, 372, 45),
(1776, 373, 62),
(1777, 373, 63),
(2032, 374, 80),
(1778, 375, 45),
(1780, 376, 63),
(1781, 377, 63),
(1782, 378, 63),
(1783, 379, 63),
(1784, 380, 74),
(1785, 380, 75),
(1786, 380, 76),
(1787, 380, 77),
(1788, 381, 45),
(1789, 382, 45),
(1790, 383, 45),
(1791, 384, 45),
(1792, 385, 45),
(1793, 386, 45),
(2035, 387, 80),
(2037, 388, 80),
(1795, 389, 45),
(1796, 390, 45),
(1797, 390, 46),
(1798, 391, 46),
(1799, 392, 48),
(1800, 392, 49),
(1801, 392, 50),
(2066, 393, 45),
(2067, 393, 46),
(2063, 393, 48),
(2064, 393, 49),
(2065, 393, 50),
(3875, 394, 45),
(3876, 395, 46),
(3877, 396, 48),
(3878, 396, 49),
(3884, 397, 45),
(1820, 398, 45),
(3900, 400, 45),
(3901, 400, 46),
(3902, 400, 47),
(3885, 401, 45),
(3886, 401, 47),
(1823, 402, 45),
(1824, 403, 45),
(1825, 404, 45),
(1826, 405, 45),
(2017, 406, 79),
(2046, 407, 45),
(2045, 407, 80),
(1828, 408, 46),
(1829, 408, 47),
(1830, 409, 45),
(1831, 410, 45),
(2047, 411, 80),
(3890, 412, 45),
(3891, 412, 46),
(1837, 413, 63),
(1835, 413, 74),
(1836, 413, 75),
(1838, 414, 70),
(1839, 415, 70),
(1840, 416, 70),
(1841, 417, 70),
(1842, 418, 70),
(1844, 419, 70),
(1843, 419, 72),
(1846, 420, 70),
(1845, 420, 72),
(1852, 421, 45),
(1853, 422, 45),
(3894, 423, 45),
(3895, 423, 46),
(1856, 424, 45),
(1857, 425, 45),
(1858, 426, 45),
(1859, 427, 45),
(1860, 428, 45),
(1861, 429, 45),
(1862, 430, 45),
(1863, 430, 46),
(1864, 430, 47),
(1865, 431, 45),
(1866, 432, 45),
(1867, 432, 47),
(1868, 433, 45),
(1869, 434, 45),
(1870, 434, 47),
(3637, 435, 8),
(3638, 435, 9),
(3639, 435, 10),
(3640, 435, 11),
(1872, 436, 21),
(1873, 437, 21),
(1878, 438, 19),
(1879, 438, 20),
(1880, 438, 21),
(1881, 438, 22),
(1882, 439, 18),
(1883, 439, 19),
(1884, 440, 19),
(1885, 440, 20),
(1886, 441, 20),
(1887, 441, 21),
(1888, 441, 22),
(1989, 442, 20),
(1990, 442, 21),
(1991, 442, 22),
(1892, 443, 18),
(1893, 443, 19),
(1894, 443, 20),
(1895, 443, 21),
(1992, 444, 20),
(1993, 444, 21),
(1898, 445, 20),
(1899, 445, 21),
(1900, 446, 16),
(1902, 447, 28),
(1903, 447, 29),
(1904, 447, 30),
(1905, 447, 31),
(1901, 447, 32),
(1906, 448, 18),
(1907, 448, 19),
(1908, 448, 20),
(1909, 448, 21),
(1910, 449, 18),
(1911, 449, 19),
(1912, 449, 20),
(1913, 449, 21),
(1914, 449, 22),
(1915, 450, 18),
(1916, 450, 19),
(1917, 450, 20),
(1918, 450, 21),
(1919, 450, 22),
(1920, 451, 18),
(1921, 451, 19),
(1925, 452, 18),
(1926, 452, 19),
(1927, 452, 20),
(1928, 452, 21),
(1929, 452, 22),
(1930, 453, 18),
(1931, 453, 19),
(1932, 454, 18),
(1933, 454, 19),
(1934, 455, 18),
(1935, 455, 19),
(3766, 456, 8),
(3767, 456, 9),
(3753, 457, 8),
(3759, 458, 8),
(3756, 459, 11),
(1963, 460, 6),
(1964, 461, 6),
(1965, 462, 6),
(3799, 463, 8),
(3797, 464, 8),
(3769, 465, 9),
(3770, 466, 8),
(3771, 466, 9),
(3772, 466, 10),
(3773, 466, 11),
(3776, 467, 8),
(3777, 467, 9),
(3778, 467, 10),
(3779, 467, 11),
(1982, 469, 6),
(3795, 470, 9),
(3796, 471, 9),
(2050, 473, 63),
(2048, 473, 74),
(2049, 473, 75),
(2055, 474, 63),
(2051, 474, 74),
(2052, 474, 75),
(2053, 474, 76),
(2054, 474, 77),
(2056, 475, 63),
(2059, 476, 63),
(2057, 476, 74),
(2058, 476, 75),
(2062, 477, 63),
(2060, 477, 74),
(2061, 477, 75),
(2068, 478, 33),
(2069, 478, 34),
(2070, 478, 35),
(2071, 478, 36),
(2072, 478, 37),
(2073, 478, 38),
(2074, 478, 39),
(2075, 478, 40),
(2076, 478, 41),
(2077, 478, 42),
(2078, 478, 43),
(2079, 478, 44),
(2080, 479, 17),
(2081, 480, 74),
(2082, 480, 75),
(2083, 480, 76),
(2084, 480, 77),
(2085, 480, 78),
(2091, 481, 63),
(2086, 481, 74),
(2087, 481, 75),
(2088, 481, 76),
(2089, 481, 77),
(2090, 481, 78),
(2101, 482, 73),
(2099, 483, 74),
(2100, 483, 75),
(2096, 484, 69),
(2097, 484, 70),
(2098, 484, 71),
(2095, 484, 72),
(2102, 485, 63),
(2103, 486, 74),
(2104, 486, 75),
(2105, 487, 63),
(2106, 488, 74),
(2112, 489, 63),
(2107, 489, 74),
(2108, 489, 75),
(2109, 489, 76),
(2110, 489, 77),
(2111, 489, 78),
(2113, 490, 63),
(2114, 491, 58),
(2115, 491, 59),
(2116, 491, 60),
(2117, 491, 61),
(2118, 491, 62),
(2119, 491, 63),
(2122, 492, 63),
(2120, 492, 74),
(2121, 492, 75),
(2125, 493, 63),
(2123, 493, 74),
(2124, 493, 75),
(2128, 494, 63),
(2126, 494, 74),
(2127, 494, 75),
(2131, 495, 63),
(2129, 495, 74),
(2130, 495, 75),
(2183, 496, 63),
(2181, 496, 74),
(2182, 496, 75),
(2137, 497, 63),
(2135, 497, 74),
(2136, 497, 75),
(2140, 498, 63),
(2138, 498, 74),
(2139, 498, 75),
(2141, 499, 59),
(2142, 499, 60),
(2143, 499, 61),
(2144, 499, 62),
(2145, 499, 63),
(2146, 500, 74),
(2147, 500, 75),
(2150, 501, 63),
(2148, 501, 74),
(2149, 501, 75),
(2153, 502, 63),
(2151, 502, 74),
(2152, 502, 75),
(2165, 503, 63),
(2163, 503, 74),
(2164, 503, 75),
(2159, 504, 63),
(2157, 504, 74),
(2158, 504, 75),
(2168, 505, 63),
(2166, 505, 74),
(2167, 505, 75),
(2171, 506, 63),
(2169, 506, 74),
(2170, 506, 75),
(2172, 507, 58),
(2173, 507, 59),
(2174, 507, 60),
(2175, 507, 61),
(2176, 507, 62),
(2177, 507, 63),
(2180, 508, 63),
(2178, 508, 74),
(2179, 508, 75),
(2184, 509, 74),
(2185, 509, 75),
(2186, 509, 76),
(2187, 509, 77),
(2188, 509, 78),
(2189, 510, 74),
(2190, 510, 75),
(2191, 510, 76),
(2192, 510, 77),
(2193, 510, 78),
(2194, 511, 74),
(2195, 511, 75),
(2196, 511, 76),
(2197, 512, 63),
(2198, 513, 76),
(2199, 514, 62),
(2205, 514, 63),
(2200, 514, 74),
(2201, 514, 75),
(2202, 514, 76),
(2203, 514, 77),
(2204, 514, 78),
(2206, 515, 62),
(2212, 515, 63),
(2207, 515, 74),
(2208, 515, 75),
(2209, 515, 76),
(2210, 515, 77),
(2211, 515, 78),
(2218, 516, 59),
(2219, 516, 60),
(2220, 516, 61),
(2221, 516, 62),
(2222, 516, 63),
(2213, 516, 74),
(2214, 516, 75),
(2215, 516, 76),
(2216, 516, 77),
(2217, 516, 78),
(2223, 517, 62),
(2224, 517, 63),
(2225, 518, 73),
(2226, 519, 73),
(2227, 520, 74),
(2228, 520, 75),
(2229, 520, 76),
(2230, 520, 77),
(2231, 520, 78),
(2232, 521, 62),
(2233, 521, 63),
(2234, 522, 74),
(2235, 522, 75),
(2236, 522, 76),
(2237, 522, 77),
(2238, 522, 78),
(2245, 523, 73),
(2246, 523, 74),
(2247, 523, 75),
(2248, 523, 76),
(2249, 523, 77),
(2250, 523, 78),
(2251, 524, 77),
(2257, 525, 63),
(2252, 525, 74),
(2253, 525, 75),
(2254, 525, 76),
(2255, 525, 77),
(2256, 525, 78),
(2258, 526, 62),
(2259, 526, 63),
(2260, 527, 74),
(2261, 527, 75),
(2262, 527, 76),
(2263, 527, 77),
(2264, 527, 78),
(2265, 528, 73),
(2266, 529, 62),
(2267, 529, 63),
(2268, 530, 62),
(2269, 530, 63),
(2270, 531, 62),
(2271, 531, 63),
(2272, 532, 62),
(2273, 532, 63),
(2274, 533, 62),
(2275, 534, 62),
(2276, 534, 63),
(2279, 535, 62),
(2280, 535, 63),
(2277, 535, 74),
(2278, 535, 75),
(2281, 536, 62),
(2282, 536, 63),
(2288, 537, 59),
(2289, 537, 60),
(2290, 537, 61),
(2291, 537, 62),
(2292, 537, 63),
(2283, 537, 74),
(2284, 537, 75),
(2285, 537, 76),
(2286, 537, 77),
(2287, 537, 78),
(2295, 538, 61),
(2293, 538, 67),
(2294, 538, 68),
(2296, 539, 74),
(2297, 539, 75),
(2298, 539, 76),
(2299, 539, 77),
(2300, 539, 78),
(2312, 540, 63),
(2310, 540, 74),
(2311, 540, 75),
(2309, 541, 63),
(2307, 541, 74),
(2308, 541, 75),
(2315, 542, 63),
(2313, 542, 74),
(2314, 542, 75),
(2318, 543, 63),
(2316, 543, 74),
(2317, 543, 75),
(2323, 544, 63),
(2319, 544, 74),
(2320, 544, 75),
(2321, 544, 76),
(2322, 544, 77),
(2326, 545, 63),
(2324, 545, 74),
(2325, 545, 75),
(2327, 546, 74),
(2328, 546, 75),
(2329, 547, 63),
(2330, 548, 63),
(2331, 549, 73),
(2332, 550, 74),
(2333, 550, 75),
(2334, 550, 76),
(2335, 550, 77),
(2336, 550, 78),
(2337, 551, 73),
(2338, 552, 77),
(2339, 553, 58),
(2340, 553, 59),
(2341, 553, 60),
(2342, 553, 61),
(2343, 553, 62),
(2344, 553, 63),
(2373, 554, 58),
(2374, 554, 59),
(2375, 554, 60),
(2376, 554, 61),
(2377, 554, 62),
(2378, 554, 63),
(2363, 554, 64),
(2364, 554, 65),
(2365, 554, 66),
(2366, 554, 67),
(2367, 554, 68),
(2368, 554, 69),
(2369, 554, 70),
(2370, 554, 71),
(2371, 554, 72),
(2372, 554, 73),
(2361, 555, 59),
(2362, 555, 60),
(2379, 556, 74),
(2380, 556, 75),
(2381, 556, 76),
(2382, 556, 77),
(2383, 556, 78),
(2385, 557, 63),
(2390, 558, 62),
(2386, 558, 74),
(2387, 558, 75),
(2388, 558, 76),
(2389, 558, 77),
(2391, 559, 74),
(2392, 559, 75),
(2393, 559, 76),
(2394, 559, 77),
(2395, 560, 74),
(2396, 560, 75),
(2397, 560, 76),
(2398, 560, 77),
(2399, 560, 78),
(2400, 561, 74),
(2401, 561, 75),
(2402, 561, 76),
(2403, 561, 77),
(2404, 561, 78),
(2405, 562, 74),
(2406, 562, 75),
(2407, 562, 76),
(2408, 562, 77),
(2409, 562, 78),
(2410, 563, 74),
(2411, 563, 75),
(2412, 564, 74),
(2413, 564, 75),
(2414, 564, 76),
(2415, 565, 74),
(2416, 565, 75),
(2417, 565, 76),
(2418, 565, 77),
(2419, 565, 78),
(2430, 566, 58),
(2431, 566, 59),
(2432, 566, 60),
(2433, 566, 61),
(2434, 566, 62),
(2435, 566, 63),
(2420, 566, 64),
(2421, 566, 65),
(2422, 566, 66),
(2423, 566, 67),
(2424, 566, 68),
(2425, 566, 69),
(2426, 566, 70),
(2427, 566, 71),
(2428, 566, 72),
(2429, 566, 73),
(2438, 567, 63),
(2436, 567, 74),
(2437, 567, 75),
(2439, 568, 59),
(2440, 568, 60),
(2441, 568, 61),
(2442, 568, 62),
(2443, 568, 63),
(2444, 569, 74),
(2445, 569, 75),
(2446, 569, 76),
(2447, 569, 77),
(2448, 570, 78),
(2449, 571, 74),
(2450, 571, 75),
(2451, 572, 74),
(2452, 572, 75),
(2453, 572, 76),
(2454, 573, 74),
(2455, 573, 75),
(2456, 573, 76),
(2457, 573, 77),
(2458, 573, 78),
(2459, 574, 74),
(2460, 574, 75),
(2461, 575, 78),
(2463, 576, 70),
(2464, 576, 71),
(2462, 576, 72),
(2468, 577, 74),
(2469, 577, 75),
(2470, 577, 76),
(2474, 578, 58),
(2473, 578, 64),
(2476, 579, 59),
(2475, 579, 65),
(2730, 580, 59),
(2731, 580, 60),
(2729, 580, 65),
(2490, 581, 59),
(2491, 581, 60),
(2492, 581, 61),
(2493, 581, 62),
(2494, 581, 63),
(2480, 581, 64),
(2481, 581, 65),
(2482, 581, 66),
(2483, 581, 67),
(2484, 581, 68),
(2485, 581, 69),
(2486, 581, 70),
(2487, 581, 71),
(2488, 581, 72),
(2489, 581, 73),
(2495, 582, 74),
(2496, 582, 75),
(2497, 582, 76),
(2498, 582, 77),
(2499, 583, 78),
(2500, 584, 74),
(2501, 584, 75),
(2502, 584, 76),
(2503, 584, 77),
(2504, 584, 78),
(2505, 585, 63),
(2506, 586, 69),
(2507, 586, 70),
(2508, 586, 71),
(2511, 587, 69),
(2512, 587, 70),
(2513, 587, 71),
(2509, 587, 72),
(2510, 587, 73),
(2516, 588, 69),
(2517, 588, 70),
(2518, 588, 71),
(2514, 588, 72),
(2515, 588, 73),
(2521, 589, 69),
(2522, 589, 70),
(2523, 589, 71),
(2519, 589, 72),
(2520, 589, 73),
(2526, 590, 69),
(2527, 590, 70),
(2528, 590, 71),
(2524, 590, 72),
(2525, 590, 73),
(2536, 591, 63),
(2529, 591, 69),
(2530, 591, 70),
(2531, 591, 71),
(2532, 591, 72),
(2533, 591, 73),
(2534, 591, 74),
(2535, 591, 75),
(2537, 592, 76),
(2538, 592, 77),
(2539, 593, 76),
(2540, 593, 77),
(2548, 594, 63),
(2541, 594, 69),
(2542, 594, 70),
(2543, 594, 71),
(2544, 594, 72),
(2545, 594, 73),
(2546, 594, 74),
(2547, 594, 75),
(2556, 595, 63),
(2549, 595, 69),
(2550, 595, 70),
(2551, 595, 71),
(2552, 595, 72),
(2553, 595, 73),
(2554, 595, 74),
(2555, 595, 75),
(2557, 596, 76),
(2558, 596, 77),
(2564, 597, 63),
(2559, 597, 69),
(2560, 597, 70),
(2561, 597, 71),
(2562, 597, 72),
(2563, 597, 73),
(2565, 598, 74),
(2566, 598, 75),
(2567, 598, 76),
(2568, 599, 77),
(2569, 599, 78),
(2572, 600, 62),
(2570, 600, 67),
(2571, 600, 68),
(2723, 601, 62),
(2721, 601, 67),
(2722, 601, 68),
(2662, 602, 63),
(2657, 602, 69),
(2658, 602, 70),
(2659, 602, 71),
(2660, 602, 72),
(2661, 602, 73),
(2587, 603, 63),
(2582, 603, 69),
(2583, 603, 70),
(2584, 603, 71),
(2585, 603, 72),
(2586, 603, 73),
(2593, 604, 63),
(2588, 604, 69),
(2589, 604, 70),
(2590, 604, 71),
(2591, 604, 72),
(2592, 604, 73),
(2599, 605, 63),
(2594, 605, 69),
(2595, 605, 70),
(2596, 605, 71),
(2597, 605, 72),
(2598, 605, 73),
(2605, 606, 63),
(2600, 606, 69),
(2601, 606, 70),
(2602, 606, 71),
(2603, 606, 72),
(2604, 606, 73),
(2611, 607, 63),
(2606, 607, 69),
(2607, 607, 70),
(2608, 607, 71),
(2609, 607, 72),
(2610, 607, 73),
(2612, 608, 76),
(2613, 608, 77),
(2614, 609, 78),
(2620, 610, 63),
(2615, 610, 69),
(2616, 610, 70),
(2617, 610, 71),
(2618, 610, 72),
(2619, 610, 73),
(2626, 611, 63),
(2621, 611, 69),
(2622, 611, 70),
(2623, 611, 71),
(2624, 611, 72),
(2625, 611, 73),
(2632, 612, 63),
(2627, 612, 69),
(2628, 612, 70),
(2629, 612, 71),
(2630, 612, 72),
(2631, 612, 73),
(2643, 613, 58),
(2644, 613, 59),
(2645, 613, 60),
(2646, 613, 61),
(2647, 613, 62),
(2648, 613, 63),
(2633, 613, 64),
(2634, 613, 65),
(2635, 613, 66),
(2636, 613, 67),
(2637, 613, 68),
(2638, 613, 69),
(2639, 613, 70),
(2640, 613, 71),
(2641, 613, 72),
(2642, 613, 73),
(2672, 614, 63),
(2663, 614, 67),
(2664, 614, 68),
(2665, 614, 69),
(2666, 614, 70),
(2667, 614, 71),
(2668, 614, 72),
(2669, 614, 73),
(2670, 614, 74),
(2671, 614, 75),
(2680, 615, 63),
(2673, 615, 69),
(2674, 615, 70),
(2675, 615, 71),
(2676, 615, 72),
(2677, 615, 73),
(2678, 615, 74),
(2679, 615, 75),
(2688, 616, 62),
(2689, 616, 63),
(2681, 616, 67),
(2682, 616, 68),
(2683, 616, 69),
(2684, 616, 70),
(2685, 616, 71),
(2686, 616, 72),
(2687, 616, 73),
(2705, 617, 58),
(2706, 617, 59),
(2707, 617, 60),
(2708, 617, 61),
(2709, 617, 62),
(2710, 617, 63),
(2690, 617, 64),
(2691, 617, 65),
(2692, 617, 66),
(2693, 617, 67),
(2694, 617, 68),
(2695, 617, 69),
(2696, 617, 70),
(2697, 617, 71),
(2698, 617, 72),
(2699, 617, 73),
(2700, 617, 74),
(2701, 617, 75),
(2702, 617, 76),
(2703, 617, 77),
(2704, 617, 78),
(2711, 618, 76),
(2712, 618, 77),
(2713, 618, 78),
(2714, 619, 76),
(2715, 619, 77),
(2716, 619, 78),
(2717, 620, 76),
(2718, 620, 77),
(2719, 620, 78),
(2720, 621, 78),
(2724, 622, 70),
(2725, 623, 72),
(2726, 624, 73),
(2727, 625, 72),
(2728, 625, 73),
(3132, 626, 33),
(3188, 627, 33),
(3189, 627, 34),
(3190, 627, 35),
(3191, 627, 36),
(3192, 627, 37),
(2752, 628, 59),
(2751, 628, 66),
(3095, 629, 34),
(3096, 629, 35),
(3097, 629, 36),
(2740, 630, 35),
(3817, 631, 34),
(3818, 631, 35),
(3819, 631, 36),
(3820, 631, 37),
(3821, 631, 38),
(2746, 632, 35),
(2753, 633, 59),
(2754, 633, 67),
(2755, 634, 60),
(2756, 634, 68),
(2757, 635, 33),
(3133, 636, 35),
(2760, 637, 34),
(2761, 638, 18),
(2762, 638, 19),
(2763, 639, 18),
(2764, 639, 19),
(2765, 640, 61),
(2766, 640, 69),
(2767, 641, 61),
(2768, 641, 71),
(2769, 642, 61),
(2770, 642, 69),
(2771, 642, 71),
(2772, 643, 62),
(2773, 643, 70),
(2775, 644, 63),
(2774, 644, 72),
(2793, 645, 62),
(2794, 645, 63),
(2792, 645, 70),
(2791, 645, 72),
(2784, 647, 18),
(2795, 652, 73),
(2796, 652, 74),
(2797, 652, 75),
(2799, 653, 63),
(2798, 653, 73),
(2800, 654, 73),
(2801, 654, 74),
(2802, 654, 75),
(2803, 654, 76),
(2804, 655, 76),
(2807, 656, 69),
(2808, 656, 70),
(2809, 656, 71),
(2805, 656, 72),
(2806, 656, 73),
(2820, 657, 58),
(2821, 657, 59),
(2822, 657, 60),
(2823, 657, 61),
(2824, 657, 62),
(2825, 657, 63),
(2810, 657, 64),
(2811, 657, 65),
(2812, 657, 66),
(2813, 657, 67),
(2814, 657, 68),
(2815, 657, 69),
(2816, 657, 70),
(2817, 657, 71),
(2818, 657, 72),
(2819, 657, 73),
(2849, 659, 4),
(2828, 661, 33),
(2829, 662, 5),
(2830, 663, 33),
(2831, 664, 33),
(2832, 665, 33),
(2833, 666, 33),
(2834, 667, 33),
(2835, 668, 33),
(2836, 669, 33),
(2837, 670, 33),
(2838, 671, 33),
(2839, 672, 33),
(2840, 673, 33),
(2841, 674, 33),
(2842, 675, 33),
(2843, 676, 33),
(2844, 677, 33),
(2846, 678, 6),
(3216, 679, 7),
(2850, 680, 33),
(2851, 681, 33),
(2852, 682, 33),
(2853, 683, 33),
(2854, 684, 33),
(2855, 685, 33),
(2856, 686, 33),
(2857, 687, 33),
(2858, 688, 33),
(2859, 689, 33),
(2860, 690, 33),
(2861, 691, 33),
(2862, 692, 34),
(2863, 693, 34),
(2864, 694, 34),
(2865, 695, 34),
(2866, 696, 34),
(2867, 697, 34),
(2868, 698, 35),
(2869, 699, 35),
(2870, 700, 35),
(2871, 701, 35),
(2872, 702, 35),
(2873, 703, 35),
(2874, 704, 35),
(2875, 705, 35),
(2876, 706, 35),
(2877, 707, 35),
(2878, 708, 35),
(2879, 709, 35),
(2880, 710, 35),
(2881, 711, 35),
(2882, 712, 35),
(2883, 713, 35),
(2884, 714, 36),
(2885, 715, 36),
(2886, 716, 36),
(2887, 717, 36),
(2888, 718, 36),
(2889, 719, 36),
(2890, 720, 36),
(2891, 721, 36),
(2892, 722, 36),
(2893, 723, 36),
(2894, 724, 36),
(2895, 725, 36),
(2896, 726, 36),
(2897, 727, 36),
(2898, 728, 36),
(2899, 729, 36),
(2900, 730, 36),
(2901, 731, 36),
(2902, 732, 36),
(2903, 733, 36),
(2904, 734, 36),
(2905, 735, 36),
(2906, 736, 36),
(2907, 737, 36),
(2908, 738, 36),
(2909, 739, 36),
(2910, 740, 36),
(2911, 741, 36),
(2912, 742, 36),
(2913, 743, 36),
(2914, 744, 37),
(2915, 745, 37),
(2916, 746, 37),
(2917, 747, 37),
(2918, 748, 37),
(2919, 749, 37),
(2920, 750, 37),
(2921, 751, 37),
(3223, 752, 4),
(3224, 752, 5),
(3225, 752, 6),
(3226, 752, 7),
(2930, 753, 6),
(2931, 753, 7),
(2932, 753, 8),
(2933, 753, 9),
(2934, 753, 10),
(2935, 753, 11),
(3210, 756, 2),
(3211, 757, 2),
(2970, 758, 8),
(2963, 759, 7),
(3070, 760, 6),
(2961, 761, 5),
(2960, 762, 4),
(2966, 763, 4),
(2967, 763, 5),
(2968, 763, 6),
(2969, 763, 7),
(2965, 763, 8),
(3206, 764, 2),
(3207, 765, 2),
(3208, 767, 2),
(2971, 768, 39),
(2972, 769, 33),
(2973, 769, 34),
(2974, 770, 35),
(2979, 776, 2),
(3062, 777, 2),
(3061, 778, 2),
(3063, 779, 2),
(3064, 780, 2),
(3209, 781, 2),
(2991, 784, 1),
(2992, 784, 2),
(2993, 784, 3),
(2994, 785, 1),
(2995, 785, 2),
(2996, 785, 3),
(2997, 786, 1),
(2998, 786, 2),
(2999, 786, 3),
(3202, 787, 2),
(3203, 787, 3),
(3204, 788, 6),
(3205, 788, 7),
(3008, 789, 12),
(3009, 789, 13),
(3010, 789, 14),
(3011, 790, 34),
(3012, 790, 35),
(3013, 791, 33),
(3014, 791, 34),
(3015, 792, 33),
(3016, 792, 34),
(3017, 793, 33),
(3018, 793, 34),
(3019, 793, 35),
(3020, 794, 33),
(3021, 794, 34),
(3022, 794, 35),
(3023, 795, 33),
(3024, 795, 34),
(3025, 796, 33),
(3026, 796, 34),
(3027, 796, 35),
(3028, 796, 37),
(3030, 798, 33),
(3031, 798, 34),
(3032, 798, 35),
(3033, 799, 34),
(3034, 800, 34),
(3035, 800, 35),
(3036, 800, 36),
(3037, 801, 34),
(3038, 801, 35),
(3039, 801, 37),
(3040, 802, 35),
(3046, 803, 33),
(3047, 803, 34),
(3048, 803, 35),
(3049, 803, 36),
(3050, 803, 37),
(3051, 804, 35),
(3052, 804, 36),
(3053, 805, 33),
(3054, 805, 34),
(3055, 806, 33),
(3056, 806, 34),
(3057, 806, 35),
(3058, 806, 36),
(3198, 807, 1),
(3199, 807, 2),
(3200, 808, 5),
(3201, 808, 6),
(3076, 809, 33),
(3077, 809, 34),
(3078, 809, 35),
(3079, 809, 36),
(3080, 810, 35),
(3081, 811, 35),
(3082, 812, 34),
(3083, 812, 35),
(3084, 813, 35),
(3085, 814, 33),
(3086, 815, 35),
(3087, 815, 36),
(3088, 816, 34),
(3089, 816, 35),
(3090, 816, 36),
(3091, 817, 33),
(3092, 817, 34),
(3093, 817, 35),
(3094, 817, 36),
(3098, 818, 33),
(3099, 818, 34),
(3100, 818, 35),
(3101, 818, 37),
(3102, 819, 33),
(3103, 819, 34),
(3104, 819, 35),
(3105, 819, 36),
(3106, 820, 35),
(3107, 820, 36),
(3108, 821, 33),
(3109, 821, 34),
(3110, 821, 35),
(3111, 821, 36),
(3112, 822, 35),
(3113, 823, 33),
(3114, 823, 34),
(3115, 823, 35),
(3116, 824, 35),
(3117, 824, 36),
(3118, 825, 33),
(3119, 825, 34),
(3120, 825, 35),
(3260, 826, 2),
(3122, 827, 1),
(3123, 827, 2),
(3124, 827, 3),
(3125, 827, 4),
(3126, 827, 5),
(3127, 827, 6),
(3669, 828, 12),
(3134, 830, 35),
(3135, 831, 33),
(3136, 831, 34),
(3137, 831, 35),
(3138, 831, 36),
(3139, 832, 35),
(3140, 833, 35),
(3141, 834, 35),
(3142, 834, 36),
(3143, 835, 35),
(3144, 835, 36),
(3145, 836, 33),
(3146, 836, 34),
(3147, 836, 35),
(3148, 836, 36),
(3149, 837, 34),
(3150, 837, 35),
(3151, 837, 36),
(3152, 838, 34),
(3153, 839, 33),
(3154, 839, 34),
(3155, 840, 33),
(3156, 840, 34),
(3157, 841, 35),
(3158, 841, 36),
(3251, 842, 2),
(3252, 842, 3),
(3253, 842, 4),
(3254, 842, 5),
(3255, 842, 6),
(3256, 842, 7),
(3177, 843, 33),
(3178, 843, 34),
(3179, 843, 35),
(3180, 843, 36),
(3181, 844, 33),
(3182, 844, 35),
(3183, 844, 36),
(3184, 844, 37),
(3185, 845, 33),
(3186, 845, 35),
(3187, 845, 36),
(3193, 846, 33),
(3194, 846, 34),
(3195, 847, 35),
(3196, 847, 36),
(3197, 847, 37),
(3257, 848, 4),
(3258, 848, 5),
(3259, 848, 6),
(3261, 850, 6),
(3629, 852, 8),
(3631, 853, 8),
(3632, 854, 11),
(3690, 855, 8),
(3691, 856, 8),
(3714, 857, 8),
(3715, 857, 11),
(3713, 858, 11),
(3768, 859, 11),
(3751, 860, 11),
(3749, 861, 10),
(3750, 861, 11),
(3716, 864, 10),
(3648, 865, 8),
(3649, 866, 11),
(3717, 867, 9),
(3718, 867, 11),
(3747, 868, 8),
(3748, 868, 11),
(3745, 869, 8),
(3746, 870, 11),
(4148, 871, 7),
(4146, 871, 8),
(4147, 871, 9),
(4149, 872, 4),
(4150, 872, 6),
(3695, 874, 10),
(3696, 874, 11),
(3697, 875, 9),
(3721, 876, 8),
(3744, 877, 8),
(3692, 878, 10),
(3693, 879, 10),
(3694, 879, 11),
(3872, 880, 8),
(3722, 881, 11),
(4165, 882, 6),
(4166, 882, 7),
(3677, 883, 11),
(3699, 884, 8),
(3700, 885, 11),
(3684, 886, 10),
(3685, 886, 11),
(3698, 888, 8),
(3688, 889, 11),
(3686, 890, 8),
(3724, 891, 11),
(3328, 892, 9),
(3743, 893, 8),
(3330, 894, 8),
(3742, 895, 11),
(3725, 896, 10),
(3726, 897, 10),
(3727, 897, 11),
(3728, 898, 10),
(3729, 898, 11),
(3731, 899, 10),
(3732, 899, 11),
(3730, 900, 11),
(3733, 901, 8),
(3734, 901, 9),
(3735, 902, 11),
(3736, 903, 8),
(3737, 903, 9),
(3738, 903, 10),
(3739, 903, 11),
(3740, 904, 11),
(3741, 905, 11),
(3391, 906, 8),
(3397, 907, 8),
(3754, 908, 8),
(3755, 908, 11),
(3760, 909, 11),
(3761, 910, 11),
(3762, 911, 8),
(3763, 911, 9),
(3764, 911, 10),
(3765, 911, 11),
(3798, 914, 9),
(3800, 915, 10),
(3774, 916, 8),
(3775, 916, 9),
(3789, 917, 8),
(3790, 917, 9),
(3791, 917, 11),
(3792, 918, 8),
(3793, 918, 9),
(3794, 918, 11),
(3786, 919, 8),
(3787, 919, 9),
(3788, 919, 11),
(3801, 920, 8),
(3802, 921, 8),
(3803, 922, 8),
(3814, 923, 8),
(3804, 924, 8),
(3806, 925, 8),
(3811, 926, 8),
(3812, 926, 10),
(3808, 927, 8),
(3813, 928, 8),
(3421, 929, 8),
(3422, 929, 9),
(3423, 929, 10),
(3424, 930, 8),
(3425, 930, 9),
(3426, 930, 10),
(3429, 931, 20),
(3430, 931, 21),
(3431, 932, 20),
(3432, 932, 21),
(3433, 933, 20),
(3434, 933, 21),
(3435, 934, 20),
(3436, 934, 21),
(3437, 935, 18),
(3438, 935, 19),
(3439, 936, 19),
(3440, 936, 20),
(3441, 936, 21),
(3442, 937, 19),
(3443, 937, 20),
(3444, 937, 21),
(3445, 938, 20),
(3446, 938, 21),
(3450, 939, 46),
(3481, 940, 46),
(3479, 941, 37),
(3480, 941, 38),
(3475, 942, 20),
(3476, 942, 21),
(3477, 943, 20),
(3478, 943, 21),
(3459, 945, 20),
(3460, 945, 21),
(3461, 946, 20),
(3462, 946, 21),
(3465, 948, 20),
(3466, 948, 21),
(3474, 949, 45),
(3468, 950, 10),
(3469, 950, 11),
(3470, 951, 10),
(3471, 951, 11),
(3472, 952, 10),
(3473, 952, 11),
(3487, 953, 33),
(3488, 953, 34),
(3489, 954, 35),
(3490, 954, 36),
(3491, 955, 34),
(3492, 955, 35),
(3493, 956, 33),
(3494, 956, 34),
(3495, 957, 33),
(3496, 957, 34),
(3497, 957, 35),
(3498, 958, 33),
(3499, 958, 34),
(3500, 958, 35),
(3501, 958, 36),
(3502, 958, 37),
(3503, 958, 38),
(3504, 959, 33),
(3505, 959, 34),
(3506, 960, 33),
(3507, 960, 34),
(3508, 961, 33),
(3509, 962, 33),
(3510, 962, 34),
(3511, 963, 33),
(3512, 963, 34),
(3513, 963, 35),
(3514, 964, 33),
(3515, 964, 34),
(3516, 965, 33),
(3517, 965, 37),
(3518, 966, 33),
(3519, 966, 34),
(3520, 966, 35),
(3521, 967, 36),
(3522, 968, 35),
(3523, 968, 36),
(3524, 969, 36),
(3525, 970, 36),
(3526, 971, 35),
(3527, 971, 36),
(3528, 972, 33),
(3529, 972, 34),
(3530, 972, 37),
(3531, 973, 34),
(3532, 974, 33),
(3533, 974, 35),
(3537, 975, 35),
(3538, 976, 35),
(3539, 976, 36),
(3540, 977, 35),
(3541, 977, 36),
(3542, 978, 35),
(3543, 978, 36),
(3544, 978, 37),
(3545, 979, 33),
(3546, 979, 34),
(3547, 980, 33),
(3548, 980, 34),
(3549, 980, 35),
(3550, 981, 33),
(3551, 981, 35),
(3552, 981, 36),
(3553, 981, 37),
(3554, 982, 34),
(3555, 983, 33),
(3556, 983, 34),
(3557, 984, 34),
(3558, 984, 35),
(3559, 985, 33),
(3560, 985, 34),
(3561, 985, 35),
(3562, 985, 36),
(3563, 985, 37),
(3564, 986, 34),
(3565, 986, 35),
(3566, 986, 36),
(3567, 986, 37),
(3568, 987, 35),
(3569, 988, 33),
(3570, 989, 33),
(3571, 989, 34),
(3572, 990, 33),
(3573, 990, 34),
(3574, 990, 36),
(3575, 991, 33),
(3576, 991, 34),
(3577, 992, 36),
(3578, 993, 34),
(3579, 993, 35),
(3580, 993, 36),
(3581, 994, 33),
(3582, 994, 35),
(3583, 995, 35),
(3584, 995, 36),
(3585, 995, 37),
(3586, 996, 34),
(3587, 996, 35),
(3588, 997, 35),
(3589, 997, 36),
(3590, 998, 33),
(3591, 998, 36),
(3592, 999, 33),
(3593, 999, 34),
(3594, 999, 35),
(3595, 1000, 35),
(3596, 1001, 33),
(3597, 1001, 34),
(3598, 1001, 35),
(3599, 1001, 36),
(3600, 1001, 37),
(3601, 1002, 33),
(3602, 1002, 34),
(3603, 1002, 35),
(3604, 1003, 33),
(3605, 1004, 33),
(3606, 1004, 34),
(3607, 1004, 35),
(3608, 1004, 36),
(3609, 1005, 33),
(3610, 1005, 34),
(3611, 1005, 35),
(3612, 1005, 36),
(3613, 1006, 33),
(3614, 1006, 34),
(3615, 1006, 35),
(3616, 1007, 33),
(3617, 1007, 35),
(3618, 1008, 36),
(3619, 1009, 33),
(3620, 1009, 34),
(3621, 1009, 35),
(3622, 1010, 35),
(3623, 1010, 36),
(3624, 1010, 37),
(3815, 1011, 33),
(3816, 1011, 35),
(3822, 1012, 33),
(3823, 1012, 36),
(3824, 1013, 33),
(3825, 1013, 34),
(3826, 1014, 35),
(3827, 1014, 36),
(3828, 1015, 36),
(3829, 1016, 35),
(3830, 1016, 36),
(3831, 1017, 33),
(3832, 1017, 34),
(3833, 1018, 33),
(3834, 1018, 34),
(3835, 1018, 35),
(3836, 1018, 36),
(3837, 1018, 37),
(3838, 1019, 33),
(3839, 1020, 33),
(3840, 1020, 34),
(3841, 1020, 35),
(3842, 1020, 36),
(3843, 1020, 37),
(3844, 1021, 33),
(3845, 1021, 35),
(3846, 1021, 36),
(3847, 1022, 33),
(3848, 1022, 34),
(3849, 1022, 35),
(3850, 1022, 36),
(3851, 1023, 33),
(3852, 1023, 34),
(3853, 1023, 35),
(3854, 1024, 35),
(3855, 1025, 33),
(3856, 1025, 34),
(3857, 1025, 35),
(3858, 1025, 36),
(3859, 1026, 33),
(3860, 1026, 34),
(3861, 1026, 35),
(3862, 1026, 36),
(3863, 1027, 35),
(3864, 1028, 33),
(3865, 1028, 34),
(3866, 1029, 34),
(3867, 1029, 35),
(3868, 1029, 36),
(3869, 1030, 36),
(3870, 1031, 36),
(3871, 1032, 35),
(3881, 1033, 45),
(3882, 1033, 47),
(3887, 1034, 46),
(3888, 1034, 47),
(3889, 1035, 47),
(3903, 1036, 46),
(3904, 1037, 46),
(3905, 1037, 47),
(3908, 1038, 46),
(3909, 1038, 47),
(3910, 1039, 36),
(3911, 1039, 37),
(3912, 1040, 35),
(3913, 1040, 36),
(3914, 1041, 33),
(3915, 1041, 34),
(3916, 1041, 35),
(3917, 1041, 36),
(3918, 1042, 35),
(3919, 1042, 36),
(3920, 1043, 35),
(3921, 1043, 36),
(3922, 1044, 34),
(3923, 1044, 35),
(3924, 1044, 36),
(3925, 1045, 35),
(3926, 1045, 36),
(3927, 1046, 36),
(3928, 1047, 34),
(3929, 1047, 36),
(3930, 1048, 33),
(3931, 1048, 34),
(3932, 1048, 36),
(3933, 1049, 35),
(3934, 1050, 33),
(3935, 1051, 33),
(3936, 1051, 34),
(3937, 1052, 35),
(3938, 1052, 36),
(3939, 1053, 37),
(3940, 1054, 36),
(3941, 1055, 35),
(3942, 1055, 36),
(3943, 1056, 33),
(3944, 1056, 37),
(3945, 1057, 35),
(3946, 1058, 33),
(3947, 1058, 35),
(3948, 1058, 36),
(3949, 1059, 35),
(3950, 1059, 36),
(3951, 1060, 35),
(3952, 1061, 36),
(3953, 1062, 33),
(3954, 1062, 34),
(3955, 1063, 35),
(3956, 1063, 36),
(3957, 1064, 33),
(3958, 1064, 34),
(3959, 1064, 35),
(3960, 1064, 36),
(3961, 1065, 33),
(3962, 1065, 34),
(3963, 1065, 36),
(3964, 1066, 33),
(3965, 1066, 34),
(3966, 1066, 35),
(3967, 1066, 36),
(3968, 1067, 35),
(3969, 1067, 36),
(3970, 1068, 35),
(3971, 1068, 36),
(3972, 1069, 35),
(3973, 1070, 34),
(3974, 1070, 36),
(3975, 1071, 33),
(3976, 1072, 33),
(3977, 1073, 35),
(3978, 1073, 36),
(3979, 1074, 33),
(3980, 1074, 36),
(3981, 1075, 35),
(3982, 1075, 36),
(3983, 1076, 33),
(3984, 1077, 35),
(3985, 1077, 36),
(3986, 1078, 33),
(3987, 1078, 34),
(3988, 1078, 35),
(3989, 1078, 36),
(3990, 1078, 37),
(3991, 1079, 33),
(3992, 1079, 34),
(3993, 1079, 35),
(3994, 1079, 36),
(3995, 1080, 33),
(3996, 1080, 36),
(3997, 1081, 34),
(3998, 1081, 35),
(3999, 1081, 36),
(4000, 1082, 33),
(4001, 1082, 34),
(4002, 1082, 35),
(4003, 1083, 33),
(4004, 1083, 35),
(4005, 1083, 36),
(4006, 1084, 33),
(4007, 1084, 34),
(4008, 1084, 35),
(4009, 1085, 35),
(4010, 1086, 33),
(4011, 1086, 34),
(4012, 1086, 35),
(4013, 1087, 34),
(4014, 1088, 33),
(4015, 1088, 34),
(4016, 1088, 35),
(4017, 1088, 36),
(4018, 1089, 35),
(4019, 1089, 36),
(4020, 1090, 33),
(4021, 1090, 34),
(4022, 1090, 35),
(4023, 1090, 36),
(4024, 1090, 37),
(4028, 1092, 35),
(4029, 1092, 36),
(4030, 1092, 37),
(4031, 1093, 35),
(4032, 1093, 36),
(4033, 1094, 33),
(4034, 1094, 34),
(4035, 1094, 35),
(4036, 1094, 36),
(4037, 1095, 33),
(4038, 1095, 34),
(4039, 1095, 35),
(4040, 1096, 33),
(4041, 1096, 34),
(4046, 1098, 33),
(4047, 1098, 34),
(4048, 1098, 35),
(4049, 1099, 36),
(4050, 1100, 33),
(4051, 1100, 34),
(4052, 1100, 36),
(4053, 1101, 34),
(4054, 1101, 37),
(4055, 1102, 35),
(4056, 1102, 36),
(4057, 1103, 33),
(4058, 1103, 34),
(4059, 1104, 35),
(4060, 1105, 35),
(4061, 1105, 36),
(4062, 1105, 37),
(4063, 1106, 35),
(4064, 1106, 36),
(4065, 1106, 37),
(4066, 1107, 33),
(4067, 1107, 34),
(4068, 1108, 33),
(4069, 1108, 35),
(4070, 1108, 36),
(4071, 1109, 33),
(4072, 1109, 34),
(4073, 1109, 35),
(4074, 1109, 36),
(4075, 1110, 33),
(4076, 1110, 34),
(4077, 1110, 35),
(4078, 1110, 36),
(4079, 1110, 37),
(4080, 1111, 36),
(4081, 1112, 33),
(4082, 1112, 34),
(4083, 1112, 35),
(4084, 1112, 36),
(4085, 1112, 37),
(4086, 1113, 34),
(4087, 1114, 34),
(4088, 1114, 35),
(4089, 1114, 36),
(4090, 1115, 35),
(4091, 1116, 34),
(4092, 1116, 35),
(4093, 1117, 35),
(4094, 1117, 36),
(4095, 1118, 35),
(4096, 1118, 36),
(4097, 1119, 33),
(4098, 1119, 34),
(4099, 1119, 35),
(4100, 1119, 36),
(4101, 1120, 34),
(4102, 1120, 35),
(4103, 1120, 36),
(4104, 1121, 35),
(4105, 1122, 33),
(4106, 1122, 34),
(4107, 1122, 35),
(4108, 1123, 36),
(4109, 1124, 33),
(4110, 1124, 34),
(4111, 1125, 33),
(4112, 1125, 34),
(4113, 1125, 35),
(4114, 1126, 33),
(4115, 1126, 34),
(4116, 1126, 35),
(4117, 1127, 35),
(4118, 1127, 36),
(4119, 1128, 33),
(4120, 1128, 34),
(4121, 1128, 35),
(4122, 1129, 10),
(4123, 1129, 11),
(4124, 1130, 4),
(4125, 1131, 6),
(4126, 1131, 7),
(4127, 1132, 6),
(4129, 1134, 4),
(4130, 1135, 4),
(4131, 1136, 6),
(4132, 1136, 7),
(4133, 1137, 4),
(4134, 1138, 4),
(4135, 1139, 6),
(4136, 1140, 4),
(4137, 1141, 6),
(4138, 1141, 7),
(4139, 1142, 6),
(4140, 1143, 7),
(4141, 1144, 6),
(4142, 1144, 7),
(4143, 1145, 4),
(4144, 1146, 6),
(4145, 1147, 7),
(4151, 1148, 6),
(4152, 1148, 7),
(4153, 1149, 2),
(4154, 1149, 4),
(4155, 1150, 6),
(4156, 1150, 7),
(4157, 1151, 6),
(4158, 1151, 7),
(4159, 1152, 6),
(4160, 1152, 7),
(4161, 1153, 6),
(4162, 1153, 7),
(4163, 1154, 6),
(4164, 1154, 7),
(4167, 1155, 6),
(4168, 1155, 7),
(4169, 1156, 6),
(4170, 1157, 6);

-- --------------------------------------------------------

--
-- Table structure for table `defcdb_area_period_reference`
--

CREATE TABLE `defcdb_area_period_reference` (
  `id` int(11) NOT NULL,
  `area_id` int(11) NOT NULL,
  `book_id` varchar(100) NOT NULL
) ENGINE=InnoDB DEFAULT CHARSET=utf8;

--
-- Dumping data for table `defcdb_area_period_reference`
--

INSERT INTO `defcdb_area_period_reference` (`id`, `area_id`, `book_id`) VALUES
(137, 2, '9MW57NDJ'),
(171, 4, 'VQ2MRNP9'),
(172, 5, 'VQ2MRNP9'),
(178, 6, 'VQ2MRNP9'),
(179, 7, 'VQ2MRNP9'),
(186, 8, 'VQ2MRNP9'),
(187, 9, 'VQ2MRNP9'),
(188, 10, 'VQ2MRNP9'),
(298, 11, 'VQ2MRNP9'),
(189, 12, 'VQ2MRNP9'),
(191, 13, 'VQ2MRNP9'),
(55, 14, 'VQ2MRNP9'),
(57, 15, 'VQ2MRNP9'),
(19, 16, 'IUCW58CS'),
(17, 17, '2DRDJVT5'),
(18, 17, 'CWJHEHMA'),
(16, 17, 'GZXNZVGN'),
(29, 18, 'I9KNAT7J'),
(28, 18, 'SBTC4GXW'),
(26, 20, 'AKGJ83JF'),
(25, 20, 'V8X6INFJ'),
(27, 21, '9AB4W7CN'),
(91, 23, 'F337JTX4'),
(90, 23, 'GFUFE7EC'),
(31, 25, 'AMV5AT97'),
(30, 25, 'WVR6A6WI'),
(138, 26, 'EGNPA3SD'),
(139, 26, 'GPIPBTDX'),
(41, 30, 'SBTC4GXW'),
(43, 31, 'SBTC4GXW'),
(46, 33, 'SBTC4GXW'),
(45, 33, 'VTAV8HKZ'),
(63, 34, '4CGBSC2G'),
(64, 34, 'RT2KH9M9'),
(65, 35, '4CGBSC2G'),
(66, 35, 'RT2KH9M9'),
(67, 36, '4CGBSC2G'),
(68, 36, 'RT2KH9M9'),
(70, 39, '5VJWSJ67'),
(69, 39, 'AIUTCFM4'),
(72, 41, '5VJWSJ67'),
(71, 41, 'AIUTCFM4'),
(74, 42, '5VJWSJ67'),
(73, 42, 'AIUTCFM4'),
(75, 43, 'VQ2MRNP9'),
(192, 44, 'VQ2MRNP9'),
(193, 45, 'VQ2MRNP9'),
(204, 46, '42BSEWMJ'),
(205, 46, '6EABXH4P'),
(203, 46, '7J7GJR9P'),
(208, 46, 'JBEAIKQK'),
(202, 46, 'JBKXRNXZ'),
(207, 46, 'KWAWI3PI'),
(206, 46, 'VQ2MRNP9'),
(209, 47, 'JBEAIKQK'),
(210, 47, 'VQ2MRNP9'),
(211, 48, 'VQ2MRNP9'),
(213, 49, 'VQ2MRNP9'),
(214, 50, 'VQ2MRNP9'),
(215, 51, 'VQ2MRNP9'),
(89, 52, '4ZF5RE8X'),
(198, 59, 'VQ2MRNP9'),
(199, 60, 'VQ2MRNP9'),
(216, 61, 'DR2ZWXQB'),
(217, 61, 'VQ2MRNP9'),
(238, 62, 'VQ2MRNP9'),
(240, 64, 'VQ2MRNP9'),
(241, 65, 'AU2BKCUB'),
(242, 65, 'VQ2MRNP9'),
(243, 66, 'VQ2MRNP9'),
(246, 69, 'VQ2MRNP9'),
(247, 70, 'VQ2MRNP9'),
(218, 72, 'DR2ZWXQB'),
(219, 72, 'VQ2MRNP9'),
(121, 75, '54IIC2RA'),
(120, 75, 'NR67U97D'),
(122, 75, 'S6U4UW26'),
(119, 75, 'ST5BSTT3'),
(783, 79, '54IIC2RA'),
(780, 79, 'NR67U97D'),
(781, 79, 'S6U4UW26'),
(782, 79, 'ST5BSTT3'),
(220, 82, 'DR2ZWXQB'),
(221, 82, 'VQ2MRNP9'),
(222, 83, 'DR2ZWXQB'),
(223, 83, 'VQ2MRNP9'),
(224, 90, '56BZVM8K'),
(225, 90, 'VQ2MRNP9'),
(226, 91, 'DR2ZWXQB'),
(227, 91, 'VQ2MRNP9'),
(249, 93, 'VQ2MRNP9'),
(255, 94, 'VQ2MRNP9'),
(259, 95, 'VQ2MRNP9'),
(260, 96, 'VQ2MRNP9'),
(261, 102, '6NMI6B88'),
(262, 102, 'VQ2MRNP9'),
(264, 103, 'VQ2MRNP9'),
(265, 104, 'VQ2MRNP9'),
(266, 105, 'VQ2MRNP9'),
(163, 118, '5RZ7EW5A'),
(165, 119, '5RZ7EW5A'),
(166, 120, '5RZ7EW5A'),
(267, 121, 'VQ2MRNP9'),
(173, 122, 'VQ2MRNP9'),
(174, 123, 'VQ2MRNP9'),
(175, 124, 'VQ2MRNP9'),
(176, 125, 'VQ2MRNP9'),
(190, 126, 'VQ2MRNP9'),
(184, 127, 'VQ2MRNP9'),
(181, 128, 'AZUE8PU6'),
(182, 128, 'VQ2MRNP9'),
(183, 129, 'VQ2MRNP9'),
(185, 135, 'VQ2MRNP9'),
(200, 142, 'UEIUX54M'),
(201, 142, 'VQ2MRNP9'),
(212, 145, 'VQ2MRNP9'),
(228, 149, 'HMHQBUNA'),
(793, 150, 'HMHQBUNA'),
(232, 151, 'PVQ56KG8'),
(230, 151, 'SNC33FPT'),
(231, 151, 'X3PHR2KX'),
(234, 152, 'PVQ56KG8'),
(233, 152, 'X3PHR2KX'),
(236, 153, 'PVQ56KG8'),
(235, 153, 'X3PHR2KX'),
(237, 155, 'X3PHR2KX'),
(270, 173, '7T22TE6T'),
(271, 173, '9XDBSPVG'),
(272, 173, 'EXQJS5R8'),
(792, 175, '3GESZ8K6'),
(257, 176, '7T22TE6T'),
(256, 176, 'EXQJS5R8'),
(705, 177, '3GESZ8K6'),
(273, 178, '7T22TE6T'),
(274, 178, 'EXQJS5R8'),
(277, 182, '7T22TE6T'),
(278, 182, 'EXQJS5R8'),
(707, 189, '3GESZ8K6'),
(282, 190, 'IV5U2ZSV'),
(283, 190, 'VQ2MRNP9'),
(708, 191, '3GESZ8K6'),
(294, 192, 'VQ2MRNP9'),
(319, 193, '7T22TE6T'),
(321, 193, 'EXQJS5R8'),
(320, 193, 'J3NVWCHF'),
(299, 194, 'VQ2MRNP9'),
(300, 195, 'VQ2MRNP9'),
(301, 196, 'VQ2MRNP9'),
(302, 197, 'VQ2MRNP9'),
(303, 198, 'VQ2MRNP9'),
(305, 199, 'VQ2MRNP9'),
(307, 220, 'VQ2MRNP9'),
(308, 221, 'VQ2MRNP9'),
(309, 222, 'VQ2MRNP9'),
(310, 223, 'VQ2MRNP9'),
(311, 224, 'VQ2MRNP9'),
(312, 225, 'VQ2MRNP9'),
(313, 226, 'VQ2MRNP9'),
(315, 227, 'VQ2MRNP9'),
(322, 228, '7T22TE6T'),
(323, 228, 'EXQJS5R8'),
(324, 241, 'VQ2MRNP9'),
(326, 242, '9BGUUI7W'),
(327, 242, 'KUW7X4JK'),
(325, 242, 'KWAWI3PI'),
(328, 242, 'VQ2MRNP9'),
(329, 243, 'VQ2MRNP9'),
(330, 244, 'VQ2MRNP9'),
(331, 245, 'VQ2MRNP9'),
(332, 246, 'I9PP9ZQW'),
(333, 246, 'VQ2MRNP9'),
(334, 265, 'VQ2MRNP9'),
(335, 266, 'VQ2MRNP9'),
(336, 267, '9MKUHW2C'),
(337, 267, 'VQ2MRNP9'),
(353, 270, 'VQ2MRNP9'),
(348, 271, 'VQ2MRNP9'),
(349, 272, 'VQ2MRNP9'),
(350, 273, 'VQ2MRNP9'),
(351, 274, 'VQ2MRNP9'),
(352, 275, 'VQ2MRNP9'),
(354, 293, 'EXQJS5R8'),
(357, 294, '3GESZ8K6'),
(359, 295, '3GESZ8K6'),
(362, 296, '3GESZ8K6'),
(363, 297, '3GESZ8K6'),
(364, 308, 'VQ2MRNP9'),
(365, 309, 'VQ2MRNP9'),
(366, 310, '3GESZ8K6'),
(367, 311, '3GESZ8K6'),
(371, 312, '3GESZ8K6'),
(372, 313, '3GESZ8K6'),
(373, 314, 'VQ2MRNP9'),
(375, 315, 'AZUE8PU6'),
(374, 315, 'KWAWI3PI'),
(376, 315, 'VQ2MRNP9'),
(381, 317, 'VQ2MRNP9'),
(378, 363, 'EXQJS5R8'),
(380, 364, 'VQ2MRNP9'),
(382, 373, 'VQ2MRNP9'),
(384, 376, 'VQ2MRNP9'),
(385, 377, 'VQ2MRNP9'),
(386, 378, 'VQ2MRNP9'),
(387, 379, 'VQ2MRNP9'),
(388, 380, 'VQ2MRNP9'),
(1070, 397, 'G5EK3Z8M'),
(1071, 397, 'QZUJMRC3'),
(1074, 400, '8ZNI7RWC'),
(1075, 400, 'Z9QPDQET'),
(1073, 412, '7F7ZX48G'),
(1072, 412, 'I6TNW4FM'),
(389, 413, 'VQ2MRNP9'),
(390, 414, 'VQ2MRNP9'),
(391, 415, 'VQ2MRNP9'),
(392, 416, 'VQ2MRNP9'),
(393, 417, 'VQ2MRNP9'),
(394, 418, 'VQ2MRNP9'),
(395, 419, 'VQ2MRNP9'),
(396, 420, 'VQ2MRNP9'),
(1050, 456, 'ISJS34XX'),
(1051, 456, 'QZUJMRC3'),
(1048, 458, 'ISJS34XX'),
(397, 473, 'VQ2MRNP9'),
(398, 474, 'VQ2MRNP9'),
(399, 475, 'VQ2MRNP9'),
(400, 476, 'VQ2MRNP9'),
(401, 477, 'VQ2MRNP9'),
(402, 480, 'VQ2MRNP9'),
(403, 481, 'VQ2MRNP9'),
(404, 481, 'X38S2UWM'),
(414, 482, 'DR2ZWXQB'),
(413, 482, 'VQ2MRNP9'),
(411, 483, '9EGQU9H4'),
(412, 483, 'VQ2MRNP9'),
(410, 484, 'DR2ZWXQB'),
(409, 484, 'VQ2MRNP9'),
(415, 485, 'VQ2MRNP9'),
(416, 486, 'VQ2MRNP9'),
(417, 487, 'VQ2MRNP9'),
(418, 488, 'VQ2MRNP9'),
(420, 489, '3INJWR7B'),
(419, 489, 'VQ2MRNP9'),
(421, 490, 'V66UIKBF'),
(422, 490, 'VQ2MRNP9'),
(423, 491, '7APTAEZ9'),
(425, 491, 'JTWGHN7K'),
(424, 491, 'VQ2MRNP9'),
(428, 492, '2UNXAT7W'),
(426, 492, 'UBSS48DQ'),
(427, 492, 'VQ2MRNP9'),
(429, 493, 'VQ2MRNP9'),
(430, 494, 'BQAK7WNJ'),
(431, 494, 'VQ2MRNP9'),
(432, 495, 'VQ2MRNP9'),
(453, 496, 'VQ2MRNP9'),
(435, 497, 'JTBT8ZED'),
(436, 497, 'M7WBSKGR'),
(434, 497, 'VQ2MRNP9'),
(437, 498, '3S57KIE5'),
(438, 498, 'VQ2MRNP9'),
(439, 499, 'VQ2MRNP9'),
(440, 500, 'VQ2MRNP9'),
(441, 501, 'VQ2MRNP9'),
(442, 502, 'VQ2MRNP9'),
(446, 503, 'VQ2MRNP9'),
(444, 504, 'VQ2MRNP9'),
(447, 505, 'VQ2MRNP9'),
(448, 506, 'VQ2MRNP9'),
(451, 507, 'GGNHCNNV'),
(450, 507, 'IN5K8FK3'),
(449, 507, 'VQ2MRNP9'),
(452, 508, 'VQ2MRNP9'),
(455, 509, 'CW43BCA3'),
(454, 509, 'VQ2MRNP9'),
(456, 510, 'VQ2MRNP9'),
(457, 511, 'VQ2MRNP9'),
(458, 512, 'VQ2MRNP9'),
(460, 513, 'KC4H2HQU'),
(459, 513, 'VQ2MRNP9'),
(461, 514, 'VQ2MRNP9'),
(462, 515, 'VQ2MRNP9'),
(463, 516, 'VQ2MRNP9'),
(464, 517, 'VQ2MRNP9'),
(465, 518, 'VQ2MRNP9'),
(466, 519, 'VQ2MRNP9'),
(467, 520, 'VQ2MRNP9'),
(468, 521, 'VQ2MRNP9'),
(469, 522, 'VQ2MRNP9'),
(471, 523, 'VQ2MRNP9'),
(472, 524, 'VQ2MRNP9'),
(473, 525, 'B8JEMVBE'),
(475, 525, 'JTBT8ZED'),
(476, 525, 'KWAWI3PI'),
(474, 525, 'VQ2MRNP9'),
(478, 526, 'R9JXETBE'),
(477, 526, 'VQ2MRNP9'),
(479, 527, 'VQ2MRNP9'),
(480, 528, 'VQ2MRNP9'),
(481, 529, 'VQ2MRNP9'),
(482, 530, 'VQ2MRNP9'),
(483, 531, 'VQ2MRNP9'),
(484, 532, 'VQ2MRNP9'),
(485, 533, 'VQ2MRNP9'),
(486, 534, 'VQ2MRNP9'),
(487, 535, 'RR5E6J23'),
(488, 535, 'VQ2MRNP9'),
(489, 536, 'RR5E6J23'),
(490, 536, 'VQ2MRNP9'),
(491, 537, 'VQ2MRNP9'),
(492, 538, 'AZUE8PU6'),
(493, 538, 'VQ2MRNP9'),
(494, 539, 'VQ2MRNP9'),
(495, 539, 'Z5C9XMMS'),
(498, 540, 'VQ2MRNP9'),
(497, 541, 'VQ2MRNP9'),
(499, 542, 'VQ2MRNP9'),
(500, 543, 'VQ2MRNP9'),
(501, 544, 'VQ2MRNP9'),
(502, 545, 'VQ2MRNP9'),
(503, 546, 'VQ2MRNP9'),
(504, 547, 'VQ2MRNP9'),
(505, 548, 'VQ2MRNP9'),
(506, 549, 'VQ2MRNP9'),
(507, 550, 'VQ2MRNP9'),
(508, 551, 'VQ2MRNP9'),
(509, 552, 'VQ2MRNP9'),
(511, 553, 'T6PR7WNA'),
(510, 553, 'VQ2MRNP9'),
(515, 554, 'VQ2MRNP9'),
(513, 555, '4GQ2NJP3'),
(514, 555, 'VQ2MRNP9'),
(516, 556, 'K37SNQV5'),
(517, 556, 'VQ2MRNP9'),
(519, 557, 'VQ2MRNP9'),
(520, 558, 'DU2ZHZEE'),
(521, 558, 'VQ2MRNP9'),
(522, 559, 'DU2ZHZEE'),
(523, 559, 'VQ2MRNP9'),
(525, 560, '4AFN37JW'),
(524, 560, 'VQ2MRNP9'),
(527, 561, '4AFN37JW'),
(526, 561, 'VQ2MRNP9'),
(529, 562, '4AFN37JW'),
(528, 562, 'VQ2MRNP9'),
(531, 563, '4AFN37JW'),
(530, 563, 'VQ2MRNP9'),
(532, 564, 'VQ2MRNP9'),
(533, 565, 'VQ2MRNP9'),
(534, 566, 'VQ2MRNP9'),
(535, 567, 'VQ2MRNP9'),
(536, 568, 'VQ2MRNP9'),
(537, 569, 'VQ2MRNP9'),
(538, 570, 'VQ2MRNP9'),
(539, 571, 'VQ2MRNP9'),
(540, 572, 'JHAEHNSW'),
(541, 572, 'M8HUIJ82'),
(542, 572, 'VQ2MRNP9'),
(544, 573, 'BZFGRU5R'),
(543, 573, 'VQ2MRNP9'),
(545, 574, 'ICW94VD5'),
(547, 574, 'PX7436PK'),
(546, 574, 'VQ2MRNP9'),
(548, 575, 'ICW94VD5'),
(550, 575, 'PX7436PK'),
(549, 575, 'VQ2MRNP9'),
(552, 576, 'VQ2MRNP9'),
(551, 576, 'ZIVIJBIU'),
(556, 577, 'VQ2MRNP9'),
(555, 577, 'ZIVIJBIU'),
(559, 578, 'DR2ZWXQB'),
(560, 578, 'VQ2MRNP9'),
(561, 579, 'DR2ZWXQB'),
(562, 579, 'VQ2MRNP9'),
(620, 580, 'DR2ZWXQB'),
(619, 580, 'VQ2MRNP9'),
(565, 581, 'VQ2MRNP9'),
(566, 582, 'VQ2MRNP9'),
(567, 583, 'VQ2MRNP9'),
(568, 584, 'VQ2MRNP9'),
(569, 585, 'VQ2MRNP9'),
(570, 586, 'VQ2MRNP9'),
(571, 587, 'VQ2MRNP9'),
(572, 588, 'VQ2MRNP9'),
(573, 589, 'VQ2MRNP9'),
(574, 590, 'VQ2MRNP9'),
(575, 591, 'VQ2MRNP9'),
(576, 592, 'VQ2MRNP9'),
(577, 593, 'VQ2MRNP9'),
(578, 594, 'VQ2MRNP9'),
(579, 595, 'VQ2MRNP9'),
(580, 596, '2DG4Q8PF'),
(581, 596, 'VQ2MRNP9'),
(582, 597, 'VQ2MRNP9'),
(583, 598, 'VQ2MRNP9'),
(584, 599, 'VQ2MRNP9'),
(585, 600, 'VQ2MRNP9'),
(612, 601, 'VQ2MRNP9'),
(602, 602, 'VQ2MRNP9'),
(588, 603, 'VQ2MRNP9'),
(589, 604, 'VQ2MRNP9'),
(591, 605, 'MP6D5PUX'),
(590, 605, 'VQ2MRNP9'),
(592, 606, 'VQ2MRNP9'),
(593, 607, 'VQ2MRNP9'),
(594, 608, 'VQ2MRNP9'),
(595, 609, 'VQ2MRNP9'),
(596, 610, 'VQ2MRNP9'),
(597, 611, 'VQ2MRNP9'),
(598, 612, 'VQ2MRNP9'),
(599, 612, 'WDMUQJHR'),
(600, 613, 'VQ2MRNP9'),
(603, 614, 'VQ2MRNP9'),
(604, 615, 'VQ2MRNP9'),
(605, 616, 'VQ2MRNP9'),
(606, 617, 'VQ2MRNP9'),
(607, 618, 'VQ2MRNP9'),
(608, 619, 'VQ2MRNP9'),
(609, 620, 'VQ2MRNP9'),
(610, 621, 'IBZ9Z5EH'),
(611, 621, 'VQ2MRNP9'),
(613, 622, 'VQ2MRNP9'),
(615, 623, 'DR2ZWXQB'),
(614, 623, 'VQ2MRNP9'),
(616, 624, 'VQ2MRNP9'),
(618, 625, 'DR2ZWXQB'),
(617, 625, 'VQ2MRNP9'),
(628, 628, 'DR2ZWXQB'),
(627, 628, 'VQ2MRNP9'),
(630, 633, 'DR2ZWXQB'),
(629, 633, 'VQ2MRNP9'),
(632, 634, 'DR2ZWXQB'),
(631, 634, 'VQ2MRNP9'),
(634, 640, 'DR2ZWXQB'),
(633, 640, 'VQ2MRNP9'),
(636, 641, 'DR2ZWXQB'),
(635, 641, 'VQ2MRNP9'),
(638, 642, 'AZUE8PU6'),
(637, 642, 'VQ2MRNP9'),
(641, 643, 'AXWTHSZW'),
(639, 643, 'DR2ZWXQB'),
(640, 643, 'VQ2MRNP9'),
(642, 644, 'DR2ZWXQB'),
(643, 644, 'VQ2MRNP9'),
(650, 645, 'DR2ZWXQB'),
(651, 645, 'VQ2MRNP9'),
(652, 652, 'DR2ZWXQB'),
(653, 652, 'VQ2MRNP9'),
(654, 653, 'DR2ZWXQB'),
(655, 653, 'VQ2MRNP9'),
(656, 654, 'AZUE8PU6'),
(657, 654, 'VQ2MRNP9'),
(658, 655, 'DR2ZWXQB'),
(659, 655, 'VQ2MRNP9'),
(660, 656, 'DR2ZWXQB'),
(661, 656, 'VQ2MRNP9'),
(662, 657, 'DR2ZWXQB'),
(663, 657, 'VQ2MRNP9'),
(679, 659, '5CVBHA5J'),
(678, 659, '9SZMENSV'),
(669, 662, '5CVBHA5J'),
(668, 662, '9SZMENSV'),
(673, 678, '5CVBHA5J'),
(672, 678, '9SZMENSV'),
(838, 679, '5CVBHA5J'),
(837, 679, '9SZMENSV'),
(842, 752, '5CVBHA5J'),
(841, 752, 'TV7E9V8U'),
(684, 753, '5CVBHA5J'),
(685, 753, 'MDATS33U'),
(686, 754, '5CVBHA5J'),
(687, 754, 'MDATS33U'),
(688, 755, '5CVBHA5J'),
(689, 755, 'MDATS33U'),
(832, 756, '5CVBHA5J'),
(831, 756, 'MDATS33U'),
(834, 757, '5CVBHA5J'),
(833, 757, 'MDATS33U'),
(733, 758, '5CVBHA5J'),
(734, 758, 'GDA2E9IV'),
(717, 759, '5CVBHA5J'),
(715, 759, 'E7I6CSFI'),
(716, 759, 'GDA2E9IV'),
(720, 759, 'GKGQNCNU'),
(718, 759, 'J8W7D86F'),
(719, 759, 'TEUSAI6X'),
(790, 760, '5CVBHA5J'),
(791, 760, 'GDA2E9IV'),
(711, 761, '5CVBHA5J'),
(712, 761, 'GDA2E9IV'),
(709, 762, '5CVBHA5J'),
(710, 762, 'GDA2E9IV'),
(723, 763, '5CVBHA5J'),
(724, 763, 'GDA2E9IV'),
(824, 764, '5CVBHA5J'),
(823, 764, '7MZDFTJA'),
(826, 765, '5CVBHA5J'),
(825, 765, '7MZDFTJA'),
(828, 767, '5CVBHA5J'),
(827, 767, '7MZDFTJA'),
(743, 776, '3GESZ8K6'),
(785, 777, '3GESZ8K6'),
(784, 778, '3GESZ8K6'),
(786, 779, '3GESZ8K6'),
(787, 780, '3GESZ8K6'),
(830, 781, '5CVBHA5J'),
(829, 781, '7MZDFTJA'),
(756, 784, '5CVBHA5J'),
(755, 784, 'F25CGMCS'),
(758, 785, '5CVBHA5J'),
(757, 785, 'F25CGMCS'),
(761, 786, '5CVBHA5J'),
(760, 786, 'E72UICRR'),
(759, 786, 'F25CGMCS'),
(820, 787, '5CVBHA5J'),
(819, 787, 'F25CGMCS'),
(822, 788, '5CVBHA5J'),
(821, 788, 'F25CGMCS'),
(769, 789, '5CVBHA5J'),
(768, 789, 'F25CGMCS'),
(812, 807, '5CVBHA5J'),
(814, 807, '7JWRW7JH'),
(813, 807, 'BU7965JP'),
(816, 808, '5CVBHA5J'),
(818, 808, '7JWRW7JH'),
(817, 808, 'BU7965JP'),
(815, 808, 'UMDQBGS3'),
(855, 826, '5CVBHA5J'),
(856, 826, 'XVPGQ4TM'),
(804, 827, '5CVBHA5J'),
(805, 827, 'MDATS33U'),
(851, 842, '5CVBHA5J'),
(852, 842, 'CB6ZMC8B'),
(853, 848, '5CVBHA5J'),
(854, 848, 'GDA2E9IV'),
(857, 850, '5CVBHA5J'),
(858, 850, '7JWRW7JH'),
(951, 852, '9JIX56TN'),
(952, 852, 'AJ34VIR6'),
(953, 852, 'EA2RFW42'),
(954, 852, 'ZWRRCCM3'),
(955, 854, '9JIX56TN'),
(956, 854, 'AJ34VIR6'),
(957, 854, 'EA2RFW42'),
(958, 854, 'ZWRRCCM3'),
(985, 855, '3FAI5QT9'),
(984, 855, 'CPJCVANW'),
(986, 855, 'ISJS34XX'),
(987, 856, '3FAI5QT9'),
(992, 856, '4DBARDR2'),
(990, 856, 'CPJCVANW'),
(991, 856, 'DB9XGMX3'),
(995, 856, 'IFQGKE5B'),
(993, 856, 'ISJS34XX'),
(988, 856, 'NBGMMVP7'),
(994, 856, 'Q3V3293T'),
(989, 856, 'RBRXZCUV'),
(1015, 857, 'ND89XZF9'),
(1052, 859, 'QZUJMRC3'),
(1046, 860, 'Q5NGX4G4'),
(1016, 864, '5K26PT35'),
(1017, 864, 'QZUJMRC3'),
(1019, 867, 'D2HW5XXK'),
(1018, 867, 'GHWMTD5I'),
(1045, 868, 'ENTEICCF'),
(1001, 874, '3ZRRVI5G'),
(1000, 874, 'ISJS34XX'),
(1003, 875, '3ZRRVI5G'),
(1002, 875, 'ISJS34XX'),
(997, 878, 'FSVJ467R'),
(996, 878, 'ISJS34XX'),
(999, 879, 'FSVJ467R'),
(998, 879, 'ISJS34XX'),
(1025, 891, '742FMSX7'),
(1024, 891, 'ISJS34XX'),
(1026, 891, 'S3TSAN7H'),
(920, 892, 'AGVBXTKB'),
(921, 892, 'FV357JAP'),
(922, 892, 'H6FJKXUT'),
(923, 894, '8KGEXRZB'),
(924, 894, 'A3PWJZWG'),
(1027, 896, 'FJTTG6MX'),
(1029, 896, 'H4WMQ43K'),
(1028, 896, 'JXCTTK6B'),
(1030, 897, '5BSQBWVH'),
(1033, 897, 'H4WMQ43K'),
(1031, 897, 'ISJS34XX'),
(1032, 897, 'RFFGJV2T'),
(1035, 898, 'EUR9NMQB'),
(1034, 898, 'ISJS34XX'),
(1036, 901, 'ISJS34XX'),
(1037, 902, '63K6DDZ2'),
(1038, 902, 'B6KRQJI5'),
(1039, 903, 'B6KRQJI5'),
(1040, 904, 'EFMKDNSN'),
(1041, 904, 'J42DTDXU'),
(1042, 904, 'PVQZNK4T'),
(1043, 905, 'BAIVAPB3'),
(1044, 905, 'VQTFSTTB'),
(938, 906, 'PBZB37U3'),
(937, 906, 'UMK5WSTG'),
(940, 907, '2VJGZD3S'),
(1049, 909, 'ISJS34XX'),
(1056, 921, '4PN8DQK8'),
(1053, 921, '7VBWIDZQ'),
(1054, 921, 'A7R694BA'),
(1055, 921, 'JJ85D6EJ'),
(1057, 922, 'U2GKTJWM'),
(1067, 923, '3X89SZD7'),
(1058, 925, '8K4GUD66'),
(1065, 926, '9QAEATQ5'),
(1064, 926, 'ISJS34XX'),
(1063, 926, 'V7VZIX3W'),
(1062, 927, 'F3ZGQIFV'),
(1061, 927, 'U2GKTJWM'),
(1066, 928, 'U2GKTJWM'),
(1076, 1037, 'BS2EXHS7'),
(1077, 1037, 'Z9QPDQET'),
(1080, 1038, 'Z6ZBJ9U9'),
(1081, 1038, 'Z9QPDQET'),
(1082, 1145, 'VTFGNHAM'),
(1083, 1146, 'VTFGNHAM'),
(1084, 1147, 'VTFGNHAM');

-- --------------------------------------------------------

--
-- Table structure for table `defcdb_area_quarry_raw_material`
--

CREATE TABLE `defcdb_area_quarry_raw_material` (
  `id` int(11) NOT NULL,
  `area_id` int(11) NOT NULL,
  `dc_area_rawmaterial_id` int(11) NOT NULL
) ENGINE=InnoDB DEFAULT CHARSET=utf8;

--
-- Dumping data for table `defcdb_area_quarry_raw_material`
--

INSERT INTO `defcdb_area_quarry_raw_material` (`id`, `area_id`, `dc_area_rawmaterial_id`) VALUES
(6, 399, 7),
(5, 399, 8),
(9, 444, 9),
(10, 444, 10),
(7, 449, 1),
(8, 450, 1);

-- --------------------------------------------------------

--
-- Table structure for table `defcdb_area_reference`
--

CREATE TABLE `defcdb_area_reference` (
  `id` int(11) NOT NULL,
  `area_id` int(11) NOT NULL,
  `book_id` varchar(100) NOT NULL
) ENGINE=InnoDB DEFAULT CHARSET=utf8;

--
-- Dumping data for table `defcdb_area_reference`
--

INSERT INTO `defcdb_area_reference` (`id`, `area_id`, `book_id`) VALUES
(331, 2, '9MW57NDJ'),
(332, 2, 'C9JQQX73'),
(465, 4, '62MX5VVK'),
(467, 4, '6CAWM7I7'),
(462, 4, 'C3D8WJCB'),
(469, 4, 'D9SGRTBG'),
(463, 4, 'R6H2VSFW'),
(466, 4, 'SF9SC4XK'),
(468, 4, 'TPXV5F93'),
(464, 4, 'VQ2MRNP9'),
(472, 5, '8FDN7PF2'),
(477, 5, 'D9SGRTBG'),
(475, 5, 'F26C8Q6I'),
(476, 5, 'FE2RRUU5'),
(470, 5, 'KE8C25KR'),
(471, 5, 'R6H2VSFW'),
(474, 5, 'TPXV5F93'),
(473, 5, 'VQ2MRNP9'),
(487, 6, 'EPKTR4K8'),
(488, 6, 'JAKAIKMH'),
(490, 6, 'KE8C25KR'),
(489, 6, 'RUS2FBZV'),
(491, 6, 'VQ2MRNP9'),
(492, 7, '37GM3VR4'),
(494, 7, 'EPKTR4K8'),
(493, 7, 'ICW94VD5'),
(495, 7, 'VQ2MRNP9'),
(571, 8, 'EPKTR4K8'),
(569, 8, 'ICW94VD5'),
(568, 8, 'NKJN4T3G'),
(570, 8, 'VQ2MRNP9'),
(575, 9, 'EPKTR4K8'),
(573, 9, 'ICW94VD5'),
(572, 9, 'NKJN4T3G'),
(574, 9, 'VQ2MRNP9'),
(576, 10, '8TJH6WI3'),
(577, 10, '9ZN8GC7U'),
(578, 10, 'VQ2MRNP9'),
(976, 11, '3VDIQIN6'),
(973, 11, '72XQCH2X'),
(975, 11, 'EPKTR4K8'),
(974, 11, 'F3EU8XP3'),
(977, 11, 'VQ2MRNP9'),
(579, 12, 'UI228F6C'),
(580, 12, 'VQ2MRNP9'),
(585, 13, '2J278TEC'),
(586, 13, 'EPKTR4K8'),
(587, 13, 'VQ2MRNP9'),
(69, 14, '5BGDFECQ'),
(70, 14, 'EPKTR4K8'),
(71, 14, 'VQ2MRNP9'),
(73, 15, '5BGDFECQ'),
(74, 15, 'EPKTR4K8'),
(75, 15, 'VQ2MRNP9'),
(21, 16, 'A4EXJRUB'),
(22, 16, 'IUCW58CS'),
(20, 16, 'SBTC4GXW'),
(19, 17, '2DRDJVT5'),
(18, 17, 'SBTC4GXW'),
(37, 18, 'I9KNAT7J'),
(36, 18, 'SBTC4GXW'),
(33, 20, 'AKGJ83JF'),
(31, 20, 'SBTC4GXW'),
(32, 20, 'V8X6INFJ'),
(34, 21, '9AB4W7CN'),
(35, 21, 'SBTC4GXW'),
(136, 23, '33MJCH6I'),
(135, 23, '4JXJG5NH'),
(137, 23, 'SBTC4GXW'),
(134, 23, 'UEPXA9X2'),
(38, 25, 'A7VVVMA6'),
(41, 25, 'AMV5AT97'),
(39, 25, 'WI3TU7JJ'),
(40, 25, 'WVR6A6WI'),
(340, 26, 'BPVVXUCP'),
(338, 26, 'EGNPA3SD'),
(339, 26, 'FVBWK9RR'),
(341, 26, 'GPIPBTDX'),
(342, 26, 'NJUXFE65'),
(335, 27, 'BPVVXUCP'),
(333, 27, 'EGNPA3SD'),
(334, 27, 'FVBWK9RR'),
(336, 27, 'GPIPBTDX'),
(337, 27, 'NJUXFE65'),
(149, 28, 'SBTC4GXW'),
(148, 28, 'VI5FKZQQ'),
(1003, 29, 'ASVMUHCA'),
(1001, 29, 'SBTC4GXW'),
(1000, 29, 'V9C9T7WF'),
(1002, 29, 'VI6H8KG7'),
(1004, 29, 'XRA3DRD3'),
(56, 30, 'SBTC4GXW'),
(58, 31, 'SBTC4GXW'),
(151, 32, 'SBTC4GXW'),
(150, 32, 'UHGXTEHM'),
(88, 34, 'SBTC4GXW'),
(89, 35, 'SBTC4GXW'),
(90, 36, 'SBTC4GXW'),
(152, 37, 'RT2KH9M9'),
(153, 37, 'SBTC4GXW'),
(93, 38, 'SBTC4GXW'),
(94, 38, 'WRDNEV2T'),
(96, 40, '5VJWSJ67'),
(95, 40, 'AIUTCFM4'),
(97, 40, 'SBTC4GXW'),
(99, 41, '5VJWSJ67'),
(98, 41, 'AIUTCFM4'),
(100, 41, 'SBTC4GXW'),
(101, 43, 'EPKTR4K8'),
(103, 43, 'ICW94VD5'),
(104, 43, 'VQ2MRNP9'),
(102, 43, 'ZAPHPE94'),
(607, 44, '2JTUPBKC'),
(604, 44, 'BFS7MTGD'),
(608, 44, 'JATJD88U'),
(609, 44, 'RUS2FBZV'),
(606, 44, 'VQ2MRNP9'),
(605, 44, 'XDWUCU72'),
(613, 45, '2JTUPBKC'),
(610, 45, 'BFS7MTGD'),
(614, 45, 'JATJD88U'),
(615, 45, 'RUS2FBZV'),
(612, 45, 'VQ2MRNP9'),
(611, 45, 'XDWUCU72'),
(680, 46, '42BSEWMJ'),
(681, 46, '6EABXH4P'),
(679, 46, '7J7GJR9P'),
(684, 46, 'JBEAIKQK'),
(678, 46, 'JBKXRNXZ'),
(683, 46, 'KWAWI3PI'),
(682, 46, 'VQ2MRNP9'),
(685, 47, 'JBEAIKQK'),
(686, 47, 'VQ2MRNP9'),
(687, 48, '7J7GJR9P'),
(688, 48, 'JBEAIKQK'),
(690, 48, 'KWAWI3PI'),
(689, 48, 'VQ2MRNP9'),
(695, 49, '7J7GJR9P'),
(696, 49, 'JBEAIKQK'),
(698, 49, 'KWAWI3PI'),
(697, 49, 'VQ2MRNP9'),
(699, 50, '7J7GJR9P'),
(700, 50, 'JBEAIKQK'),
(702, 50, 'KWAWI3PI'),
(701, 50, 'VQ2MRNP9'),
(703, 51, '7J7GJR9P'),
(704, 51, 'JBEAIKQK'),
(706, 51, 'KWAWI3PI'),
(705, 51, 'VQ2MRNP9'),
(129, 52, '33MJCH6I'),
(130, 52, '85BWI6FK'),
(131, 52, 'SBTC4GXW'),
(132, 53, '3AA5W2XJ'),
(133, 53, 'SBTC4GXW'),
(159, 54, '3JD44FDA'),
(156, 54, '7VFIMVTX'),
(157, 54, 'FRFI27JW'),
(158, 54, 'SBTC4GXW'),
(154, 55, 'P23VFZ53'),
(155, 55, 'SBTC4GXW'),
(143, 56, 'NWHGTXZW'),
(145, 56, 'SBTC4GXW'),
(144, 56, 'UADVZSS6'),
(146, 57, 'P23VFZ53'),
(147, 57, 'SBTC4GXW'),
(170, 58, 'K6WWW4I4'),
(171, 58, 'SBTC4GXW'),
(630, 59, '6HJEB3SP'),
(628, 59, 'BBBRIRBD'),
(631, 59, 'F43UFG3A'),
(629, 59, 'J66APB2M'),
(632, 59, 'RA8QNSTC'),
(627, 59, 'UFUE3AP4'),
(633, 59, 'VK7SBZTK'),
(626, 59, 'VQ2MRNP9'),
(638, 60, '6HJEB3SP'),
(636, 60, 'BBBRIRBD'),
(637, 60, 'J66APB2M'),
(640, 60, 'RA8QNSTC'),
(635, 60, 'UFUE3AP4'),
(641, 60, 'VK7SBZTK'),
(634, 60, 'VQ2MRNP9'),
(639, 60, 'WE7ZDW6D'),
(712, 61, 'EPKTR4K8'),
(711, 61, 'Q7JFPUBB'),
(707, 61, 'TEGQ8DPK'),
(708, 61, 'VQ2MRNP9'),
(709, 61, 'WIURGB4H'),
(710, 61, 'X866R33W'),
(821, 62, 'AU2BKCUB'),
(823, 62, 'BR6NMWNM'),
(824, 62, 'VQ2MRNP9'),
(822, 62, 'XVHC24S9'),
(739, 63, 'S8S6HGVF'),
(737, 63, 'SBTC4GXW'),
(738, 63, 'SHKBENKZ'),
(741, 63, 'TH4CD9HW'),
(742, 63, 'VTUZET9R'),
(740, 63, 'VZRUJ6CD'),
(831, 64, 'AU2BKCUB'),
(833, 64, 'BR6NMWNM'),
(834, 64, 'VQ2MRNP9'),
(832, 64, 'XVHC24S9'),
(835, 65, 'AU2BKCUB'),
(837, 65, 'BR6NMWNM'),
(838, 65, 'VQ2MRNP9'),
(836, 65, 'XVHC24S9'),
(844, 66, '8WRBK6NU'),
(841, 66, 'AU2BKCUB'),
(842, 66, 'C2M63C37'),
(843, 66, 'H8NHRIG9'),
(839, 66, 'QHETHU5E'),
(840, 66, 'VQ2MRNP9'),
(208, 67, '9KUZXP33'),
(209, 67, 'GQMI2HWV'),
(210, 67, 'SBTC4GXW'),
(211, 67, 'UADVZSS6'),
(4433, 68, '9KUZXP33'),
(4432, 68, 'GQMI2HWV'),
(4434, 68, 'SBTC4GXW'),
(4431, 68, 'UADVZSS6'),
(854, 69, '8DVPTI3W'),
(856, 69, 'EPKTR4K8'),
(855, 69, 'RMCQHWGZ'),
(857, 69, 'VQ2MRNP9'),
(858, 70, '8DVPTI3W'),
(859, 70, 'RMCQHWGZ'),
(860, 70, 'VQ2MRNP9'),
(216, 71, 'Q5NTNCSX'),
(217, 71, 'UADVZSS6'),
(718, 72, 'EPKTR4K8'),
(717, 72, 'Q7JFPUBB'),
(713, 72, 'TEGQ8DPK'),
(714, 72, 'VQ2MRNP9'),
(715, 72, 'WIURGB4H'),
(716, 72, 'X866R33W'),
(4427, 73, '7WDIUD5J'),
(4429, 73, '84WVTGIP'),
(4428, 73, 'GI9T2HZ2'),
(4430, 73, 'JNIWK2PT'),
(303, 74, 'Q5NTNCSX'),
(302, 74, 'SBTC4GXW'),
(258, 75, '2CA9TGHG'),
(251, 75, '59CAW3V3'),
(255, 75, '7VZHXFC7'),
(262, 75, '8PEWRJ42'),
(248, 75, '8R938ACT'),
(256, 75, 'BJAVPRJH'),
(247, 75, 'H58MSEBV'),
(250, 75, 'M8BWWJKG'),
(252, 75, 'NDQAQG5P'),
(253, 75, 'NR67U97D'),
(254, 75, 'S6U4UW26'),
(257, 75, 'SHW444GJ'),
(263, 75, 'UXIV623S'),
(259, 75, 'VX9J4F86'),
(261, 75, 'WHRZBS2N'),
(249, 75, 'ZFNDUWCE'),
(260, 75, 'ZPDFK4W6'),
(225, 76, 'Q5NTNCSX'),
(224, 76, 'SBTC4GXW'),
(4462, 77, 'GIMMI7HK'),
(4461, 77, 'SBTC4GXW'),
(4460, 77, 'V6GK8RR6'),
(229, 78, 'SBTC4GXW'),
(228, 78, 'ZE92VWGV'),
(3331, 79, '2CA9TGHG'),
(3342, 79, '59CAW3V3'),
(3338, 79, '7VZHXFC7'),
(3330, 79, '8PEWRJ42'),
(3344, 79, '8R938ACT'),
(3335, 79, 'BJAVPRJH'),
(3343, 79, 'H58MSEBV'),
(3333, 79, 'M8BWWJKG'),
(3340, 79, 'NDQAQG5P'),
(3336, 79, 'NR67U97D'),
(3332, 79, 'S6U4UW26'),
(3334, 79, 'SHW444GJ'),
(3341, 79, 'VX9J4F86'),
(3337, 79, 'ZFNDUWCE'),
(3339, 79, 'ZPDFK4W6'),
(297, 80, '3RKXDUQ2'),
(294, 80, 'MDN8MN84'),
(296, 80, 'MWZMMQFU'),
(295, 80, 'SBTC4GXW'),
(301, 81, '3RKXDUQ2'),
(298, 81, 'MDN8MN84'),
(300, 81, 'MWZMMQFU'),
(299, 81, 'SBTC4GXW'),
(720, 82, 'DR2ZWXQB'),
(722, 82, 'EPKTR4K8'),
(719, 82, 'VQ2MRNP9'),
(723, 82, 'WIURGB4H'),
(721, 82, 'X866R33W'),
(724, 83, 'CQ7AKGSZ'),
(727, 83, 'EPKTR4K8'),
(725, 83, 'VQ2MRNP9'),
(728, 83, 'WIURGB4H'),
(726, 83, 'X866R33W'),
(316, 84, 'ERW7ZVD8'),
(315, 84, 'SBTC4GXW'),
(317, 85, 'QZUGB3FS'),
(318, 85, 'SBTC4GXW'),
(321, 86, 'FSX9QIW3'),
(319, 86, 'SBTC4GXW'),
(320, 86, 'WX2MTZ38'),
(324, 87, 'FSX9QIW3'),
(322, 87, 'SBTC4GXW'),
(323, 87, 'WX2MTZ38'),
(327, 88, 'FSX9QIW3'),
(325, 88, 'SBTC4GXW'),
(326, 88, 'WX2MTZ38'),
(328, 89, '96JQ43PM'),
(329, 89, 'C93GC4E6'),
(330, 89, 'SBTC4GXW'),
(729, 90, '2EGDZ33D'),
(730, 90, '56BZVM8K'),
(732, 90, 'VQ2MRNP9'),
(731, 90, 'X866R33W'),
(735, 91, 'EPKTR4K8'),
(734, 91, 'TEGQ8DPK'),
(733, 91, 'VQ2MRNP9'),
(736, 91, 'WIURGB4H'),
(864, 93, 'RBTZMEAX'),
(865, 93, 'VQ2MRNP9'),
(879, 94, '52AAVCXT'),
(882, 94, '7KSJNUSI'),
(883, 94, 'BUWPEDD8'),
(881, 94, 'DFFA4G32'),
(884, 94, 'GFJDHC2R'),
(886, 94, 'UFCZ42E9'),
(887, 94, 'VQ2MRNP9'),
(885, 94, 'X8ZUTDFC'),
(880, 94, 'XZNQQWNG'),
(892, 95, 'VQ2MRNP9'),
(891, 95, 'XZNQQWNG'),
(894, 96, 'TPKRN8RC'),
(895, 96, 'VQ2MRNP9'),
(893, 96, 'XZNQQWNG'),
(368, 97, 'KZUFM5A9'),
(367, 97, 'SBTC4GXW'),
(369, 97, 'WW5NEI5J'),
(371, 98, '4K52Z486'),
(370, 98, 'SBTC4GXW'),
(372, 99, 'SBTC4GXW'),
(373, 99, 'WEGTQXM7'),
(374, 100, 'R2TMKBAA'),
(375, 100, 'SBTC4GXW'),
(376, 100, 'X3IUK57R'),
(377, 101, 'R2TMKBAA'),
(378, 101, 'SBTC4GXW'),
(379, 101, 'X3IUK57R'),
(896, 102, '6NMI6B88'),
(897, 102, 'VQ2MRNP9'),
(899, 103, 'AVPS6BHG'),
(900, 103, 'BBBRIRBD'),
(901, 103, 'VQ2MRNP9'),
(902, 104, 'AVPS6BHG'),
(903, 104, 'BBBRIRBD'),
(904, 104, 'VQ2MRNP9'),
(906, 105, '9EXN6RPQ'),
(905, 105, 'E7GSVQUN'),
(907, 105, 'VQ2MRNP9'),
(390, 106, '32W6Z5PD'),
(389, 106, 'SBTC4GXW'),
(388, 106, 'UADVZSS6'),
(399, 107, '32W6Z5PD'),
(400, 107, 'QZKZBD9C'),
(398, 107, 'SBTC4GXW'),
(397, 107, 'UADVZSS6'),
(396, 108, '32W6Z5PD'),
(395, 108, 'SBTC4GXW'),
(394, 108, 'UADVZSS6'),
(402, 109, 'KTE4W26A'),
(401, 109, 'SBTC4GXW'),
(403, 109, 'XUV4XPSU'),
(404, 110, '95BHUDQQ'),
(405, 110, 'SBTC4GXW'),
(406, 110, 'T7UHFQV3'),
(408, 111, 'C6CFGW32'),
(409, 111, 'P3WZCDK5'),
(407, 111, 'SBTC4GXW'),
(410, 111, 'SI3ESSCW'),
(411, 112, 'SBTC4GXW'),
(412, 112, 'SN59GXR4'),
(3379, 113, 'SBTC4GXW'),
(3378, 113, 'SN59GXR4'),
(3381, 113, 'V3MXUVSB'),
(3380, 113, 'Z7NX2MIH'),
(425, 114, 'EEJXFCSC'),
(423, 114, 'KBM4INDF'),
(422, 114, 'SBTC4GXW'),
(424, 114, 'SN59GXR4'),
(421, 114, 'UADVZSS6'),
(435, 115, '96ICTD8R'),
(430, 115, 'ARCIKDF2'),
(431, 115, 'M4E3GPKZ'),
(433, 115, 'SBTC4GXW'),
(432, 115, 'UADVZSS6'),
(436, 115, 'V3MXUVSB'),
(434, 115, 'Z7NX2MIH'),
(437, 116, '48WTUJKW'),
(440, 116, 'ENUB6E9Q'),
(438, 116, 'IDANRGZ5'),
(439, 116, 'SBTC4GXW'),
(442, 117, 'A2JG9FMG'),
(441, 117, 'SBTC4GXW'),
(443, 118, '5RZ7EW5A'),
(444, 118, 'EIKZT4J6'),
(446, 119, '5RZ7EW5A'),
(447, 120, '5RZ7EW5A'),
(908, 121, 'RFEJMHPC'),
(909, 121, 'VQ2MRNP9'),
(478, 122, 'VQ2MRNP9'),
(479, 123, 'VQ2MRNP9'),
(480, 124, 'VQ2MRNP9'),
(482, 125, 'EPKTR4K8'),
(481, 125, 'ICW94VD5'),
(483, 125, 'VQ2MRNP9'),
(581, 126, '56BZVM8K'),
(583, 126, 'EPKTR4K8'),
(582, 126, 'ICW94VD5'),
(584, 126, 'VQ2MRNP9'),
(557, 127, '37GM3VR4'),
(559, 127, 'EPKTR4K8'),
(558, 127, 'ICW94VD5'),
(560, 127, 'VQ2MRNP9'),
(500, 128, '37GM3VR4'),
(502, 128, 'EPKTR4K8'),
(501, 128, 'ICW94VD5'),
(503, 128, 'VQ2MRNP9'),
(504, 129, '37GM3VR4'),
(506, 129, 'EPKTR4K8'),
(505, 129, 'ICW94VD5'),
(507, 129, 'VQ2MRNP9'),
(536, 130, '4ZVSSFTA'),
(530, 130, '544II3UR'),
(529, 130, '5IZ6UUGZ'),
(538, 130, '65NB59K6'),
(532, 130, '6IR9BB9S'),
(539, 130, '9G23N8EA'),
(535, 130, 'FXNECA2R'),
(537, 130, 'MHFUVSXG'),
(531, 130, 'SBTC4GXW'),
(534, 130, 'Z7GEZADA'),
(533, 130, 'ZNBTAGC3'),
(543, 131, '65NB59K6'),
(545, 131, '9G23N8EA'),
(540, 131, 'A2JG9FMG'),
(541, 131, 'SBTC4GXW'),
(544, 131, 'Z7GEZADA'),
(542, 131, 'ZNBTAGC3'),
(550, 132, '5G5QF5DB'),
(551, 132, 'S38J39JM'),
(552, 132, 'SBTC4GXW'),
(553, 133, '5G5QF5DB'),
(554, 133, 'SBTC4GXW'),
(555, 134, 'M5EN5N2E'),
(556, 134, 'SBTC4GXW'),
(561, 135, '37GM3VR4'),
(563, 135, 'EPKTR4K8'),
(562, 135, 'ICW94VD5'),
(564, 135, 'VQ2MRNP9'),
(565, 136, '3C53SQHS'),
(566, 136, 'SBTC4GXW'),
(567, 136, 'TNUVJCFT'),
(588, 137, 'JNJHNXTA'),
(589, 137, 'SBTC4GXW'),
(591, 138, 'BQ95VCXX'),
(592, 138, 'CDCZ28W3'),
(593, 138, 'SBTC4GXW'),
(590, 138, 'SXZRDRVI'),
(594, 139, 'CINGPZ8D'),
(596, 139, 'SBTC4GXW'),
(597, 139, 'UXGENJBS'),
(595, 139, 'VUS52RVP'),
(796, 140, 'BN8P5PKS'),
(797, 140, 'SBTC4GXW'),
(798, 141, 'B566HITB'),
(799, 141, 'SBTC4GXW'),
(643, 142, '6HJEB3SP'),
(642, 142, 'F43UFG3A'),
(644, 142, 'RA8QNSTC'),
(645, 142, 'VQ2MRNP9'),
(650, 143, '8MP5VFAV'),
(647, 143, 'PXWZ89FR'),
(646, 143, 'SBTC4GXW'),
(649, 143, 'SHKBENKZ'),
(652, 143, 'T3MMKIUF'),
(651, 143, 'WTTX7847'),
(648, 143, 'X2KP7RUI'),
(665, 144, 'ERW7ZVD8'),
(666, 144, 'FMJ49HD9'),
(670, 144, 'S8S6HGVF'),
(667, 144, 'SHKBENKZ'),
(671, 144, 'TH4CD9HW'),
(669, 144, 'VZRUJ6CD'),
(668, 144, 'X2KP7RUI'),
(691, 145, '7J7GJR9P'),
(692, 145, 'JBEAIKQK'),
(694, 145, 'KWAWI3PI'),
(693, 145, 'VQ2MRNP9'),
(4499, 146, 'SHKBENKZ'),
(4500, 146, 'V6GK8RR6'),
(2226, 147, '6B2Z85RW'),
(2227, 147, 'QSPRRSAW'),
(2228, 147, 'RTIQKKWW'),
(5113, 148, '3VU64AAB'),
(5117, 148, '5WZBKTFS'),
(5114, 148, 'Q6U4GPE6'),
(5116, 148, 'QZUJMRC3'),
(5115, 148, 'X39HIFM8'),
(752, 149, 'HMHQBUNA'),
(3384, 150, 'HMHQBUNA'),
(755, 151, 'PVQ56KG8'),
(754, 151, 'X3PHR2KX'),
(757, 152, 'PVQ56KG8'),
(756, 152, 'X3PHR2KX'),
(759, 153, 'PVQ56KG8'),
(758, 153, 'X3PHR2KX'),
(762, 154, '24HZNJKH'),
(760, 154, '4EAFFK2B'),
(761, 154, 'D6TA23PJ'),
(763, 154, 'TSQ5FSIA'),
(765, 155, 'PVQ56KG8'),
(764, 155, 'X3PHR2KX'),
(767, 156, 'F9RXRWQB'),
(769, 156, 'G7GNJWBE'),
(766, 156, 'GPX5ZVEW'),
(768, 156, 'SBTC4GXW'),
(804, 157, 'AVVXDQN9'),
(805, 157, 'SBTC4GXW'),
(773, 158, 'SBTC4GXW'),
(772, 158, 'V5SIXZPI'),
(774, 159, 'GAPRNM3D'),
(775, 159, 'SBTC4GXW'),
(776, 160, 'GAPRNM3D'),
(777, 160, 'SBTC4GXW'),
(778, 161, 'GAPRNM3D'),
(779, 161, 'SBTC4GXW'),
(780, 162, 'GAPRNM3D'),
(781, 162, 'SBTC4GXW'),
(782, 163, 'GAPRNM3D'),
(783, 163, 'SBTC4GXW'),
(784, 164, 'GAPRNM3D'),
(785, 164, 'SBTC4GXW'),
(786, 165, 'GAPRNM3D'),
(787, 165, 'SBTC4GXW'),
(788, 166, 'GAPRNM3D'),
(789, 166, 'SBTC4GXW'),
(790, 167, 'GAPRNM3D'),
(791, 167, 'SBTC4GXW'),
(792, 168, 'GAPRNM3D'),
(793, 168, 'SBTC4GXW'),
(794, 169, 'GAPRNM3D'),
(795, 169, 'SBTC4GXW'),
(813, 170, '4P6P9KUC'),
(816, 170, '54GANK5E'),
(815, 170, '5P6JTJMB'),
(814, 170, 'SBTC4GXW'),
(812, 170, 'SRNNZAVQ'),
(817, 170, 'WN5UPKMM'),
(849, 171, '54GANK5E'),
(848, 171, '5P6JTJMB'),
(850, 171, 'SBTC4GXW'),
(851, 172, '3ZITRRPE'),
(852, 172, 'SBTC4GXW'),
(914, 173, '9XDBSPVG'),
(915, 173, 'EXQJS5R8'),
(913, 173, 'PHD79UQG'),
(3382, 174, '3GESZ8K6'),
(3383, 175, '3GESZ8K6'),
(889, 176, 'EXQJS5R8'),
(888, 176, 'PHD79UQG'),
(3117, 177, '3GESZ8K6'),
(916, 178, '7T22TE6T'),
(917, 178, 'EXQJS5R8'),
(918, 178, 'J3NVWCHF'),
(925, 179, '3ZG2MVQP'),
(926, 179, 'JX3IFXVD'),
(927, 179, 'SBTC4GXW'),
(928, 180, '3ZG2MVQP'),
(929, 180, 'JX3IFXVD'),
(930, 180, 'SBTC4GXW'),
(931, 181, '3ZG2MVQP'),
(932, 181, 'JX3IFXVD'),
(933, 181, 'SBTC4GXW'),
(944, 182, '4WARXJPA'),
(942, 182, 'EXQJS5R8'),
(943, 182, 'NKTTZ3VN'),
(939, 183, '3ZG2MVQP'),
(940, 183, 'JX3IFXVD'),
(941, 183, 'SBTC4GXW'),
(945, 184, '43QBASTX'),
(946, 184, 'SBTC4GXW'),
(947, 185, '3GBTDFCK'),
(948, 185, 'RFC955F3'),
(949, 185, 'SBTC4GXW'),
(950, 186, 'SBTC4GXW'),
(951, 187, 'SBTC4GXW'),
(952, 188, 'SBTC4GXW'),
(3119, 189, '3GESZ8K6'),
(963, 190, 'IV5U2ZSV'),
(964, 190, 'VQ2MRNP9'),
(3120, 191, '3GESZ8K6'),
(970, 192, 'U35N8JDM'),
(971, 192, 'VQ2MRNP9'),
(1077, 193, '7T22TE6T'),
(1079, 193, '9XDBSPVG'),
(1080, 193, 'EXQJS5R8'),
(1078, 193, 'J3NVWCHF'),
(979, 194, '7J7GJR9P'),
(978, 194, 'KUW7X4JK'),
(980, 194, 'KWAWI3PI'),
(981, 194, 'VQ2MRNP9'),
(982, 195, 'KUW7X4JK'),
(983, 195, 'KWAWI3PI'),
(984, 195, 'VQ2MRNP9'),
(985, 196, 'KUW7X4JK'),
(986, 196, 'KWAWI3PI'),
(987, 196, 'VQ2MRNP9'),
(988, 197, 'KUW7X4JK'),
(989, 197, 'KWAWI3PI'),
(990, 197, 'VQ2MRNP9'),
(992, 198, '7J7GJR9P'),
(991, 198, 'EHQMIT7W'),
(993, 198, 'VQ2MRNP9'),
(998, 199, '7HIP4AKD'),
(997, 199, 'H35FTV5S'),
(999, 199, 'VQ2MRNP9'),
(1006, 200, '7VCKBGNE'),
(1005, 200, 'SBTC4GXW'),
(1008, 201, 'BZJKXMQ4'),
(1007, 201, 'SBTC4GXW'),
(1009, 202, '3U8FDUEJ'),
(1010, 202, 'SBTC4GXW'),
(1011, 202, 'TJK8XBNZ'),
(1012, 203, 'SBTC4GXW'),
(1013, 203, 'UFWGC8VQ'),
(1014, 204, 'SBTC4GXW'),
(1017, 205, 'SBTC4GXW'),
(1018, 205, 'XZQ6ZC3C'),
(1020, 206, 'M5DFMVNV'),
(1019, 206, 'SBTC4GXW'),
(1022, 207, 'NU7BVWJ2'),
(1021, 207, 'SBTC4GXW'),
(1024, 208, '8VK7VINW'),
(1023, 208, 'SBTC4GXW'),
(1028, 209, '75IXVUCI'),
(1025, 209, 'E86QQC9V'),
(1026, 209, 'IHDF44K7'),
(1027, 209, 'SBTC4GXW'),
(1030, 210, '9TB859HF'),
(1029, 210, 'SBTC4GXW'),
(1032, 211, '9TB859HF'),
(1031, 211, 'SBTC4GXW'),
(1034, 212, 'IZPS8I82'),
(1033, 212, 'SBTC4GXW'),
(1036, 213, 'JHSV6NEM'),
(1035, 213, 'SBTC4GXW'),
(1038, 214, 'JHSV6NEM'),
(1037, 214, 'SBTC4GXW'),
(1039, 215, 'SBTC4GXW'),
(1040, 215, 'TNAPDUWR'),
(1042, 216, '4G8VXV8B'),
(1041, 216, '5G95XX8U'),
(1043, 216, 'EPDS8VXS'),
(1044, 216, 'IC8GK6UD'),
(1045, 216, 'SBTC4GXW'),
(1047, 217, '2ZCK4DSN'),
(1046, 217, 'SBTC4GXW'),
(1048, 217, 'XUDAEB4T'),
(1049, 218, 'SBTC4GXW'),
(1051, 220, '9QT6K4BM'),
(1050, 220, 'EB24J42K'),
(1054, 220, 'H35FTV5S'),
(1052, 220, 'PX7436PK'),
(1053, 220, 'VQ2MRNP9'),
(1056, 221, 'H35FTV5S'),
(1055, 221, 'VQ2MRNP9'),
(1058, 222, 'H35FTV5S'),
(1057, 222, 'VQ2MRNP9'),
(1060, 223, 'H35FTV5S'),
(1059, 223, 'VQ2MRNP9'),
(1062, 224, 'H35FTV5S'),
(1061, 224, 'VQ2MRNP9'),
(1064, 225, 'H35FTV5S'),
(1063, 225, 'VQ2MRNP9'),
(1066, 226, 'H35FTV5S'),
(1065, 226, 'VQ2MRNP9'),
(1072, 227, 'H35FTV5S'),
(1070, 227, 'IDVFXSZ7'),
(1071, 227, 'VQ2MRNP9'),
(1082, 228, '4WARXJPA'),
(1083, 228, 'EXQJS5R8'),
(1081, 228, 'PHD79UQG'),
(1084, 229, 'SBTC4GXW'),
(1092, 230, 'F7QNEQIR'),
(1091, 230, 'SBTC4GXW'),
(1094, 231, 'F7QNEQIR'),
(1093, 231, 'SBTC4GXW'),
(1096, 232, 'F7QNEQIR'),
(1095, 232, 'SBTC4GXW'),
(1090, 233, 'PK2R44QZ'),
(1089, 233, 'SBTC4GXW'),
(1097, 234, '6TIGQUAF'),
(1098, 234, 'SBTC4GXW'),
(1099, 235, '6TIGQUAF'),
(1100, 235, 'SBTC4GXW'),
(1103, 236, 'MVDZ7DVC'),
(1101, 236, 'QWQPS6PS'),
(1102, 236, 'SBTC4GXW'),
(1105, 237, '9JZWZV7N'),
(1106, 237, 'GTGNWKBN'),
(1104, 237, 'SBTC4GXW'),
(1107, 237, 'UWJQAW85'),
(1109, 238, 'G47UDCVC'),
(1108, 238, 'SBTC4GXW'),
(1110, 238, 'TBBWHRE8'),
(1113, 239, '97XS7JHD'),
(1111, 239, 'RRWEVU4M'),
(1112, 239, 'SBTC4GXW'),
(1117, 240, '28CRTHXI'),
(1116, 240, '3PSWU89M'),
(1114, 240, '74T5VPEE'),
(1115, 240, 'QD6UFDED'),
(1118, 240, 'SBTC4GXW'),
(1119, 241, 'H35FTV5S'),
(1120, 241, 'VQ2MRNP9'),
(1122, 242, '9BGUUI7W'),
(1123, 242, 'BE3JDCSX'),
(1125, 242, 'H35FTV5S'),
(1126, 242, 'KUW7X4JK'),
(1121, 242, 'KWAWI3PI'),
(1124, 242, 'VQ2MRNP9'),
(1127, 243, '9BGUUI7W'),
(1128, 243, 'VQ2MRNP9'),
(1129, 244, '9BGUUI7W'),
(1130, 244, 'VQ2MRNP9'),
(1131, 245, '9BGUUI7W'),
(1132, 245, 'VQ2MRNP9'),
(1133, 246, 'I9PP9ZQW'),
(1134, 246, 'VQ2MRNP9'),
(1141, 247, '3PSWU89M'),
(1142, 247, 'SBTC4GXW'),
(1144, 248, '3PSWU89M'),
(1143, 248, '74T5VPEE'),
(1145, 248, 'SBTC4GXW'),
(1146, 249, 'QAKAEKC8'),
(1147, 249, 'SBTC4GXW'),
(1148, 250, 'QAKAEKC8'),
(1149, 250, 'SBTC4GXW'),
(1150, 251, 'QAKAEKC8'),
(1151, 251, 'SBTC4GXW'),
(1152, 252, 'QAKAEKC8'),
(1153, 252, 'SBTC4GXW'),
(1155, 253, '8KA8IX9U'),
(1154, 253, 'SBTC4GXW'),
(1157, 254, '8KA8IX9U'),
(1156, 254, 'SBTC4GXW'),
(1159, 255, '3JD44FDA'),
(1158, 255, 'SBTC4GXW'),
(1161, 256, '3JD44FDA'),
(1160, 256, 'SBTC4GXW'),
(1163, 257, 'CN5DG5ME'),
(1162, 257, 'SBTC4GXW'),
(1165, 258, 'CN5DG5ME'),
(1164, 258, 'SBTC4GXW'),
(1167, 259, 'CN5DG5ME'),
(1166, 259, 'SBTC4GXW'),
(1168, 260, 'SBTC4GXW'),
(1173, 261, 'ADMV633B'),
(1174, 261, 'M2D7EZNT'),
(1172, 261, 'SBTC4GXW'),
(1175, 262, '7JWDJDTQ'),
(1177, 262, 'ADMV633B'),
(1178, 262, 'M2D7EZNT'),
(1176, 262, 'SBTC4GXW'),
(1179, 263, 'FGGGDFZ9'),
(1181, 263, 'M2D7EZNT'),
(1180, 263, 'SBTC4GXW'),
(1184, 264, '4UHSVF82'),
(1182, 264, '7IAXXX8N'),
(1183, 264, 'SBTC4GXW'),
(1185, 265, 'VQ2MRNP9'),
(1186, 266, '9MKUHW2C'),
(1187, 266, 'VQ2MRNP9'),
(1188, 267, '9MKUHW2C'),
(1189, 267, 'VQ2MRNP9'),
(1215, 270, 'NUXM2EHX'),
(1216, 270, 'VQ2MRNP9'),
(1202, 271, 'NUXM2EHX'),
(1203, 271, 'VQ2MRNP9'),
(1204, 272, 'NUXM2EHX'),
(1205, 272, 'VQ2MRNP9'),
(1206, 273, 'QEV7DGXS'),
(1207, 273, 'UINSMJUU'),
(1208, 273, 'VQ2MRNP9'),
(1209, 274, 'QEV7DGXS'),
(1210, 274, 'UINSMJUU'),
(1211, 274, 'VQ2MRNP9'),
(1212, 275, 'QEV7DGXS'),
(1213, 275, 'UINSMJUU'),
(1214, 275, 'VQ2MRNP9'),
(1222, 276, '7Q223Z2Q'),
(1220, 276, 'M9W89CN5'),
(1218, 276, 'SBTC4GXW'),
(1219, 276, 'VZT6KBJX'),
(1221, 276, 'X6W6A57S'),
(1217, 276, 'ZFACKEN2'),
(1223, 277, 'DJU5G5VG'),
(1224, 277, 'SBTC4GXW'),
(1225, 278, 'D5PPAWUN'),
(1226, 278, 'SBTC4GXW'),
(1227, 279, 'D5PPAWUN'),
(1228, 279, 'SBTC4GXW'),
(1229, 280, 'D5PPAWUN'),
(1230, 280, 'SBTC4GXW'),
(1231, 281, '5PQ22TI4'),
(1232, 281, 'D5PPAWUN'),
(1233, 281, 'SBTC4GXW'),
(1234, 282, '9AEHU8BQ'),
(1235, 282, 'SBTC4GXW'),
(1236, 283, '5PQ22TI4'),
(1237, 283, 'D5PPAWUN'),
(1238, 283, 'SBTC4GXW'),
(1240, 284, 'CPBW3RID'),
(1239, 284, 'D5PPAWUN'),
(1241, 284, 'SBTC4GXW'),
(1242, 285, 'D5PPAWUN'),
(1243, 285, 'SBTC4GXW'),
(1244, 285, 'T56I9TC7'),
(1245, 286, '69A49BN3'),
(1246, 286, 'D5PPAWUN'),
(1247, 286, 'SBTC4GXW'),
(1248, 287, '5J7KSM5H'),
(1249, 287, 'D5PPAWUN'),
(1250, 287, 'SBTC4GXW'),
(1277, 288, 'D5PPAWUN'),
(1276, 288, 'R66EIAZX'),
(1278, 288, 'SBTC4GXW'),
(1280, 289, 'D5PPAWUN'),
(1279, 289, 'R66EIAZX'),
(1281, 289, 'SBTC4GXW'),
(1265, 290, '6BJJKNHW'),
(1263, 290, 'D5PPAWUN'),
(1264, 290, 'SBTC4GXW'),
(1268, 291, '6BJJKNHW'),
(1266, 291, 'D5PPAWUN'),
(1267, 291, 'SBTC4GXW'),
(1269, 292, 'FNBP4UKI'),
(1270, 292, 'SBTC4GXW'),
(1271, 293, 'EXQJS5R8'),
(1272, 294, '3GESZ8K6'),
(1274, 295, '3GESZ8K6'),
(1275, 297, '3GESZ8K6'),
(1283, 298, '36WZ23UJ'),
(1282, 298, 'SBTC4GXW'),
(1284, 299, 'SBTC4GXW'),
(1285, 300, 'H8RRZSDE'),
(1286, 300, 'SBTC4GXW'),
(1287, 301, 'H8RRZSDE'),
(1288, 301, 'SBTC4GXW'),
(1289, 302, 'H8RRZSDE'),
(1290, 302, 'SBTC4GXW'),
(1291, 303, 'SBTC4GXW'),
(1292, 303, 'TVEVDBK9'),
(1294, 304, '8H96XDBX'),
(1293, 304, 'CNVDGDCR'),
(1295, 304, 'SBTC4GXW'),
(1296, 305, '6VHW9A6H'),
(1297, 305, 'RB77DB8K'),
(1298, 305, 'SBTC4GXW'),
(1299, 306, 'SBTC4GXW'),
(1300, 306, 'VG6R9D2G'),
(1301, 307, 'SBTC4GXW'),
(1302, 308, 'GX9XHKS9'),
(1303, 308, 'UI738EFW'),
(1304, 308, 'VQ2MRNP9'),
(1305, 309, 'PCBHUIC2'),
(1307, 309, 'PHMPJVAA'),
(1306, 309, 'VQ2MRNP9'),
(1310, 312, '3GESZ8K6'),
(1311, 313, '3GESZ8K6'),
(1314, 314, '5ZZDRIND'),
(1312, 314, 'GKEKV7UC'),
(1313, 314, 'QS87TBIZ'),
(1315, 314, 'VQ2MRNP9'),
(1320, 315, '38V2SVRS'),
(1323, 315, '6EABXH4P'),
(1321, 315, 'CZ7I2PED'),
(1317, 315, 'GU5FRKP3'),
(1318, 315, 'JBEAIKQK'),
(1319, 315, 'JTBT8ZED'),
(1324, 315, 'KUW7X4JK'),
(1316, 315, 'KWAWI3PI'),
(1325, 315, 'PHMPJVAA'),
(1322, 315, 'VQ2MRNP9'),
(2150, 316, 'QTH3WD6C'),
(2151, 316, 'SBTC4GXW'),
(1566, 317, 'GN9K3QFJ'),
(1567, 317, 'VQ2MRNP9'),
(2152, 318, 'Q6J55RSF'),
(2153, 318, 'SBTC4GXW'),
(2154, 319, 'EWKEI225'),
(2155, 319, 'Q6J55RSF'),
(2157, 319, 'SBTC4GXW'),
(2156, 319, 'UHDJAHIH'),
(2158, 319, 'UMBP4RRB'),
(2159, 320, 'EWKEI225'),
(2160, 320, 'Q6J55RSF'),
(2162, 320, 'SBTC4GXW'),
(2161, 320, 'UHDJAHIH'),
(2163, 320, 'UMBP4RRB'),
(2164, 321, 'EWKEI225'),
(2165, 321, 'Q6J55RSF'),
(2167, 321, 'SBTC4GXW'),
(2166, 321, 'UHDJAHIH'),
(2168, 321, 'UMBP4RRB'),
(2169, 322, 'EWKEI225'),
(2170, 322, 'Q6J55RSF'),
(2172, 322, 'SBTC4GXW'),
(2171, 322, 'UHDJAHIH'),
(2173, 322, 'UMBP4RRB'),
(2174, 323, 'EWKEI225'),
(2175, 323, 'Q6J55RSF'),
(2177, 323, 'SBTC4GXW'),
(2176, 323, 'UHDJAHIH'),
(2178, 323, 'UMBP4RRB'),
(2179, 324, 'EWKEI225'),
(2180, 324, 'Q6J55RSF'),
(2182, 324, 'SBTC4GXW'),
(2181, 324, 'UHDJAHIH'),
(2183, 324, 'UMBP4RRB'),
(2184, 325, 'EWKEI225'),
(2185, 325, 'Q6J55RSF'),
(2187, 325, 'SBTC4GXW'),
(2186, 325, 'UHDJAHIH'),
(2188, 325, 'UMBP4RRB'),
(2189, 326, 'EWKEI225'),
(2190, 326, 'Q6J55RSF'),
(2192, 326, 'SBTC4GXW'),
(2191, 326, 'UHDJAHIH'),
(2193, 326, 'UMBP4RRB'),
(2194, 327, 'EWKEI225'),
(2195, 327, 'Q6J55RSF'),
(2197, 327, 'SBTC4GXW'),
(2196, 327, 'UHDJAHIH'),
(2198, 327, 'UMBP4RRB'),
(2221, 328, 'EWKEI225'),
(2222, 328, 'Q6J55RSF'),
(2224, 328, 'SBTC4GXW'),
(2223, 328, 'UHDJAHIH'),
(2225, 328, 'UMBP4RRB'),
(1386, 329, 'EWKEI225'),
(1382, 329, 'Q6J55RSF'),
(1383, 329, 'SBTC4GXW'),
(1384, 329, 'UHDJAHIH'),
(1385, 329, 'UMBP4RRB'),
(1391, 330, '4WEAUHQC'),
(1393, 330, '9PHPEAEM'),
(1387, 330, 'DE6T79GQ'),
(1390, 330, 'SBTC4GXW'),
(1389, 330, 'T8QNPUU9'),
(1388, 330, 'VBNH9AXX'),
(1392, 330, 'X7ANQMVK'),
(1481, 331, '4WEAUHQC'),
(1476, 331, '9PHPEAEM'),
(1479, 331, 'DE6T79GQ'),
(1478, 331, 'SBTC4GXW'),
(1475, 331, 'T8QNPUU9'),
(1477, 331, 'VBNH9AXX'),
(1480, 331, 'X7ANQMVK'),
(2229, 332, 'DBQNKK6N'),
(2231, 332, 'N4MBWZ2F'),
(2232, 332, 'SBTC4GXW'),
(2230, 332, 'U8WUJNCA'),
(1415, 333, 'DBQNKK6N'),
(1414, 333, 'N4MBWZ2F'),
(1412, 333, 'SBTC4GXW'),
(1413, 333, 'U8WUJNCA'),
(1418, 334, '7PMEI5J2'),
(1417, 334, 'N4MBWZ2F'),
(1416, 334, 'SBTC4GXW'),
(1420, 335, 'S3KQI69Q'),
(1419, 335, 'SBTC4GXW'),
(1425, 336, 'DBQNKK6N'),
(1422, 336, 'DE6T79GQ'),
(1421, 336, 'GMWMMADN'),
(1423, 336, 'SBTC4GXW'),
(1424, 336, 'U8WUJNCA'),
(1430, 337, 'DBQNKK6N'),
(1426, 337, 'GMWMMADN'),
(1428, 337, 'N4MBWZ2F'),
(1427, 337, 'SBTC4GXW'),
(1429, 337, 'U8WUJNCA'),
(1435, 338, 'DBQNKK6N'),
(1431, 338, 'GMWMMADN'),
(1433, 338, 'N4MBWZ2F'),
(1432, 338, 'SBTC4GXW'),
(1434, 338, 'U8WUJNCA'),
(1440, 339, 'DBQNKK6N'),
(1436, 339, 'GMWMMADN'),
(1438, 339, 'N4MBWZ2F'),
(1437, 339, 'SBTC4GXW'),
(1439, 339, 'U8WUJNCA'),
(2233, 340, 'DBQNKK6N'),
(2237, 340, 'GMWMMADN'),
(2235, 340, 'N4MBWZ2F'),
(2236, 340, 'SBTC4GXW'),
(2234, 340, 'U8WUJNCA'),
(2238, 341, 'DBQNKK6N'),
(2240, 341, 'N4MBWZ2F'),
(2242, 341, 'QE2JDRQS'),
(2241, 341, 'SBTC4GXW'),
(2239, 341, 'U8WUJNCA'),
(1455, 342, 'DBQNKK6N'),
(1453, 342, 'N4MBWZ2F'),
(1452, 342, 'QE2JDRQS'),
(1451, 342, 'SBTC4GXW'),
(1454, 342, 'U8WUJNCA'),
(2199, 343, 'DBQNKK6N'),
(2201, 343, 'N4MBWZ2F'),
(2202, 343, 'SBTC4GXW'),
(2200, 343, 'U8WUJNCA'),
(2249, 344, 'DBQNKK6N'),
(2251, 344, 'N4MBWZ2F'),
(2252, 344, 'SBTC4GXW'),
(2250, 344, 'U8WUJNCA'),
(1467, 345, 'DBQNKK6N'),
(1466, 345, 'N4MBWZ2F'),
(1464, 345, 'SBTC4GXW'),
(1465, 345, 'U8WUJNCA'),
(1471, 346, 'DBQNKK6N'),
(1470, 346, 'N4MBWZ2F'),
(1468, 346, 'SBTC4GXW'),
(1469, 346, 'U8WUJNCA'),
(2205, 347, 'HNZ2FQGJ'),
(2204, 347, 'SBTC4GXW'),
(2203, 347, 'TJGPVHBW'),
(2257, 348, 'HNZ2FQGJ'),
(2256, 348, 'SBTC4GXW'),
(2255, 348, 'TJGPVHBW'),
(1485, 349, 'HNZ2FQGJ'),
(1486, 349, 'SBTC4GXW'),
(1487, 349, 'TJGPVHBW'),
(1490, 350, 'A3CCQJCD'),
(1488, 350, 'N4MBWZ2F'),
(1491, 350, 'PHVGCB34'),
(1489, 350, 'SBTC4GXW'),
(1492, 351, 'FWTZXVZK'),
(1493, 351, 'SBTC4GXW'),
(1494, 352, 'H7PPQJBH'),
(1496, 352, 'JB6J433V'),
(1495, 352, 'SBTC4GXW'),
(1499, 353, 'CJ6IZTQD'),
(1497, 353, 'H7PPQJBH'),
(1498, 353, 'SBTC4GXW'),
(1501, 354, 'QSZBDTCG'),
(1500, 354, 'SBTC4GXW'),
(1502, 354, 'ZJGF9QF9'),
(1504, 355, '44PRZMSZ'),
(1503, 355, 'SBTC4GXW'),
(1505, 355, 'ZJGF9QF9'),
(1507, 356, '44PRZMSZ'),
(1506, 356, 'SBTC4GXW'),
(1508, 356, 'ZJGF9QF9'),
(1510, 357, '44PRZMSZ'),
(1509, 357, 'SBTC4GXW'),
(1511, 357, 'ZJGF9QF9'),
(1513, 358, '44PRZMSZ'),
(1512, 358, 'SBTC4GXW'),
(1514, 358, 'ZJGF9QF9'),
(1516, 359, '44PRZMSZ'),
(1515, 359, 'SBTC4GXW'),
(1517, 359, 'ZJGF9QF9'),
(1519, 360, '44PRZMSZ'),
(1518, 360, 'SBTC4GXW'),
(1520, 360, 'ZJGF9QF9'),
(1522, 361, '44PRZMSZ'),
(1521, 361, 'SBTC4GXW'),
(1523, 361, 'ZJGF9QF9'),
(1525, 362, '44PRZMSZ'),
(1526, 362, 'SBTC4GXW'),
(1524, 362, 'ZJGF9QF9'),
(1527, 363, 'EXQJS5R8'),
(1533, 364, 'ACAQX2XI'),
(1534, 364, 'KUW7X4JK'),
(1532, 364, 'KWAWI3PI'),
(1535, 364, 'VQ2MRNP9'),
(2207, 365, '99BF7ZSV'),
(2206, 365, 'SBTC4GXW'),
(2208, 366, 'A8EDR8JS'),
(2209, 366, 'AVNTVCWQ'),
(2211, 366, 'NSI6I5DI'),
(2210, 366, 'SBTC4GXW'),
(2212, 366, 'ZV9G59EP'),
(2216, 367, '99BF7ZSV'),
(2213, 367, 'FCN2UW2C'),
(2215, 367, 'SBTC4GXW'),
(2214, 367, 'ZJGF9QF9'),
(1549, 368, '99BF7ZSV'),
(1550, 368, 'FCN2UW2C'),
(1547, 368, 'SBTC4GXW'),
(1548, 368, 'ZJGF9QF9'),
(1557, 369, 'JDCU5AZP'),
(1553, 369, 'ND3BG533'),
(1551, 369, 'SBTC4GXW'),
(1556, 369, 'U2WJ4CCH'),
(1552, 369, 'VSHXU6FW'),
(1554, 369, 'WX6EUZNQ'),
(1555, 369, 'X8R5HA2N'),
(1561, 370, 'N4BCP7X7'),
(1562, 370, 'SBTC4GXW'),
(2243, 371, '8P52XKTS'),
(2244, 371, 'RPE7RUW9'),
(2245, 371, 'SBTC4GXW'),
(1569, 372, '99BF7ZSV'),
(1568, 372, 'SBTC4GXW'),
(1571, 373, 'FMFP2HPJ'),
(1570, 373, 'KKGXT34C'),
(1574, 373, 'PCBHUIC2'),
(1572, 373, 'TV42PT6T'),
(1575, 373, 'VQ2MRNP9'),
(1573, 373, 'XXXX5E9U'),
(2248, 374, 'G5EK3Z8M'),
(2246, 374, 'ICW98ZKQ'),
(2247, 374, 'SBTC4GXW'),
(1581, 375, 'G5EK3Z8M'),
(1579, 375, 'ICW98ZKQ'),
(1580, 375, 'SBTC4GXW'),
(1586, 376, 'DSDTX4QR'),
(1587, 376, 'VQ2MRNP9'),
(1585, 376, 'WSZJE3P9'),
(1588, 377, 'AU4CUZTT'),
(1589, 377, 'VQ2MRNP9'),
(1590, 378, '9KEAU69D'),
(1591, 378, 'DSDTX4QR'),
(1592, 378, 'VQ2MRNP9'),
(1593, 379, 'VQ2MRNP9'),
(1594, 380, 'VQ2MRNP9'),
(1597, 381, 'E65E57QZ'),
(1596, 381, 'Q9IDD63J'),
(1598, 381, 'R84U6XJ8'),
(1595, 381, 'SBTC4GXW'),
(1600, 382, 'IFPWH9SV'),
(1599, 382, 'SBTC4GXW'),
(1603, 383, '6GGWCJM6'),
(1602, 383, 'JIZS8357'),
(1601, 383, 'SBTC4GXW'),
(1604, 383, 'ZRU4GA7R'),
(1605, 384, 'SBTC4GXW'),
(1606, 384, 'URSWRR3D'),
(1607, 385, 'SBTC4GXW'),
(1608, 385, 'URSWRR3D'),
(1610, 386, 'CRZMJ7CS'),
(1609, 386, 'SBTC4GXW'),
(2254, 387, 'RKPMSP99'),
(2253, 387, 'SBTC4GXW'),
(2258, 388, '23GAFJ6D'),
(2259, 388, 'SBTC4GXW'),
(1622, 389, '7ZXQENM6'),
(1623, 389, 'CR66B3W6'),
(1621, 389, 'SBTC4GXW'),
(1624, 389, 'XGJHPHUN'),
(1626, 390, '7ZXQENM6'),
(1627, 390, 'CR66B3W6'),
(1625, 390, 'SBTC4GXW'),
(1628, 390, 'XGJHPHUN'),
(1630, 391, '7ZXQENM6'),
(1631, 391, 'CR66B3W6'),
(1629, 391, 'SBTC4GXW'),
(1632, 391, 'XGJHPHUN'),
(1634, 392, '7ZXQENM6'),
(1635, 392, 'CR66B3W6'),
(1633, 392, 'SBTC4GXW'),
(1636, 392, 'XGJHPHUN'),
(2324, 393, '7ZXQENM6'),
(2325, 393, 'CR66B3W6'),
(2327, 393, 'SBTC4GXW'),
(2326, 393, 'XGJHPHUN'),
(5020, 394, '4VRXP2VU'),
(5028, 394, '5G9WUE6D'),
(5012, 394, '5V499MB3'),
(5018, 394, '6Q9ICTAT'),
(5032, 394, '7PEQU6TP'),
(5026, 394, '9CQDQEGA'),
(5023, 394, '9NU8ATKQ'),
(5014, 394, 'BH9RV2SQ'),
(5024, 394, 'EIT6BKJT'),
(5019, 394, 'GWQ5ZM3B'),
(5027, 394, 'HV4PEWJG'),
(5015, 394, 'I584BA7U'),
(5016, 394, 'M5JQVT3B'),
(5029, 394, 'NE8RM4F4'),
(5025, 394, 'QJ7ZAEWH'),
(5030, 394, 'QZUJMRC3'),
(5017, 394, 'SBTC4GXW'),
(5021, 394, 'TXB75IMI'),
(5022, 394, 'VIRJKEXN'),
(5031, 394, 'WTJEAQ75'),
(5013, 394, 'ZKK9M99C'),
(5041, 395, '4VRXP2VU'),
(5049, 395, '5G9WUE6D'),
(5033, 395, '5V499MB3'),
(5039, 395, '6Q9ICTAT'),
(5053, 395, '7PEQU6TP'),
(5047, 395, '9CQDQEGA'),
(5044, 395, '9NU8ATKQ'),
(5035, 395, 'BH9RV2SQ'),
(5045, 395, 'EIT6BKJT'),
(5040, 395, 'GWQ5ZM3B'),
(5048, 395, 'HV4PEWJG'),
(5036, 395, 'I584BA7U'),
(5037, 395, 'M5JQVT3B'),
(5050, 395, 'NE8RM4F4'),
(5046, 395, 'QJ7ZAEWH'),
(5051, 395, 'QZUJMRC3'),
(5038, 395, 'SBTC4GXW'),
(5042, 395, 'TXB75IMI'),
(5043, 395, 'VIRJKEXN'),
(5052, 395, 'WTJEAQ75'),
(5034, 395, 'ZKK9M99C'),
(5062, 396, '4VRXP2VU'),
(5070, 396, '5G9WUE6D'),
(5054, 396, '5V499MB3'),
(5060, 396, '6Q9ICTAT'),
(5074, 396, '7PEQU6TP'),
(5068, 396, '9CQDQEGA'),
(5065, 396, '9NU8ATKQ'),
(5056, 396, 'BH9RV2SQ'),
(5066, 396, 'EIT6BKJT'),
(5061, 396, 'GWQ5ZM3B'),
(5069, 396, 'HV4PEWJG'),
(5057, 396, 'I584BA7U'),
(5058, 396, 'M5JQVT3B'),
(5071, 396, 'NE8RM4F4'),
(5067, 396, 'QJ7ZAEWH'),
(5072, 396, 'QZUJMRC3'),
(5059, 396, 'SBTC4GXW'),
(5063, 396, 'TXB75IMI'),
(5064, 396, 'VIRJKEXN'),
(5073, 396, 'WTJEAQ75'),
(5055, 396, 'ZKK9M99C'),
(5086, 397, 'BMDKGSG8'),
(5085, 397, 'G5EK3Z8M'),
(5087, 397, 'QZUJMRC3'),
(5088, 397, 'SBTC4GXW'),
(1832, 398, '36HIUSDK'),
(1830, 398, '44ZBNEMB'),
(1827, 398, '4UDNS9D2'),
(1829, 398, '6JZQRDQV'),
(1831, 398, 'G4M4IAQK'),
(1824, 398, 'SBTC4GXW'),
(1828, 398, 'SSNPPKFI'),
(1826, 398, 'WNEMZ4MU'),
(1825, 398, 'ZS5UKB9Z'),
(1946, 399, '4MER8ETK'),
(1947, 399, 'SBTC4GXW'),
(5120, 400, '8ZNI7RWC'),
(5121, 400, 'QZUJMRC3'),
(5122, 400, 'SBTC4GXW'),
(5091, 401, '3IANZ3EK'),
(5090, 401, 'RI2JBSE4'),
(5089, 401, 'SBTC4GXW'),
(5092, 401, 'Z8782DXZ'),
(1840, 402, 'H67NF4CV'),
(1841, 402, 'SBTC4GXW'),
(1842, 403, 'SBTC4GXW'),
(1843, 403, 'W44JP8TK'),
(1844, 403, 'X3DI4IUF'),
(1846, 404, 'SBTC4GXW'),
(1845, 404, 'SWGHQ6JT'),
(1847, 405, 'DF5NFHVA'),
(1851, 405, 'DWU54MHT'),
(1850, 405, 'QHEDHH7X'),
(1849, 405, 'SBTC4GXW'),
(1848, 405, 'XXEVFHRU'),
(2220, 406, 'QE3W4NRC'),
(2217, 406, 'QNGNSZUE'),
(2219, 406, 'SBTC4GXW'),
(2218, 406, 'UJKEMC5A'),
(2310, 407, 'QE3W4NRC'),
(2307, 407, 'QNGNSZUE'),
(2309, 407, 'SBTC4GXW'),
(2308, 407, 'UJKEMC5A'),
(1860, 408, 'QE3W4NRC'),
(1863, 408, 'QNGNSZUE'),
(1861, 408, 'SBTC4GXW'),
(1862, 408, 'UJKEMC5A'),
(1864, 409, 'G5EK3Z8M'),
(1866, 409, 'NERXWGE5'),
(1865, 409, 'SBTC4GXW'),
(1867, 410, 'G5EK3Z8M'),
(1869, 410, 'NERXWGE5'),
(1868, 410, 'SBTC4GXW'),
(2311, 411, '3D9WW5QS'),
(2313, 411, 'G5EK3Z8M'),
(2312, 411, 'SBTC4GXW'),
(5098, 412, 'GH3TGKEE'),
(5102, 412, 'I6TNW4FM'),
(5101, 412, 'PJ86XCZN'),
(5099, 412, 'QZUJMRC3'),
(5100, 412, 'SBTC4GXW'),
(5103, 412, 'TDR8MX52'),
(1883, 413, '4P5EEXUE'),
(1880, 413, '8BWV558N'),
(1878, 413, 'HZIBI57P'),
(1881, 413, 'VQ2MRNP9'),
(1879, 413, 'WVFUGUWD'),
(1882, 413, 'XSA33V2X'),
(1885, 414, 'KWAWI3PI'),
(1884, 414, 'VQ2MRNP9'),
(1887, 415, 'KWAWI3PI'),
(1886, 415, 'VQ2MRNP9'),
(1890, 416, '2UU6MRSR'),
(1888, 416, '3DSTZGTP'),
(1889, 416, 'VQ2MRNP9'),
(1892, 417, '7J7GJR9P'),
(1891, 417, 'VQ2MRNP9'),
(1894, 418, '7J7GJR9P'),
(1895, 418, 'KWAWI3PI'),
(1893, 418, 'VQ2MRNP9'),
(1897, 419, '7J7GJR9P'),
(1898, 419, 'KWAWI3PI'),
(1896, 419, 'VQ2MRNP9'),
(1900, 420, '7J7GJR9P'),
(1901, 420, 'KWAWI3PI'),
(1899, 420, 'VQ2MRNP9'),
(1950, 421, '5CGJXHT6'),
(1951, 421, '7IEPICVX'),
(1948, 421, 'KUXQQA6D'),
(1949, 421, 'SBTC4GXW'),
(1953, 422, '9NHWVBEA'),
(1952, 422, 'SBTC4GXW'),
(5108, 423, '5ZAF8PXE'),
(5110, 423, 'JVJSCJMA'),
(5109, 423, 'QZUJMRC3'),
(5111, 423, 'SBTC4GXW'),
(5112, 423, 'XVZVN53U'),
(1958, 424, '9NHWVBEA'),
(1960, 424, 'MJ4SM4ZZ'),
(1959, 424, 'SBTC4GXW'),
(1961, 425, '9NHWVBEA'),
(1963, 425, 'MJ4SM4ZZ'),
(1962, 425, 'SBTC4GXW'),
(1965, 426, '6B2Z85RW'),
(1967, 426, '72NAPQAV'),
(1964, 426, 'GPKXUJQZ'),
(1966, 426, 'SBTC4GXW'),
(1968, 427, '6B2Z85RW'),
(1969, 427, '73XJ98DZ'),
(1970, 427, 'SBTC4GXW'),
(1971, 428, '6B2Z85RW'),
(1972, 428, 'SBTC4GXW'),
(1973, 429, '6B2Z85RW'),
(1975, 429, 'H2A3SHX9'),
(1974, 429, 'SBTC4GXW'),
(1976, 430, '8FE9EAKD'),
(1977, 430, 'SBTC4GXW'),
(1978, 431, '6B2Z85RW'),
(1981, 431, 'MTFWMBCJ'),
(1980, 431, 'SBTC4GXW'),
(1979, 431, 'WE7BVN53'),
(1982, 432, '6B2Z85RW'),
(1984, 432, 'GEVX4U5U'),
(1983, 432, 'SBTC4GXW'),
(1985, 433, '5DFEEJ7P'),
(1986, 433, 'SBTC4GXW'),
(1987, 434, '6B2Z85RW'),
(1988, 434, 'SBTC4GXW'),
(4520, 435, 'CKCM6Z4X'),
(4516, 435, 'JC6WZXG2'),
(4518, 435, 'QZUJMRC3'),
(4519, 435, 'S6EN2J66'),
(4517, 435, 'SBTC4GXW'),
(1992, 436, 'CRV3FHH7'),
(1994, 436, 'SBTC4GXW'),
(1993, 436, 'ZA6DRGMM'),
(1995, 437, '46KVRK5P'),
(1996, 437, 'CRV3FHH7'),
(1998, 437, 'SBTC4GXW'),
(1997, 437, 'ZA6DRGMM'),
(2010, 438, '2SBAJXRT'),
(2012, 438, '7CHZE9MW'),
(2011, 438, 'E8ABJ3Q3'),
(2006, 438, 'MW9MT5FB'),
(2013, 438, 'NSCF3TEC'),
(2008, 438, 'PFIU2EN2'),
(2009, 438, 'SBTC4GXW'),
(2007, 438, 'TDKD32EX'),
(2014, 439, '2SBAJXRT'),
(2015, 439, 'SBTC4GXW'),
(2016, 440, 'CRV3FHH7'),
(2017, 440, 'FVN37U5T'),
(2018, 440, 'SBTC4GXW'),
(2020, 441, '3X9WT429'),
(2022, 441, 'K5A9JG9X'),
(2021, 441, 'SBTC4GXW'),
(2019, 441, 'TDM93T59'),
(2135, 442, '3X9WT429'),
(2137, 442, 'K5A9JG9X'),
(2136, 442, 'SBTC4GXW'),
(2134, 442, 'TDM93T59'),
(2027, 443, 'CG735VBW'),
(2028, 443, 'SBTC4GXW'),
(2138, 444, '459UBKZP'),
(2141, 444, 'NVM83X2F'),
(2143, 444, 'QMWXBTKR'),
(2142, 444, 'SBTC4GXW'),
(2140, 444, 'VGKRRG9P'),
(2139, 444, 'WGR3978G'),
(2036, 445, 'SBTC4GXW'),
(2035, 445, 'WGR3978G'),
(2038, 446, 'SBTC4GXW'),
(2037, 446, 'WGR3978G'),
(2040, 447, 'EJZVH8UW'),
(2042, 447, 'MFX4NK7I'),
(2041, 447, 'SBTC4GXW'),
(2039, 447, 'TCN23TKK'),
(2044, 448, '56TFSFWN'),
(2046, 448, 'BKMN7NWD'),
(2043, 448, 'CX4S8QPM'),
(2045, 448, 'SBTC4GXW'),
(2050, 449, '4SP85XZG'),
(2047, 449, '56TFSFWN'),
(2049, 449, 'CX4S8QPM'),
(2051, 449, 'SBTC4GXW'),
(2048, 449, 'TEQC9FXM'),
(2055, 450, '4SP85XZG'),
(2052, 450, '56TFSFWN'),
(2054, 450, 'CX4S8QPM'),
(2056, 450, 'SBTC4GXW'),
(2053, 450, 'TEQC9FXM'),
(2060, 451, 'DQ5BTZXG'),
(2061, 451, 'FGIVMSAR'),
(2062, 451, 'N2K3Q6TB'),
(2058, 451, 'QQCZIVZ5'),
(2059, 451, 'SBTC4GXW'),
(2057, 451, 'WQRMCCQ2'),
(2070, 452, 'EZQ8M7RT'),
(2067, 452, 'HIKG4NMP'),
(2068, 452, 'J9MHTQT5'),
(2069, 452, 'SBTC4GXW'),
(2072, 453, '3S6TNGTG'),
(2071, 453, 'ACCNDIZV'),
(2073, 453, 'SBTC4GXW'),
(2074, 453, 'TEX8MIIU'),
(2075, 454, '7SKS8R96'),
(2077, 454, 'ERBBT3CQ'),
(2076, 454, 'SBTC4GXW'),
(2078, 455, '5IR3EUM9'),
(2079, 455, '6RE69G9Z'),
(2080, 455, '8AUNFH6C'),
(2081, 455, 'SBTC4GXW'),
(4844, 456, 'BM7X9AX8'),
(4845, 456, 'QZUJMRC3'),
(4843, 456, 'SBTC4GXW'),
(4809, 457, 'GJW8QFDJ'),
(4808, 457, 'ISJS34XX'),
(4806, 457, 'MUPBSAEK'),
(4805, 457, 'QZUJMRC3'),
(4807, 457, 'SBTC4GXW'),
(4831, 458, 'GJW8QFDJ'),
(4830, 458, 'ISJS34XX'),
(4828, 458, 'MUPBSAEK'),
(4827, 458, 'QZUJMRC3'),
(4829, 458, 'SBTC4GXW'),
(4816, 459, '6I2VVEU8'),
(4818, 459, 'QZUJMRC3'),
(4817, 459, 'SBTC4GXW'),
(2097, 460, 'DBM3I79V'),
(2098, 460, 'SBTC4GXW'),
(2099, 461, 'DBM3I79V'),
(2100, 461, 'SBTC4GXW'),
(2101, 462, 'DBM3I79V'),
(2102, 462, 'SBTC4GXW'),
(4900, 463, 'GTE7RIQF'),
(4897, 463, 'P936BSAG'),
(4901, 463, 'QZUJMRC3'),
(4899, 463, 'SBTC4GXW'),
(4898, 463, 'XGXBNS4G'),
(4889, 464, 'B72XXJ8U'),
(4891, 464, 'G4TBV37V'),
(4892, 464, 'GTE7RIQF'),
(4888, 464, 'P936BSAG'),
(4893, 464, 'QZUJMRC3'),
(4890, 464, 'SBTC4GXW'),
(4851, 465, 'G4TBV37V'),
(4849, 465, 'P936BSAG'),
(4852, 465, 'QZUJMRC3'),
(4850, 465, 'SBTC4GXW'),
(4854, 466, 'H4D953JQ'),
(4856, 466, 'P4M35A4V'),
(4853, 466, 'P936BSAG'),
(4857, 466, 'QZUJMRC3'),
(4855, 466, 'SBTC4GXW'),
(4862, 467, '7476I4WC'),
(4865, 467, 'QZUJMRC3'),
(4863, 467, 'R6VUS33N'),
(4864, 467, 'SBTC4GXW'),
(2128, 469, 'SBTC4GXW'),
(4882, 470, 'P936BSAG'),
(4885, 470, 'PCA7PVJS'),
(4883, 470, 'QZUJMRC3'),
(4884, 470, 'SBTC4GXW'),
(4887, 471, 'KW88M5NS'),
(4886, 471, 'SBTC4GXW'),
(2314, 473, '9E7IDREW'),
(2315, 473, 'CKXN2MXS'),
(2316, 473, 'VQ2MRNP9'),
(2317, 474, 'CKXN2MXS'),
(2318, 474, 'VQ2MRNP9'),
(2319, 475, 'VQ2MRNP9'),
(2320, 476, 'JI4C6M4G'),
(2321, 476, 'VQ2MRNP9'),
(2322, 477, 'JI4C6M4G'),
(2323, 477, 'VQ2MRNP9'),
(2328, 478, '6HMHM6NQ'),
(2329, 478, 'AIUTCFM4'),
(2330, 478, 'SBTC4GXW'),
(2331, 479, 'D5PPAWUN'),
(2332, 479, 'R66EIAZX'),
(2333, 479, 'SBTC4GXW'),
(2335, 480, 'FK8MI2ND'),
(2337, 480, 'PQ3C2A84'),
(2336, 480, 'VQ2MRNP9'),
(2334, 480, 'VR4GPCZP'),
(2338, 481, 'VQ2MRNP9'),
(2339, 481, 'X38S2UWM'),
(2351, 482, '9EGQU9H4'),
(2353, 482, 'VQ2MRNP9'),
(2352, 482, 'XFE3PX6M'),
(2350, 483, '6JWQ9PMC'),
(2348, 483, '9EGQU9H4'),
(2349, 483, 'VQ2MRNP9'),
(2346, 484, '9EGQU9H4'),
(2347, 484, 'VQ2MRNP9'),
(2354, 485, 'C5BDUC3X'),
(2356, 485, 'TFGD8JDX'),
(2357, 485, 'UGI7G3JX'),
(2355, 485, 'VQ2MRNP9'),
(2358, 486, 'C5BDUC3X'),
(2360, 486, 'TFGD8JDX'),
(2361, 486, 'UGI7G3JX'),
(2359, 486, 'VQ2MRNP9'),
(2363, 487, 'JW5EXAMU'),
(2362, 487, 'VQ2MRNP9'),
(2364, 487, 'Z34ZXN2I'),
(2365, 487, 'ZW4F5ACS'),
(2367, 488, 'JW5EXAMU'),
(2366, 488, 'VQ2MRNP9'),
(2368, 488, 'Z34ZXN2I'),
(2369, 488, 'ZW4F5ACS'),
(2371, 489, '3INJWR7B'),
(2370, 489, 'VQ2MRNP9'),
(2374, 490, 'AM254I75'),
(2372, 490, 'V66UIKBF'),
(2373, 490, 'VQ2MRNP9'),
(2375, 491, '7APTAEZ9'),
(2377, 491, 'AM254I75'),
(2378, 491, 'JTWGHN7K'),
(2376, 491, 'VQ2MRNP9'),
(2381, 492, '2UNXAT7W'),
(2379, 492, 'UBSS48DQ'),
(2380, 492, 'VQ2MRNP9'),
(2382, 493, 'BQAK7WNJ'),
(2383, 493, 'VQ2MRNP9'),
(2384, 494, 'BQAK7WNJ'),
(2385, 494, 'VQ2MRNP9'),
(2386, 495, '7J7GJR9P'),
(2388, 495, 'M7WBSKGR'),
(2387, 495, 'VQ2MRNP9'),
(2433, 496, '7J7GJR9P'),
(2435, 496, 'M7WBSKGR'),
(2434, 496, 'VQ2MRNP9'),
(2392, 497, '3S57KIE5'),
(2393, 497, 'VQ2MRNP9'),
(2394, 498, '3S57KIE5'),
(2395, 498, 'VQ2MRNP9'),
(2397, 499, 'M7WBSKGR'),
(2396, 499, 'VQ2MRNP9'),
(2399, 500, 'M7WBSKGR'),
(2398, 500, 'VQ2MRNP9'),
(2400, 501, '7J7GJR9P'),
(2402, 501, 'KUW7X4JK'),
(2404, 501, 'M7WBSKGR'),
(2403, 501, 'UZR3SWMF'),
(2401, 501, 'VQ2MRNP9'),
(2406, 502, 'M7WBSKGR'),
(2405, 502, 'VQ2MRNP9'),
(2415, 503, '7J7GJR9P'),
(2418, 503, 'GGNHCNNV'),
(2417, 503, 'IN5K8FK3'),
(2416, 503, 'VQ2MRNP9'),
(2409, 504, '7J7GJR9P'),
(2410, 504, 'VQ2MRNP9'),
(2419, 505, '7J7GJR9P'),
(2420, 505, 'B8JEMVBE'),
(2424, 505, 'GGNHCNNV'),
(2422, 505, 'IN5K8FK3'),
(2423, 505, 'M7WBSKGR'),
(2421, 505, 'VQ2MRNP9'),
(2426, 506, 'T7K4MWA2'),
(2425, 506, 'VQ2MRNP9'),
(2429, 507, 'GGNHCNNV'),
(2428, 507, 'IN5K8FK3'),
(2427, 507, 'VQ2MRNP9'),
(2430, 508, '7J7GJR9P'),
(2432, 508, 'JTBT8ZED'),
(2431, 508, 'VQ2MRNP9'),
(2437, 509, 'CW43BCA3'),
(2436, 509, 'VQ2MRNP9'),
(2439, 510, 'CW43BCA3'),
(2438, 510, 'VQ2MRNP9'),
(2441, 511, '7J7GJR9P'),
(2443, 511, 'JTBT8ZED'),
(2442, 511, 'M7WBSKGR'),
(2440, 511, 'VQ2MRNP9'),
(2445, 512, 'T5H37W5R'),
(2444, 512, 'VQ2MRNP9'),
(2447, 513, 'KC4H2HQU'),
(2446, 513, 'VQ2MRNP9'),
(2448, 514, '7J7GJR9P'),
(2450, 514, 'R9JXETBE'),
(2451, 514, 'UZR3SWMF'),
(2449, 514, 'VQ2MRNP9'),
(2452, 515, 'R9JXETBE'),
(2453, 515, 'VQ2MRNP9'),
(2455, 516, 'R9JXETBE'),
(2454, 516, 'VQ2MRNP9'),
(2457, 517, 'R9JXETBE'),
(2456, 517, 'VQ2MRNP9'),
(2459, 518, '7J7GJR9P'),
(2462, 518, 'KWAWI3PI'),
(2461, 518, 'P282IXH9'),
(2460, 518, 'R9JXETBE'),
(2458, 518, 'VQ2MRNP9'),
(2464, 519, '7J7GJR9P'),
(2467, 519, 'KWAWI3PI'),
(2466, 519, 'P282IXH9'),
(2465, 519, 'R9JXETBE'),
(2463, 519, 'VQ2MRNP9'),
(2470, 520, 'EQW5386K'),
(2471, 520, 'P282IXH9'),
(2469, 520, 'UFW4QSAZ'),
(2468, 520, 'VQ2MRNP9'),
(2473, 521, 'R9JXETBE'),
(2472, 521, 'VQ2MRNP9'),
(2475, 522, 'R9JXETBE'),
(2474, 522, 'VQ2MRNP9'),
(2479, 523, 'P282IXH9'),
(2478, 523, 'VQ2MRNP9'),
(2481, 524, 'P282IXH9'),
(2480, 524, 'VQ2MRNP9'),
(2484, 525, '7J7GJR9P'),
(2482, 525, 'B8JEMVBE'),
(2485, 525, 'JTBT8ZED'),
(2486, 525, 'KWAWI3PI'),
(2483, 525, 'VQ2MRNP9'),
(2488, 526, 'R9JXETBE'),
(2487, 526, 'VQ2MRNP9'),
(2489, 527, '2I9MGPNC'),
(2491, 527, 'T6PR7WNA'),
(2490, 527, 'VQ2MRNP9'),
(2493, 528, 'JBEAIKQK'),
(2492, 528, 'VQ2MRNP9'),
(2498, 529, '7WWJWDJE'),
(2494, 529, '99PA9PV6'),
(2496, 529, 'DM96SW9M'),
(2495, 529, 'RR5E6J23'),
(2497, 529, 'VQ2MRNP9'),
(2501, 530, '7J7GJR9P'),
(2502, 530, '7WWJWDJE'),
(2499, 530, '99PA9PV6'),
(2503, 530, 'KWAWI3PI'),
(2500, 530, 'VQ2MRNP9'),
(2504, 531, '7J7GJR9P'),
(2505, 531, '7WWJWDJE'),
(2507, 531, '99PA9PV6'),
(2510, 531, 'DM96SW9M'),
(2506, 531, 'KWAWI3PI'),
(2509, 531, 'RR5E6J23'),
(2508, 531, 'VQ2MRNP9'),
(2511, 532, '7J7GJR9P'),
(2512, 532, '7WWJWDJE'),
(2514, 532, '99PA9PV6'),
(2517, 532, 'DM96SW9M'),
(2513, 532, 'KWAWI3PI'),
(2516, 532, 'RR5E6J23'),
(2515, 532, 'VQ2MRNP9'),
(2518, 533, 'RR5E6J23'),
(2519, 533, 'VQ2MRNP9'),
(2520, 534, 'RR5E6J23'),
(2521, 534, 'VQ2MRNP9'),
(2522, 535, 'RR5E6J23'),
(2523, 535, 'VQ2MRNP9'),
(2524, 536, 'RR5E6J23'),
(2525, 536, 'VQ2MRNP9'),
(2526, 537, '9EXWKQI3'),
(2528, 537, 'BMIJMNQ8'),
(2527, 537, 'VQ2MRNP9'),
(2529, 538, 'VQ2MRNP9'),
(2530, 538, 'Z5C9XMMS'),
(2533, 539, '95IRKHHB'),
(2531, 539, 'VQ2MRNP9'),
(2532, 539, 'Z5C9XMMS'),
(2541, 540, 'F7T7UKA5'),
(2539, 540, 'JIRJ4E6I'),
(2540, 540, 'VQ2MRNP9'),
(2538, 541, 'F7T7UKA5'),
(2536, 541, 'JIRJ4E6I'),
(2537, 541, 'VQ2MRNP9'),
(2544, 542, 'F7T7UKA5'),
(2542, 542, 'JIRJ4E6I'),
(2543, 542, 'VQ2MRNP9'),
(2547, 543, '7J7GJR9P'),
(2545, 543, 'KUW7X4JK'),
(2548, 543, 'KWAWI3PI'),
(2546, 543, 'VQ2MRNP9'),
(2549, 544, '6EABXH4P'),
(2551, 544, '7J7GJR9P'),
(2550, 544, 'VQ2MRNP9'),
(2554, 545, '42BSEWMJ'),
(2552, 545, 'CZ7I2PED'),
(2553, 545, 'VQ2MRNP9'),
(2558, 546, '42BSEWMJ'),
(2555, 546, 'CZ7I2PED'),
(2557, 546, 'JBEAIKQK'),
(2556, 546, 'VQ2MRNP9'),
(2559, 547, 'CZ7I2PED'),
(2561, 547, 'JBEAIKQK'),
(2560, 547, 'VQ2MRNP9'),
(2562, 548, 'CZ7I2PED'),
(2564, 548, 'JBEAIKQK'),
(2563, 548, 'VQ2MRNP9'),
(2567, 549, '4Z5ZNUIF'),
(2565, 549, 'CZ7I2PED'),
(2568, 549, 'JBEAIKQK'),
(2566, 549, 'VQ2MRNP9'),
(2571, 550, '4Z5ZNUIF'),
(2569, 550, 'CZ7I2PED'),
(2572, 550, 'JBEAIKQK'),
(2570, 550, 'VQ2MRNP9'),
(2575, 551, '4Z5ZNUIF'),
(2573, 551, 'CZ7I2PED'),
(2576, 551, 'JBEAIKQK'),
(2574, 551, 'VQ2MRNP9'),
(2579, 552, 'RSJ9ZZCR'),
(2578, 552, 'T6PR7WNA'),
(2577, 552, 'VQ2MRNP9'),
(2582, 553, 'RSJ9ZZCR'),
(2581, 553, 'T6PR7WNA'),
(2580, 553, 'VQ2MRNP9'),
(2588, 554, '4GQ2NJP3'),
(2589, 554, '9FZID4RM'),
(2590, 554, 'VQ2MRNP9'),
(2586, 555, '4GQ2NJP3'),
(2587, 555, 'VQ2MRNP9'),
(2591, 556, 'K37SNQV5'),
(2592, 556, 'VQ2MRNP9'),
(2599, 557, '5DQAEPAW'),
(2598, 557, 'G5KAFTGD'),
(2602, 557, 'HGNTPD9J'),
(2600, 557, 'ICW94VD5'),
(2601, 557, 'VQ2MRNP9'),
(2603, 558, 'DU2ZHZEE'),
(2604, 558, 'VQ2MRNP9'),
(2605, 559, 'DU2ZHZEE'),
(2606, 559, 'VQ2MRNP9'),
(2608, 560, '4AFN37JW'),
(2607, 560, 'VQ2MRNP9'),
(2610, 561, '4AFN37JW'),
(2609, 561, 'VQ2MRNP9'),
(2612, 562, '4AFN37JW'),
(2611, 562, 'VQ2MRNP9'),
(2614, 563, '4AFN37JW'),
(2613, 563, 'VQ2MRNP9'),
(2616, 564, '3CGE7V85'),
(2615, 564, 'VQ2MRNP9'),
(2617, 565, 'PF7WTHVC'),
(2619, 565, 'PPZAJXEG'),
(2618, 565, 'VQ2MRNP9'),
(2620, 566, 'PF7WTHVC'),
(2622, 566, 'PPZAJXEG'),
(2621, 566, 'VQ2MRNP9'),
(2624, 567, '5P6597AB'),
(2623, 567, '8C6K6B72'),
(2625, 567, 'VQ2MRNP9'),
(2628, 568, '2EPH6HF5'),
(2626, 568, '7GF5M2HQ'),
(2629, 568, 'VQ2MRNP9'),
(2627, 568, 'W8RKR3RV'),
(2632, 569, '2EPH6HF5'),
(2630, 569, '7GF5M2HQ'),
(2633, 569, 'VQ2MRNP9'),
(2631, 569, 'W8RKR3RV'),
(2636, 570, '2EPH6HF5'),
(2634, 570, '7GF5M2HQ'),
(2637, 570, 'VQ2MRNP9'),
(2635, 570, 'W8RKR3RV'),
(2638, 571, 'JICWXSBJ'),
(2639, 571, 'VQ2MRNP9'),
(2640, 572, 'JHAEHNSW'),
(2641, 572, 'M8HUIJ82'),
(2642, 572, 'VQ2MRNP9'),
(2644, 573, 'BZFGRU5R'),
(2643, 573, 'VQ2MRNP9'),
(2645, 574, 'ICW94VD5'),
(2647, 574, 'PX7436PK'),
(2646, 574, 'VQ2MRNP9'),
(2648, 575, 'ICW94VD5'),
(2650, 575, 'PX7436PK'),
(2649, 575, 'VQ2MRNP9'),
(2652, 576, 'VQ2MRNP9'),
(2651, 576, 'ZIVIJBIU'),
(2655, 577, 'VQ2MRNP9'),
(2654, 577, 'ZIVIJBIU'),
(2666, 578, '4AING373'),
(2669, 578, '576EZUZT'),
(2667, 578, '6R764A65'),
(2670, 578, 'DR2ZWXQB'),
(2665, 578, 'JGRGNN4T'),
(2672, 578, 'MP35A736'),
(2668, 578, 'UEIUX54M'),
(2664, 578, 'VQ2MRNP9'),
(2671, 578, 'W6ER8KJG'),
(2680, 579, '2VEDBJ8R'),
(2677, 579, 'DR2ZWXQB'),
(2679, 579, 'EHBQ5SP7'),
(2675, 579, 'JGRGNN4T'),
(2673, 579, 'SXCZSHDG'),
(2676, 579, 'UEIUX54M'),
(2674, 579, 'VQ2MRNP9'),
(2678, 579, 'W6ER8KJG'),
(2825, 580, '4AING373'),
(2827, 580, 'BVG5VRSW'),
(2824, 580, 'HVQRS76M'),
(2826, 580, 'MP35A736'),
(2822, 580, 'RK99V96A'),
(2823, 580, 'UEIUX54M'),
(2821, 580, 'VQ2MRNP9'),
(2687, 581, 'EB24J42K'),
(2690, 581, 'PX7436PK'),
(2688, 581, 'QEAT9M7G'),
(2686, 581, 'TNMXAZ36'),
(2689, 581, 'VQ2MRNP9'),
(2692, 582, 'EB24J42K'),
(2695, 582, 'PX7436PK'),
(2693, 582, 'QEAT9M7G'),
(2691, 582, 'TNMXAZ36'),
(2694, 582, 'VQ2MRNP9'),
(2697, 583, 'EB24J42K'),
(2700, 583, 'PX7436PK'),
(2698, 583, 'QEAT9M7G'),
(2696, 583, 'TNMXAZ36'),
(2699, 583, 'VQ2MRNP9'),
(2702, 584, 'EB24J42K'),
(2705, 584, 'PX7436PK'),
(2703, 584, 'QEAT9M7G'),
(2701, 584, 'TNMXAZ36'),
(2704, 584, 'VQ2MRNP9'),
(2706, 585, '7AN4MQ6Z'),
(2707, 585, 'VQ2MRNP9'),
(2708, 586, '7AN4MQ6Z'),
(2709, 586, 'VQ2MRNP9'),
(2711, 587, 'ACFUH65X'),
(2710, 587, 'VQ2MRNP9'),
(2713, 588, 'ACFUH65X'),
(2712, 588, 'VQ2MRNP9'),
(2715, 589, 'ACFUH65X'),
(2714, 589, 'VQ2MRNP9'),
(2717, 590, 'ACFUH65X'),
(2716, 590, 'VQ2MRNP9'),
(2718, 591, '2DG4Q8PF'),
(2719, 591, 'VQ2MRNP9'),
(2720, 592, '2DG4Q8PF'),
(2721, 592, 'VQ2MRNP9'),
(2722, 593, '2DG4Q8PF'),
(2723, 593, 'VQ2MRNP9'),
(2724, 594, '2DG4Q8PF'),
(2725, 594, 'VQ2MRNP9'),
(2726, 595, '2DG4Q8PF'),
(2727, 595, 'VQ2MRNP9'),
(2728, 596, '2DG4Q8PF'),
(2729, 596, 'VQ2MRNP9'),
(2730, 597, 'A8BPPPEC'),
(2731, 597, 'VQ2MRNP9'),
(2732, 598, 'A8BPPPEC'),
(2733, 598, 'M9B3MFCW'),
(2734, 598, 'VQ2MRNP9'),
(2735, 599, 'A8BPPPEC'),
(2736, 599, 'M9B3MFCW'),
(2737, 599, 'VQ2MRNP9'),
(2739, 600, '3VDIQIN6'),
(2740, 600, 'I65U2DBS'),
(2738, 600, 'VQ2MRNP9'),
(2799, 601, '3VDIQIN6'),
(2800, 601, 'I65U2DBS'),
(2798, 601, 'VQ2MRNP9'),
(2778, 602, 'HIUVPVIS'),
(2777, 602, 'VQ2MRNP9'),
(2748, 603, 'CGAK4A7R'),
(2747, 603, 'HIUVPVIS'),
(2746, 603, 'VQ2MRNP9'),
(2751, 604, 'CGAK4A7R'),
(2750, 604, 'HIUVPVIS'),
(2749, 604, 'VQ2MRNP9'),
(2753, 605, 'MP6D5PUX'),
(2752, 605, 'VQ2MRNP9'),
(2755, 606, 'MP6D5PUX'),
(2754, 606, 'VQ2MRNP9'),
(2757, 607, 'HIUVPVIS'),
(2758, 607, 'MP6D5PUX'),
(2756, 607, 'VQ2MRNP9'),
(2760, 608, 'MP6D5PUX'),
(2759, 608, 'VQ2MRNP9'),
(2762, 609, 'MP6D5PUX'),
(2761, 609, 'VQ2MRNP9'),
(2764, 610, 'MP6D5PUX'),
(2763, 610, 'QSW3V56Z'),
(2765, 610, 'VQ2MRNP9'),
(2767, 611, 'MP6D5PUX'),
(2766, 611, 'QSW3V56Z'),
(2768, 611, 'VQ2MRNP9'),
(2770, 612, '33896NXA'),
(2771, 612, '3VDIQIN6'),
(2772, 612, 'IUPT8UDC'),
(2769, 612, 'VQ2MRNP9'),
(2774, 613, 'EDF5KF9W'),
(2773, 613, 'VQ2MRNP9'),
(2781, 614, 'BBS5JNN7'),
(2780, 614, 'HIUVPVIS'),
(2779, 614, 'VQ2MRNP9'),
(2784, 615, '7J7GJR9P'),
(2783, 615, 'JBEAIKQK'),
(2785, 615, 'KWAWI3PI'),
(2782, 615, 'VQ2MRNP9'),
(2786, 616, 'HXIJUS54'),
(2787, 616, 'UFN5W83P'),
(2788, 616, 'VQ2MRNP9'),
(2790, 617, 'D748VUQA'),
(2789, 617, 'VQ2MRNP9'),
(2791, 618, 'IBZ9Z5EH'),
(2792, 618, 'VQ2MRNP9'),
(2793, 619, 'IBZ9Z5EH'),
(2794, 619, 'VQ2MRNP9'),
(2795, 620, 'IBZ9Z5EH'),
(2796, 620, 'VQ2MRNP9'),
(2797, 621, 'VQ2MRNP9'),
(2802, 622, 'JAPP59D5'),
(2801, 622, 'VQ2MRNP9'),
(2805, 623, '9VNJVMUT'),
(2804, 623, 'C5HTXTQB'),
(2809, 623, 'JAPP59D5'),
(2807, 623, 'TIMDN49D'),
(2808, 623, 'UFN5W83P'),
(2803, 623, 'VQ2MRNP9'),
(2806, 623, 'ZEEKGTJJ'),
(2813, 624, '58JNZSBA'),
(2811, 624, 'AWH9HU87'),
(2812, 624, 'C5HTXTQB'),
(2814, 624, 'HXIJUS54'),
(2815, 624, 'JAPP59D5'),
(2810, 624, 'VQ2MRNP9'),
(2816, 625, '58JNZSBA'),
(2817, 625, '7HIP4AKD'),
(2819, 625, 'ACFUH65X'),
(2818, 625, 'AWH9HU87'),
(2820, 625, 'ZV3Z95HQ'),
(3570, 626, '6SJNCN93'),
(3571, 626, 'QUH9G5V3'),
(3709, 627, '6SJNCN93'),
(3710, 627, 'QUH9G5V3'),
(2853, 628, '576EZUZT'),
(2856, 628, 'BXTEBCQI'),
(2855, 628, 'JGRGNN4T'),
(2857, 628, 'QXCHXNPG'),
(2854, 628, 'SHX94MPC'),
(2852, 628, 'UEIUX54M'),
(2851, 628, 'VQ2MRNP9'),
(2858, 628, 'WUUTD9FF'),
(3442, 629, '2764ZKR7'),
(3425, 629, '36T7T52K'),
(3434, 629, '4VSJEE68'),
(3444, 629, '6AC3R5SA'),
(3438, 629, '6SJNCN93'),
(3437, 629, '84WVTGIP'),
(3426, 629, 'A78APH38'),
(3429, 629, 'D76UXSKN'),
(3435, 629, 'EEX66CT9'),
(3424, 629, 'EZQBEKGT'),
(3433, 629, 'F67EVUR5'),
(3431, 629, 'G4HZGTJC'),
(3436, 629, 'HKQ6RS9K'),
(3432, 629, 'K9ASVDQQ'),
(3428, 629, 'KBKANKIS'),
(3441, 629, 'PBAKHJ2R'),
(3443, 629, 'QUH9G5V3'),
(3440, 629, 'R4FG67SM'),
(3439, 629, 'UESTAEPN'),
(3427, 629, 'VEW4RQKT'),
(3430, 629, 'ZEBDXU87'),
(2835, 630, 'QUH9G5V3'),
(4945, 631, 'QUH9G5V3'),
(4946, 631, 'V6GK8RR6'),
(2838, 632, 'QUH9G5V3'),
(2860, 633, '576EZUZT'),
(2865, 633, 'BXTEBCQI'),
(2863, 633, 'GT8BHJDT'),
(2864, 633, 'JGRGNN4T'),
(2861, 633, 'QHBZQB5W'),
(2866, 633, 'QXCHXNPG'),
(2862, 633, 'SHX94MPC'),
(2859, 633, 'VQ2MRNP9'),
(2871, 634, '49XTDUEB'),
(2868, 634, '576EZUZT'),
(2872, 634, '6R764A65'),
(2876, 634, 'BXTEBCQI'),
(2873, 634, 'CE6M3ABU'),
(2877, 634, 'EHBQ5SP7'),
(2874, 634, 'GT8BHJDT'),
(2875, 634, 'JGRGNN4T'),
(2869, 634, 'QHBZQB5W'),
(2878, 634, 'QXCHXNPG'),
(2870, 634, 'SHX94MPC'),
(2867, 634, 'UEIUX54M'),
(2879, 634, 'WUUTD9FF'),
(2880, 634, 'WUXXRJF7'),
(2881, 635, 'QUH9G5V3'),
(3572, 636, '6SJNCN93'),
(3573, 636, 'QUH9G5V3'),
(2884, 637, 'QUH9G5V3'),
(2885, 638, 'QUH9G5V3'),
(2886, 639, 'QUH9G5V3'),
(2889, 640, 'AXWTHSZW'),
(2890, 640, 'DR2ZWXQB'),
(2888, 640, 'FBKU9RBV'),
(2887, 640, 'VQ2MRNP9'),
(2893, 641, 'AXWTHSZW'),
(2891, 641, 'FBKU9RBV'),
(2892, 641, 'VQ2MRNP9'),
(2895, 642, 'AXWTHSZW'),
(2894, 642, 'VQ2MRNP9'),
(2898, 643, 'AXWTHSZW'),
(2896, 643, 'DR2ZWXQB'),
(2897, 643, 'VQ2MRNP9'),
(2901, 644, 'AXWTHSZW'),
(2899, 644, 'DR2ZWXQB'),
(2900, 644, 'VQ2MRNP9'),
(2915, 645, 'DR2ZWXQB'),
(2914, 645, 'FZMQNTGW'),
(2916, 645, 'VQ2MRNP9'),
(2908, 647, 'QUH9G5V3'),
(2917, 652, 'DR2ZWXQB'),
(2918, 652, 'VQ2MRNP9'),
(2919, 653, 'DR2ZWXQB'),
(2920, 653, 'VQ2MRNP9'),
(2921, 654, '3CGE7V85'),
(2923, 654, 'DR2ZWXQB'),
(2922, 654, 'VQ2MRNP9'),
(2924, 655, 'VQ2MRNP9'),
(2925, 656, '576EZUZT'),
(2927, 656, 'UEIUX54M'),
(2926, 656, 'VQ2MRNP9'),
(2928, 657, '2VEDBJ8R'),
(2929, 657, '968AQ6F5'),
(2935, 657, 'DR2ZWXQB'),
(2934, 657, 'DU2ZHZEE'),
(2931, 657, 'GR7SEJER'),
(2932, 657, 'QI65U3GV'),
(2930, 657, 'U9NH8TD2'),
(2933, 657, 'VQ2MRNP9'),
(2986, 659, '5CVBHA5J'),
(2982, 659, '9SZMENSV'),
(2985, 659, 'B2HAVP4G'),
(2988, 659, 'EFKRQQGA'),
(2983, 659, 'K5X73QJ7'),
(2984, 659, 'ZH4ET667'),
(2987, 659, 'ZRN6J98R'),
(2948, 661, 'QUH9G5V3'),
(2952, 662, '5CVBHA5J'),
(2951, 662, '9SZMENSV'),
(2949, 662, 'H423BHGN'),
(2950, 662, 'ZH4ET667'),
(2953, 663, 'QUH9G5V3'),
(2954, 664, 'QUH9G5V3'),
(2955, 665, 'QUH9G5V3'),
(2956, 666, 'QUH9G5V3'),
(2957, 667, 'QUH9G5V3'),
(2958, 668, 'QUH9G5V3'),
(2959, 669, 'QUH9G5V3'),
(2960, 670, 'QUH9G5V3'),
(2961, 671, 'QUH9G5V3'),
(2962, 672, 'QUH9G5V3'),
(2963, 673, 'QUH9G5V3'),
(2964, 674, 'QUH9G5V3'),
(2965, 675, 'QUH9G5V3'),
(2966, 676, 'QUH9G5V3'),
(2967, 677, 'QUH9G5V3'),
(2971, 678, '5CVBHA5J'),
(2972, 678, '9SZMENSV'),
(2973, 678, 'ZH4ET667'),
(3812, 679, '5CVBHA5J'),
(3809, 679, '9SZMENSV'),
(3811, 679, 'H423BHGN'),
(3810, 679, 'RUJMEVUH'),
(2989, 680, 'QUH9G5V3'),
(2990, 681, 'QUH9G5V3'),
(2991, 682, 'QUH9G5V3'),
(2992, 683, 'QUH9G5V3'),
(2993, 684, 'QUH9G5V3'),
(2994, 685, 'QUH9G5V3'),
(2995, 686, 'QUH9G5V3'),
(2996, 687, 'QUH9G5V3'),
(2997, 688, 'QUH9G5V3'),
(2998, 689, 'QUH9G5V3'),
(2999, 690, 'QUH9G5V3'),
(3000, 691, 'QUH9G5V3'),
(3001, 692, 'QUH9G5V3'),
(3002, 693, 'QUH9G5V3'),
(3003, 694, 'QUH9G5V3'),
(3004, 695, 'QUH9G5V3'),
(3005, 696, 'QUH9G5V3'),
(3006, 697, 'QUH9G5V3'),
(3007, 698, 'QUH9G5V3'),
(3008, 699, 'QUH9G5V3'),
(3009, 700, 'QUH9G5V3'),
(3010, 701, 'QUH9G5V3'),
(3011, 702, 'QUH9G5V3'),
(3012, 703, 'QUH9G5V3'),
(3013, 704, 'QUH9G5V3'),
(3014, 705, 'QUH9G5V3'),
(3015, 706, 'QUH9G5V3'),
(3016, 707, 'QUH9G5V3'),
(3017, 708, 'QUH9G5V3'),
(3018, 709, 'QUH9G5V3'),
(3019, 710, 'QUH9G5V3'),
(3020, 711, 'QUH9G5V3'),
(3021, 712, 'QUH9G5V3'),
(3022, 713, 'QUH9G5V3'),
(3023, 714, 'QUH9G5V3'),
(3024, 715, 'QUH9G5V3'),
(3025, 716, 'QUH9G5V3'),
(3026, 717, 'QUH9G5V3'),
(3027, 718, 'QUH9G5V3'),
(3028, 719, 'QUH9G5V3'),
(3029, 720, 'QUH9G5V3'),
(3030, 721, 'QUH9G5V3'),
(3031, 722, 'QUH9G5V3'),
(3032, 723, 'QUH9G5V3'),
(3033, 724, 'QUH9G5V3'),
(3034, 725, 'QUH9G5V3'),
(3035, 726, 'QUH9G5V3'),
(3036, 727, 'QUH9G5V3'),
(3037, 728, 'QUH9G5V3'),
(3038, 729, 'QUH9G5V3'),
(3039, 730, 'QUH9G5V3'),
(3040, 731, 'QUH9G5V3'),
(3041, 732, 'QUH9G5V3'),
(3042, 733, 'QUH9G5V3'),
(3043, 734, 'QUH9G5V3'),
(3044, 735, 'QUH9G5V3'),
(3045, 736, 'QUH9G5V3'),
(3046, 737, 'QUH9G5V3'),
(3047, 738, 'QUH9G5V3'),
(3048, 739, 'QUH9G5V3'),
(3049, 740, 'QUH9G5V3'),
(3050, 741, 'QUH9G5V3'),
(3051, 742, 'QUH9G5V3'),
(3052, 743, 'QUH9G5V3'),
(3053, 744, 'QUH9G5V3'),
(3054, 745, 'QUH9G5V3'),
(3055, 746, 'QUH9G5V3'),
(3056, 747, 'QUH9G5V3'),
(3057, 748, 'QUH9G5V3'),
(3058, 749, 'QUH9G5V3'),
(3059, 750, 'QUH9G5V3'),
(3060, 751, 'QUH9G5V3'),
(3853, 752, '5CVBHA5J'),
(3852, 752, 'A738CCKB'),
(3847, 752, 'E7I6CSFI'),
(3849, 752, 'J8W7D86F'),
(3850, 752, 'S36M9ZQI'),
(3851, 752, 'TV7E9V8U'),
(3848, 752, 'ZVT73GKE'),
(3071, 753, '5CVBHA5J'),
(3072, 753, 'MDATS33U'),
(3075, 754, '4868PBBU'),
(3073, 754, '5CVBHA5J'),
(3076, 754, 'HJDDXB2Q'),
(3074, 754, 'MDATS33U'),
(3079, 755, '4868PBBU'),
(3077, 755, '5CVBHA5J'),
(3080, 755, 'HJDDXB2Q'),
(3078, 755, 'MDATS33U'),
(3791, 756, '5CVBHA5J'),
(3792, 756, '6WV98CRN'),
(3790, 756, 'MDATS33U'),
(3796, 757, '4868PBBU'),
(3794, 757, '578W396F'),
(3802, 757, '5CVBHA5J'),
(3793, 757, '6WV98CRN'),
(3801, 757, '894C84GV'),
(3798, 757, 'EDQDPDW5'),
(3797, 757, 'HHKTXJAW'),
(3799, 757, 'MDATS33U'),
(3803, 757, 'R5A4WBHK'),
(3800, 757, 'U29I2NGH'),
(3795, 757, 'XV9NRT9V'),
(3172, 758, '5CVBHA5J'),
(3171, 758, 'FTHUZ3Q2'),
(3173, 758, 'GDA2E9IV');
INSERT INTO `defcdb_area_reference` (`id`, `area_id`, `book_id`) VALUES
(3170, 758, 'P9GIU2AU'),
(3169, 758, 'X67CB3BU'),
(3130, 759, '5CVBHA5J'),
(3132, 759, 'A738CCKB'),
(3131, 759, 'F9JNWW47'),
(3133, 759, 'GDA2E9IV'),
(3374, 760, '5CVBHA5J'),
(3376, 760, '7JJQEMGS'),
(3375, 760, 'GDA2E9IV'),
(3377, 760, 'GKGQNCNU'),
(3123, 761, '5CVBHA5J'),
(3125, 761, 'GDA2E9IV'),
(3124, 761, 'H8X6FMP5'),
(3121, 762, '5CVBHA5J'),
(3122, 762, 'GDA2E9IV'),
(3147, 763, '3EM9C2TH'),
(3144, 763, '4MB22R5T'),
(3145, 763, '5CVBHA5J'),
(3140, 763, '7JJQEMGS'),
(3143, 763, 'GDA2E9IV'),
(3148, 763, 'GKGQNCNU'),
(3146, 763, 'J8W7D86F'),
(3141, 763, 'P9GIU2AU'),
(3139, 763, 'PXQIVR3Q'),
(3142, 763, 'WAPTHEN9'),
(3757, 764, '5CVBHA5J'),
(3755, 764, '7MZDFTJA'),
(3759, 764, 'F9JNWW47'),
(3758, 764, 'JT94KTAE'),
(3756, 764, 'K3NJNIIZ'),
(3761, 765, '5CVBHA5J'),
(3760, 765, '7MZDFTJA'),
(3762, 765, 'XBWD7WK5'),
(3763, 767, '2FTMFA3E'),
(3770, 767, '2GM7NE2Z'),
(3779, 767, '35QVF5E8'),
(3772, 767, '58KWIE5X'),
(3784, 767, '5CVBHA5J'),
(3765, 767, '6HK8F5QQ'),
(3783, 767, '8R858SDT'),
(3764, 767, '8XGJVDW3'),
(3774, 767, 'ER5S8D6H'),
(3782, 767, 'F9JNWW47'),
(3775, 767, 'FNPNPTH9'),
(3776, 767, 'H3AMFWNZ'),
(3767, 767, 'IK3876WE'),
(3777, 767, 'JWXKZ6TR'),
(3778, 767, 'K3NJNIIZ'),
(3785, 767, 'RW7K8A9S'),
(3768, 767, 'UJVBP8EW'),
(3766, 767, 'UVBID3EE'),
(3773, 767, 'VZJGMTFP'),
(3771, 767, 'XBWD7WK5'),
(3781, 767, 'XPUKK8KA'),
(3780, 767, 'Z5HMRRSW'),
(3769, 767, 'ZKPQWANA'),
(3786, 767, 'ZXVKRQ53'),
(3174, 768, '6SJNCN93'),
(3175, 769, '6SJNCN93'),
(3176, 770, '6SJNCN93'),
(3234, 776, '3GESZ8K6'),
(3346, 777, '3GESZ8K6'),
(3345, 778, '3GESZ8K6'),
(3347, 779, '3GESZ8K6'),
(3348, 780, '3GESZ8K6'),
(3788, 781, '5CVBHA5J'),
(3787, 781, '7MZDFTJA'),
(3789, 781, 'F9JNWW47'),
(3251, 784, '5CVBHA5J'),
(3249, 784, 'F25CGMCS'),
(3250, 784, 'W77CFMJP'),
(3255, 785, '5CVBHA5J'),
(3254, 785, '9MX7G5D7'),
(3252, 785, 'F25CGMCS'),
(3253, 785, 'W77CFMJP'),
(3258, 786, '5CVBHA5J'),
(3257, 786, 'E72UICRR'),
(3256, 786, 'F25CGMCS'),
(3743, 787, '5CVBHA5J'),
(3747, 787, '7637DU86'),
(3749, 787, 'BQ23RM45'),
(3745, 787, 'F25CGMCS'),
(3748, 787, 'FVMXGVZQ'),
(3746, 787, 'N3GSXEX9'),
(3744, 787, 'NUEJJ95C'),
(3742, 787, 'VZJGMTFP'),
(3750, 787, 'XBWD7WK5'),
(3754, 788, '5CVBHA5J'),
(3753, 788, 'F25CGMCS'),
(3752, 788, 'FVMXGVZQ'),
(3751, 788, 'ZF4CMSU2'),
(3282, 789, '5CVBHA5J'),
(3281, 789, 'F25CGMCS'),
(3283, 790, '6SJNCN93'),
(3284, 791, '6SJNCN93'),
(3285, 792, '6SJNCN93'),
(3286, 793, '6SJNCN93'),
(3287, 794, '6SJNCN93'),
(3288, 795, '6SJNCN93'),
(3289, 796, '6SJNCN93'),
(3294, 798, '6SJNCN93'),
(3295, 799, '6SJNCN93'),
(3296, 800, '6SJNCN93'),
(3297, 801, '6SJNCN93'),
(3298, 802, '6SJNCN93'),
(3301, 803, '6SJNCN93'),
(3300, 803, 'Q5NTNCSX'),
(3302, 804, '6SJNCN93'),
(3303, 805, '6SJNCN93'),
(3304, 806, '6SJNCN93'),
(3724, 807, '5CVBHA5J'),
(3725, 807, '7JWRW7JH'),
(3717, 807, 'BU7965JP'),
(3722, 807, 'HHKTXJAW'),
(3720, 807, 'M9JP8VNS'),
(3719, 807, 'MFI57MHT'),
(3718, 807, 'W4W5P2NZ'),
(3723, 807, 'WKKPPSAS'),
(3721, 807, 'XV9NRT9V'),
(3741, 808, '2ZFJSQ4X'),
(3739, 808, '5CVBHA5J'),
(3735, 808, '7JWRW7JH'),
(3726, 808, '8TMSSC74'),
(3733, 808, '98GD2I3N'),
(3734, 808, '9GIUHGXP'),
(3730, 808, 'EBMEM2HW'),
(3727, 808, 'NDNZH29U'),
(3740, 808, 'QEU6PBVX'),
(3731, 808, 'QNI6F79R'),
(3738, 808, 'S9BAHJUD'),
(3732, 808, 'TB2WBI6F'),
(3729, 808, 'UMDQBGS3'),
(3728, 808, 'VFWG6NSA'),
(3736, 808, 'WKKPPSAS'),
(3737, 808, 'X6TIMVDM'),
(3385, 809, '6SJNCN93'),
(3388, 810, '6AC3R5SA'),
(3386, 810, '6SJNCN93'),
(3387, 810, 'VEW4RQKT'),
(3389, 811, '36T7T52K'),
(3395, 811, '6AC3R5SA'),
(3393, 811, '6SJNCN93'),
(3390, 811, 'A78APH38'),
(3391, 811, 'F67EVUR5'),
(3394, 811, 'K9ASVDQQ'),
(3392, 811, 'VEW4RQKT'),
(3398, 812, '6AC3R5SA'),
(3396, 812, '6SJNCN93'),
(3397, 812, 'EEX66CT9'),
(3400, 813, '36T7T52K'),
(3401, 813, '4VSJEE68'),
(3404, 813, '6SJNCN93'),
(3403, 813, '84WVTGIP'),
(3402, 813, 'EEX66CT9'),
(3399, 813, 'EZQBEKGT'),
(3405, 814, '6SJNCN93'),
(3406, 815, '6SJNCN93'),
(3410, 816, '4VSJEE68'),
(3413, 816, '6AC3R5SA'),
(3412, 816, '6SJNCN93'),
(3409, 816, 'EEX66CT9'),
(3407, 816, 'EZQBEKGT'),
(3411, 816, 'KBKANKIS'),
(3408, 816, 'V5V5HINC'),
(3416, 817, '36T7T52K'),
(3417, 817, '4VSJEE68'),
(3423, 817, '6AC3R5SA'),
(3420, 817, '6SJNCN93'),
(3419, 817, '84WVTGIP'),
(3418, 817, 'EEX66CT9'),
(3421, 817, 'EMNWT2ZD'),
(3414, 817, 'EZQBEKGT'),
(3422, 817, 'K9ASVDQQ'),
(3415, 817, 'V5V5HINC'),
(3453, 818, '47GUAM98'),
(3447, 818, '4VSJEE68'),
(3455, 818, '6AC3R5SA'),
(3450, 818, '6SJNCN93'),
(3454, 818, '9KUZXP33'),
(3448, 818, 'EEX66CT9'),
(3445, 818, 'EZQBEKGT'),
(3449, 818, 'KBKANKIS'),
(3451, 818, 'R4FG67SM'),
(3446, 818, 'V5V5HINC'),
(3452, 818, 'ZEBDXU87'),
(3458, 819, '4VSJEE68'),
(3464, 819, '6AC3R5SA'),
(3460, 819, '6SJNCN93'),
(3459, 819, '84WVTGIP'),
(3457, 819, 'EEX66CT9'),
(3456, 819, 'EZQBEKGT'),
(3461, 819, 'KBKANKIS'),
(3462, 819, 'UESTAEPN'),
(3463, 819, 'ZEBDXU87'),
(3466, 820, '36T7T52K'),
(3469, 820, '6AC3R5SA'),
(3465, 820, '6SJNCN93'),
(3468, 820, 'ABI3QTCM'),
(3467, 820, 'F67EVUR5'),
(3471, 821, '36T7T52K'),
(3480, 821, '47GUAM98'),
(3473, 821, '4VSJEE68'),
(3481, 821, '6AC3R5SA'),
(3476, 821, '6SJNCN93'),
(3478, 821, '8RTWPQU9'),
(3472, 821, 'A78APH38'),
(3477, 821, 'DI23TEJX'),
(3474, 821, 'EEX66CT9'),
(3470, 821, 'EZQBEKGT'),
(3475, 821, 'F67EVUR5'),
(3479, 821, 'HV6ZJU8J'),
(3484, 822, '6AC3R5SA'),
(3482, 822, '6SJNCN93'),
(3483, 822, 'EEX66CT9'),
(3487, 823, '4VSJEE68'),
(3489, 823, '6AC3R5SA'),
(3485, 823, '6SJNCN93'),
(3486, 823, 'EEX66CT9'),
(3488, 823, 'EZQBEKGT'),
(3491, 824, '6AC3R5SA'),
(3490, 824, '6SJNCN93'),
(3492, 825, '6SJNCN93'),
(4056, 826, '4NF434Q7'),
(4057, 826, '5CVBHA5J'),
(4050, 826, '6MTPGA72'),
(4049, 826, '7V9QRWZB'),
(4054, 826, '8SUNSMBM'),
(4053, 826, '9676GPHU'),
(4048, 826, 'BCV4JVFQ'),
(4044, 826, 'CB6ZMC8B'),
(4055, 826, 'I5I6C95B'),
(4045, 826, 'JTZXH666'),
(4043, 826, 'K3M92CD3'),
(4046, 826, 'M9JP8VNS'),
(4051, 826, 'VDU359IH'),
(4047, 826, 'WGPM823G'),
(4052, 826, 'XA243327'),
(4058, 826, 'XVPGQ4TM'),
(3568, 827, '5CVBHA5J'),
(3569, 827, 'MDATS33U'),
(3575, 830, '6AC3R5SA'),
(3574, 830, '6SJNCN93'),
(3576, 830, 'EEX66CT9'),
(3578, 831, '6AC3R5SA'),
(3577, 831, '6SJNCN93'),
(3579, 831, 'EEX66CT9'),
(3580, 832, '6SJNCN93'),
(3581, 833, '6SJNCN93'),
(3582, 834, '6SJNCN93'),
(3584, 835, '6AC3R5SA'),
(3583, 835, '6SJNCN93'),
(3585, 835, 'EEX66CT9'),
(3594, 836, '36T7T52K'),
(3597, 836, '6AC3R5SA'),
(3586, 836, '6SJNCN93'),
(3591, 836, '84WVTGIP'),
(3593, 836, 'A78APH38'),
(3595, 836, 'F67EVUR5'),
(3587, 836, 'GFUFE7EC'),
(3592, 836, 'HV6ZJU8J'),
(3588, 836, 'KBKANKIS'),
(3596, 836, 'PBAKHJ2R'),
(3590, 836, 'V5V5HINC'),
(3589, 836, 'VEW4RQKT'),
(3599, 837, '6AC3R5SA'),
(3598, 837, '6SJNCN93'),
(3600, 838, '6SJNCN93'),
(3601, 839, '6SJNCN93'),
(3602, 840, '6SJNCN93'),
(3603, 841, '6SJNCN93'),
(3997, 842, '52N2XR5R'),
(4024, 842, '5CVBHA5J'),
(4023, 842, '5KV9W8KJ'),
(4005, 842, '658RAK85'),
(4025, 842, '7JWRW7JH'),
(4026, 842, '8TMSSC74'),
(4008, 842, 'A2PH6SPN'),
(4001, 842, 'A738CCKB'),
(4018, 842, 'BB4QVNFJ'),
(3999, 842, 'CB6ZMC8B'),
(3998, 842, 'CXUH3WM3'),
(4004, 842, 'D5S8A2BC'),
(4021, 842, 'EHHZRTIS'),
(4017, 842, 'G2UFM36H'),
(4028, 842, 'H684JG8W'),
(4002, 842, 'H7G9QEIW'),
(4006, 842, 'HFWT8I26'),
(4022, 842, 'HHWTFN7G'),
(4010, 842, 'KS33AMG4'),
(4019, 842, 'MBTQ6REA'),
(4003, 842, 'MDATS33U'),
(4031, 842, 'QBP4AZFK'),
(4012, 842, 'QCW2H2PK'),
(4035, 842, 'QEU6PBVX'),
(4007, 842, 'RFTKZH5B'),
(4034, 842, 'S9BAHJUD'),
(4011, 842, 'SFGF8CP8'),
(4029, 842, 'U235Z9H5'),
(4013, 842, 'VB68M3CZ'),
(4033, 842, 'VZ4P8RUF'),
(4032, 842, 'W2JDKU7G'),
(4020, 842, 'WVCPJZI2'),
(4030, 842, 'X2ZWFJ8H'),
(4014, 842, 'XA243327'),
(4000, 842, 'XBN6T7TP'),
(4009, 842, 'XRFXSD25'),
(4016, 842, 'XVHCQKVW'),
(4015, 842, 'XVPGQ4TM'),
(4027, 842, 'ZXQ3I6T3'),
(3706, 843, '6SJNCN93'),
(3707, 844, '6SJNCN93'),
(3708, 845, '6SJNCN93'),
(3711, 846, '6AC3R5SA'),
(3712, 846, '6SJNCN93'),
(3713, 846, 'EMNWT2ZD'),
(3715, 846, 'GFUFE7EC'),
(3714, 846, 'VEW4RQKT'),
(3716, 847, '6SJNCN93'),
(4037, 848, '5CVBHA5J'),
(4036, 848, '9SZMENSV'),
(4038, 848, 'GDA2E9IV'),
(4042, 849, '5CVBHA5J'),
(4039, 849, 'PXQIVR3Q'),
(4040, 849, 'TEUSAI6X'),
(4041, 849, 'WAPTHEN9'),
(4059, 850, '5CVBHA5J'),
(4060, 850, '7JWRW7JH'),
(4061, 851, '5CVBHA5J'),
(4062, 851, 'XVPGQ4TM'),
(4502, 852, 'QZUJMRC3'),
(4506, 853, 'AJ34VIR6'),
(4505, 853, 'QZUJMRC3'),
(4507, 854, 'QZUJMRC3'),
(4645, 855, 'CPJCVANW'),
(4649, 855, 'ISJS34XX'),
(4647, 855, 'KSGWCMMS'),
(4648, 855, 'MG89PBPT'),
(4646, 855, 'QZUJMRC3'),
(4651, 856, 'JKQVWB6F'),
(4652, 856, 'Q3V3293T'),
(4650, 856, 'QZUJMRC3'),
(4710, 857, 'ND89XZF9'),
(4711, 857, 'QZUJMRC3'),
(4708, 858, 'DTHFJ8JN'),
(4707, 858, 'QZUJMRC3'),
(4709, 858, 'SSRJ472F'),
(4847, 859, 'QVECSSMC'),
(4848, 859, 'QZUJMRC3'),
(4846, 859, 'ZXGM8W9A'),
(4794, 860, 'A4SA4KM9'),
(4798, 860, 'B6KRQJI5'),
(4796, 860, 'IS99XVZU'),
(4795, 860, 'K2JTBID8'),
(4799, 860, 'Q5NGX4G4'),
(4797, 860, 'QZUJMRC3'),
(4792, 861, 'J4E2PV5M'),
(4793, 861, 'QZUJMRC3'),
(4712, 864, '5K26PT35'),
(4713, 864, 'KRU9K3HX'),
(4714, 864, 'QZUJMRC3'),
(4552, 865, 'B6KRQJI5'),
(4551, 865, 'QZUJMRC3'),
(4550, 865, 'XV7EA9VI'),
(4554, 866, '4NA5MACR'),
(4555, 866, 'QZUJMRC3'),
(4553, 866, 'XV7EA9VI'),
(4718, 867, '57ASKIJG'),
(4715, 867, 'GHWMTD5I'),
(4717, 867, 'J42DTDXU'),
(4716, 867, 'QZUJMRC3'),
(4719, 867, 'V2MMKECQ'),
(4788, 868, '3BW5UQ7B'),
(4791, 868, 'ENTEICCF'),
(4789, 868, 'QZUJMRC3'),
(4790, 868, 'UMK5WSTG'),
(4781, 869, '47959FS4'),
(4783, 869, 'EGN3KRSF'),
(4780, 869, 'IXUFJ52G'),
(4782, 869, 'QZUJMRC3'),
(4785, 870, '47959FS4'),
(4787, 870, 'EGN3KRSF'),
(4784, 870, 'IXUFJ52G'),
(4786, 870, 'QZUJMRC3'),
(5258, 871, '3MKV5NMR'),
(5261, 871, '78A65PHN'),
(5257, 871, 'A7JH44MD'),
(5259, 871, 'DNUZGVM7'),
(5256, 871, 'IR28EZRM'),
(5260, 871, 'QZUJMRC3'),
(5262, 872, '3MKV5NMR'),
(4660, 874, '3ZRRVI5G'),
(4659, 874, 'ISJS34XX'),
(4661, 874, 'QZUJMRC3'),
(4663, 875, '3ZRRVI5G'),
(4662, 875, 'ISJS34XX'),
(4664, 875, 'QZUJMRC3'),
(4724, 876, '9XH5UI7F'),
(4725, 876, 'QZUJMRC3'),
(4779, 877, 'QZUJMRC3'),
(4655, 878, 'FSVJ467R'),
(4653, 878, 'ISJS34XX'),
(4654, 878, 'QZUJMRC3'),
(4658, 879, 'FSVJ467R'),
(4656, 879, 'ISJS34XX'),
(4657, 879, 'QZUJMRC3'),
(4970, 880, '8RR7VX4Q'),
(4969, 880, 'EGRFFCHW'),
(4971, 880, 'QZUJMRC3'),
(4726, 881, 'QZUJMRC3'),
(5271, 882, 'BEA42XPT'),
(5272, 882, 'GVG6IIWP'),
(5273, 882, 'QZUJMRC3'),
(5270, 882, 'R738IBZP'),
(4625, 883, 'QZUJMRC3'),
(4668, 884, 'ISJS34XX'),
(4669, 884, 'QZUJMRC3'),
(4670, 884, 'X8WSBD4C'),
(4671, 885, 'ISJS34XX'),
(4672, 885, 'QZUJMRC3'),
(4673, 885, 'X8WSBD4C'),
(4634, 886, 'QZUJMRC3'),
(4635, 886, 'X8WSBD4C'),
(4665, 888, 'ISJS34XX'),
(4666, 888, 'QZUJMRC3'),
(4667, 888, 'TXS7ZDHW'),
(4640, 889, 'ISJS34XX'),
(4641, 889, 'QZUJMRC3'),
(4642, 889, 'S3TSAN7H'),
(4636, 890, 'QZUJMRC3'),
(4637, 890, 'X8WSBD4C'),
(4734, 891, '742FMSX7'),
(4731, 891, 'ISJS34XX'),
(4733, 891, 'QZUJMRC3'),
(4735, 891, 'S3TSAN7H'),
(4732, 891, 'SR9M3TV2'),
(4204, 892, 'QZUJMRC3'),
(4205, 892, 'ZX6CE87M'),
(4775, 893, 'H3RJGKX4'),
(4777, 893, 'QZUJMRC3'),
(4776, 893, 'ZI8KTVSP'),
(4778, 893, 'ZQDGBGVT'),
(4211, 894, '8KGEXRZB'),
(4212, 894, 'A3PWJZWG'),
(4210, 894, 'QZUJMRC3'),
(4773, 895, '9TIXPP9E'),
(4774, 895, 'QZUJMRC3'),
(4736, 896, 'FJTTG6MX'),
(4738, 896, 'H4WMQ43K'),
(4737, 896, 'QZUJMRC3'),
(4743, 897, 'H4WMQ43K'),
(4739, 897, 'ISJS34XX'),
(4742, 897, 'QZUJMRC3'),
(4741, 897, 'RFFGJV2T'),
(4740, 897, 'UNFNKRID'),
(4745, 898, 'EUR9NMQB'),
(4744, 898, 'ISJS34XX'),
(4746, 898, 'QZUJMRC3'),
(4747, 898, 'SR9M3TV2'),
(4752, 899, 'AAP2HZ4D'),
(4753, 899, 'QZUJMRC3'),
(4754, 899, 'X234DXJA'),
(4749, 900, '9QWMF92U'),
(4750, 900, 'B7V2J2MX'),
(4748, 900, 'QZUJMRC3'),
(4751, 900, 'XXPAIF4U'),
(4755, 901, 'ISJS34XX'),
(4756, 901, 'QZUJMRC3'),
(4758, 901, 'SH7APTAG'),
(4757, 901, 'UP62PVF3'),
(4759, 902, '63K6DDZ2'),
(4761, 902, 'B6KRQJI5'),
(4760, 902, 'QZUJMRC3'),
(4762, 903, '4FZEU7ET'),
(4764, 903, 'B6KRQJI5'),
(4763, 903, 'QZUJMRC3'),
(4765, 904, 'EFMKDNSN'),
(4767, 904, 'PVQZNK4T'),
(4766, 904, 'QZUJMRC3'),
(4769, 905, '63K6DDZ2'),
(4772, 905, '9TNWT3B4'),
(4771, 905, 'B6KRQJI5'),
(4768, 905, 'J42DTDXU'),
(4770, 905, 'QZUJMRC3'),
(4345, 906, '2VJGZD3S'),
(4346, 906, 'PBZB37U3'),
(4344, 906, 'QZUJMRC3'),
(4354, 907, '2VJGZD3S'),
(4353, 907, 'QZUJMRC3'),
(4811, 908, 'GJW8QFDJ'),
(4812, 908, 'ISJS34XX'),
(4814, 908, 'MUPBSAEK'),
(4810, 908, 'QZUJMRC3'),
(4813, 908, 'SBTC4GXW'),
(4815, 908, 'ZE8E9Z68'),
(4833, 909, 'ISJS34XX'),
(4834, 909, 'QZUJMRC3'),
(4832, 909, 'SBTC4GXW'),
(4838, 910, '3C3VKMFV'),
(4836, 910, 'J42DTDXU'),
(4839, 910, 'KTJBDDR7'),
(4837, 910, 'Q8T436DJ'),
(4835, 910, 'QZUJMRC3'),
(4841, 911, 'E6T3X6TV'),
(4840, 911, 'J7K9DHMZ'),
(4842, 911, 'QZUJMRC3'),
(4894, 914, 'P936BSAG'),
(4896, 914, 'QZUJMRC3'),
(4895, 914, 'SBTC4GXW'),
(4902, 915, 'J7K9DHMZ'),
(4903, 915, 'P936BSAG'),
(4904, 915, 'QZUJMRC3'),
(4858, 916, 'C34WIHEB'),
(4861, 916, 'QZUJMRC3'),
(4859, 916, 'STR2TKZR'),
(4860, 916, 'ZE8E9Z68'),
(4877, 917, 'B4T724K7'),
(4878, 917, 'Q3EMCRVS'),
(4875, 917, 'QZUJMRC3'),
(4876, 917, 'ZE8E9Z68'),
(4879, 918, 'QZUJMRC3'),
(4880, 918, 'UQKI3K8W'),
(4881, 918, 'ZE8E9Z68'),
(4872, 919, 'QZUJMRC3'),
(4873, 919, 'UQKI3K8W'),
(4874, 919, 'ZE8E9Z68'),
(4905, 920, 'QZUJMRC3'),
(4909, 921, '6NV7S5FA'),
(4907, 921, '7VBWIDZQ'),
(4908, 921, 'A6M94DJ4'),
(4910, 921, 'A7R694BA'),
(4912, 921, 'F3ZGQIFV'),
(4906, 921, 'F9CVA8SA'),
(4911, 921, 'MC5DTXFW'),
(4913, 921, 'QZUJMRC3'),
(4914, 922, '2Q43MTG5'),
(4916, 922, 'F3ZGQIFV'),
(4917, 922, 'QZUJMRC3'),
(4915, 922, 'U2GKTJWM'),
(4942, 923, '3X89SZD7'),
(4943, 923, 'QZUJMRC3'),
(4919, 924, 'DDTC75TZ'),
(4918, 924, 'F9CVA8SA'),
(4920, 924, 'KU2XPCCA'),
(4921, 924, 'QZUJMRC3'),
(4924, 925, '8K4GUD66'),
(4925, 925, 'QZUJMRC3'),
(4935, 926, '9QAEATQ5'),
(4936, 926, 'QZUJMRC3'),
(4934, 926, 'V7VZIX3W'),
(4930, 927, 'F3ZGQIFV'),
(4931, 927, 'QZUJMRC3'),
(4929, 927, 'U2GKTJWM'),
(4939, 928, 'F3ZGQIFV'),
(4941, 928, 'IHHX4CTU'),
(4940, 928, 'ISJS34XX'),
(4938, 928, 'QZUJMRC3'),
(4937, 928, 'U2GKTJWM'),
(4392, 929, 'QZUJMRC3'),
(4393, 930, 'QZUJMRC3'),
(4395, 931, 'XQICR3D9'),
(4396, 932, 'XQICR3D9'),
(4397, 933, 'XQICR3D9'),
(4398, 934, 'XQICR3D9'),
(4399, 935, 'XQICR3D9'),
(4400, 936, 'XQICR3D9'),
(4401, 937, 'XQICR3D9'),
(4402, 938, 'XQICR3D9'),
(4405, 939, 'XQICR3D9'),
(4426, 940, 'XQICR3D9'),
(4425, 941, 'XQICR3D9'),
(4423, 942, 'XQICR3D9'),
(4424, 943, 'XQICR3D9'),
(4410, 945, '5V7VE92H'),
(4411, 945, 'XQICR3D9'),
(4412, 946, '5V7VE92H'),
(4415, 948, '5V7VE92H'),
(4416, 948, 'XQICR3D9'),
(4422, 949, '5V7VE92H'),
(4418, 950, '5V7VE92H'),
(4419, 951, '5V7VE92H'),
(4421, 952, '5V7VE92H'),
(4420, 952, 'ZASQRTQ9'),
(4435, 953, '6AC3R5SA'),
(4436, 953, 'V6GK8RR6'),
(4437, 954, '6AC3R5SA'),
(4438, 954, 'V6GK8RR6'),
(4439, 955, 'V6GK8RR6'),
(4440, 956, 'V6GK8RR6'),
(4441, 957, 'V6GK8RR6'),
(4442, 958, '5UAEH92P'),
(4443, 958, 'V6GK8RR6'),
(4444, 959, 'V6GK8RR6'),
(4445, 960, 'V6GK8RR6'),
(4446, 961, 'V6GK8RR6'),
(4447, 962, 'V6GK8RR6'),
(4448, 963, 'V6GK8RR6'),
(4449, 964, 'V6GK8RR6'),
(4450, 965, 'V6GK8RR6'),
(4451, 966, 'V6GK8RR6'),
(4452, 967, 'V6GK8RR6'),
(4453, 968, 'V6GK8RR6'),
(4454, 969, 'V6GK8RR6'),
(4455, 970, 'V6GK8RR6'),
(4456, 971, 'V6GK8RR6'),
(4457, 972, 'V6GK8RR6'),
(4458, 973, 'V6GK8RR6'),
(4459, 974, 'V6GK8RR6'),
(4463, 975, 'V6GK8RR6'),
(4464, 976, 'V6GK8RR6'),
(4465, 977, 'V6GK8RR6'),
(4466, 978, 'V6GK8RR6'),
(4467, 979, 'V6GK8RR6'),
(4468, 980, 'V6GK8RR6'),
(4469, 981, 'V6GK8RR6'),
(4470, 982, 'V6GK8RR6'),
(4471, 983, 'V6GK8RR6'),
(4472, 984, 'V6GK8RR6'),
(4473, 985, 'V6GK8RR6'),
(4474, 986, 'V6GK8RR6'),
(4475, 987, 'V6GK8RR6'),
(4476, 988, 'V6GK8RR6'),
(4477, 989, 'V6GK8RR6'),
(4478, 990, 'V6GK8RR6'),
(4479, 991, 'V6GK8RR6'),
(4480, 992, 'V6GK8RR6'),
(4481, 993, 'V6GK8RR6'),
(4482, 994, 'V6GK8RR6'),
(4483, 995, 'V6GK8RR6'),
(4484, 996, 'V6GK8RR6'),
(4485, 997, 'V6GK8RR6'),
(4486, 998, 'V6GK8RR6'),
(4487, 999, 'V6GK8RR6'),
(4488, 1000, 'V6GK8RR6'),
(4489, 1001, 'V6GK8RR6'),
(4490, 1002, 'V6GK8RR6'),
(4491, 1003, 'V6GK8RR6'),
(4492, 1004, 'V6GK8RR6'),
(4493, 1005, 'V6GK8RR6'),
(4494, 1006, 'V6GK8RR6'),
(4495, 1007, 'V6GK8RR6'),
(4496, 1008, 'V6GK8RR6'),
(4497, 1009, 'V6GK8RR6'),
(4498, 1010, 'V6GK8RR6'),
(4944, 1011, 'V6GK8RR6'),
(4947, 1012, 'V6GK8RR6'),
(4948, 1013, 'V6GK8RR6'),
(4949, 1014, 'TM5MRISU'),
(4950, 1014, 'V6GK8RR6'),
(4951, 1015, 'V6GK8RR6'),
(4952, 1016, 'V6GK8RR6'),
(4953, 1017, 'V6GK8RR6'),
(4954, 1018, 'V6GK8RR6'),
(4955, 1019, 'V6GK8RR6'),
(4956, 1020, 'V6GK8RR6'),
(4957, 1021, 'V6GK8RR6'),
(4958, 1022, 'V6GK8RR6'),
(4959, 1023, 'V6GK8RR6'),
(4960, 1024, 'V6GK8RR6'),
(4961, 1025, 'V6GK8RR6'),
(4962, 1026, 'V6GK8RR6'),
(4963, 1027, 'V6GK8RR6'),
(4964, 1028, 'V6GK8RR6'),
(4965, 1029, 'V6GK8RR6'),
(4966, 1030, 'V6GK8RR6'),
(4967, 1031, 'V6GK8RR6'),
(4968, 1032, 'V6GK8RR6'),
(5078, 1033, 'MC5TAS6S'),
(5079, 1033, 'QZUJMRC3'),
(5080, 1033, 'Z9QPDQET'),
(5093, 1034, 'GJH2HEB2'),
(5094, 1034, 'QZUJMRC3'),
(5095, 1034, 'Z9QPDQET'),
(5097, 1035, 'IZWHMARG'),
(5096, 1035, 'QZUJMRC3'),
(5123, 1036, 'QZUJMRC3'),
(5124, 1036, 'Z6ZBJ9U9'),
(5125, 1037, 'BS2EXHS7'),
(5126, 1037, 'QZUJMRC3'),
(5127, 1037, 'Z9QPDQET'),
(5129, 1038, 'D43WJX4J'),
(5130, 1038, 'QZUJMRC3'),
(5131, 1038, 'Z6ZBJ9U9'),
(5132, 1038, 'Z9QPDQET'),
(5133, 1039, 'V6GK8RR6'),
(5134, 1040, 'V6GK8RR6'),
(5135, 1041, 'V6GK8RR6'),
(5136, 1042, 'V6GK8RR6'),
(5137, 1043, 'V6GK8RR6'),
(5138, 1044, 'V6GK8RR6'),
(5139, 1045, 'V6GK8RR6'),
(5140, 1046, 'V6GK8RR6'),
(5141, 1047, 'V6GK8RR6'),
(5142, 1048, 'V6GK8RR6'),
(5143, 1049, 'V6GK8RR6'),
(5144, 1050, 'V6GK8RR6'),
(5145, 1051, 'V6GK8RR6'),
(5146, 1052, 'V6GK8RR6'),
(5147, 1053, 'V6GK8RR6'),
(5148, 1054, 'V6GK8RR6'),
(5149, 1055, 'V6GK8RR6'),
(5150, 1056, 'V6GK8RR6'),
(5151, 1057, 'V6GK8RR6'),
(5152, 1058, 'V6GK8RR6'),
(5153, 1059, 'V6GK8RR6'),
(5154, 1060, 'V6GK8RR6'),
(5155, 1061, 'V6GK8RR6'),
(5156, 1062, 'V6GK8RR6'),
(5157, 1063, 'V6GK8RR6'),
(5158, 1064, 'V6GK8RR6'),
(5159, 1065, 'V6GK8RR6'),
(5160, 1066, 'V6GK8RR6'),
(5161, 1067, 'V6GK8RR6'),
(5162, 1068, 'V6GK8RR6'),
(5163, 1069, 'V6GK8RR6'),
(5164, 1070, 'V6GK8RR6'),
(5165, 1071, 'V6GK8RR6'),
(5166, 1072, 'V6GK8RR6'),
(5167, 1073, 'V6GK8RR6'),
(5169, 1074, '3RKXDUQ2'),
(5168, 1074, 'V6GK8RR6'),
(5170, 1075, 'V6GK8RR6'),
(5171, 1076, 'V6GK8RR6'),
(5172, 1077, 'V6GK8RR6'),
(5173, 1078, 'V6GK8RR6'),
(5174, 1079, 'V6GK8RR6'),
(5175, 1080, 'V6GK8RR6'),
(5176, 1081, 'V6GK8RR6'),
(5177, 1082, 'V6GK8RR6'),
(5178, 1083, 'V6GK8RR6'),
(5179, 1084, 'V6GK8RR6'),
(5180, 1085, 'V6GK8RR6'),
(5181, 1086, 'V6GK8RR6'),
(5182, 1087, 'V6GK8RR6'),
(5183, 1088, 'V6GK8RR6'),
(5184, 1089, 'V6GK8RR6'),
(5185, 1090, 'V6GK8RR6'),
(5187, 1092, 'V6GK8RR6'),
(5188, 1093, 'V6GK8RR6'),
(5189, 1094, 'B9KHRB45'),
(5190, 1094, 'V6GK8RR6'),
(5191, 1095, 'V6GK8RR6'),
(5192, 1096, 'V6GK8RR6'),
(5194, 1097, 'V6GK8RR6'),
(5195, 1098, 'V6GK8RR6'),
(5196, 1099, 'V6GK8RR6'),
(5198, 1100, 'EEX66CT9'),
(5197, 1100, 'V6GK8RR6'),
(5199, 1101, 'V6GK8RR6'),
(5200, 1102, 'V6GK8RR6'),
(5201, 1103, 'V6GK8RR6'),
(5202, 1104, 'V6GK8RR6'),
(5203, 1105, 'V6GK8RR6'),
(5204, 1106, 'V6GK8RR6'),
(5205, 1107, 'V6GK8RR6'),
(5206, 1108, 'V6GK8RR6'),
(5207, 1109, 'V6GK8RR6'),
(5208, 1110, 'V6GK8RR6'),
(5209, 1111, 'V6GK8RR6'),
(5210, 1112, 'V6GK8RR6'),
(5211, 1113, 'V6GK8RR6'),
(5212, 1114, 'V6GK8RR6'),
(5213, 1115, 'V6GK8RR6'),
(5214, 1116, 'V6GK8RR6'),
(5215, 1117, 'V6GK8RR6'),
(5216, 1118, 'V6GK8RR6'),
(5217, 1119, 'V6GK8RR6'),
(5218, 1120, 'V6GK8RR6'),
(5219, 1121, 'V6GK8RR6'),
(5220, 1122, 'V6GK8RR6'),
(5221, 1123, 'V6GK8RR6'),
(5222, 1124, 'V6GK8RR6'),
(5223, 1125, 'V6GK8RR6'),
(5224, 1126, 'V6GK8RR6'),
(5225, 1127, 'V6GK8RR6'),
(5226, 1128, 'V6GK8RR6'),
(5228, 1129, 'QZUJMRC3'),
(5227, 1129, 'X8WSBD4C'),
(5229, 1130, '6K4MB5U6'),
(5230, 1130, 'CAV4SV72'),
(5232, 1131, '6K4MB5U6'),
(5231, 1131, 'CAV4SV72'),
(5233, 1132, 'CAV4SV72'),
(5236, 1134, '497KTT3G'),
(5237, 1134, '6K4MB5U6'),
(5238, 1135, '497KTT3G'),
(5239, 1135, '6K4MB5U6'),
(5240, 1136, '497KTT3G'),
(5241, 1136, '6K4MB5U6'),
(5243, 1137, '6K4MB5U6'),
(5242, 1137, '6U6JQK94'),
(5245, 1138, '6K4MB5U6'),
(5244, 1138, '6U6JQK94'),
(5247, 1139, '6K4MB5U6'),
(5246, 1139, '6U6JQK94'),
(5248, 1140, '6K4MB5U6'),
(5249, 1141, '6K4MB5U6'),
(5250, 1142, '2VU6N7T7'),
(5251, 1143, '2VU6N7T7'),
(5252, 1144, 'N7Q6W87G'),
(5253, 1145, 'VTFGNHAM'),
(5254, 1146, 'VTFGNHAM'),
(5255, 1147, 'VTFGNHAM'),
(5263, 1148, 'KRU9K3HX'),
(5264, 1149, 'S6SB4F3R'),
(5265, 1150, 'GVG6IIWP'),
(5266, 1151, 'GVG6IIWP'),
(5267, 1152, 'GVG6IIWP'),
(5268, 1153, 'GVG6IIWP'),
(5269, 1154, 'GVG6IIWP'),
(5274, 1155, 'GVG6IIWP'),
(5275, 1156, 'GVG6IIWP'),
(5276, 1157, 'GVG6IIWP');

-- --------------------------------------------------------

--
-- Table structure for table `defcdb_area_settlement_building_technique`
--

CREATE TABLE `defcdb_area_settlement_building_technique` (
  `id` int(11) NOT NULL,
  `area_id` int(11) NOT NULL,
  `dc_area_buildingtechnique_id` int(11) NOT NULL
) ENGINE=InnoDB DEFAULT CHARSET=utf8;

--
-- Dumping data for table `defcdb_area_settlement_building_technique`
--

INSERT INTO `defcdb_area_settlement_building_technique` (`id`, `area_id`, `dc_area_buildingtechnique_id`) VALUES
(110, 2, 1),
(112, 2, 5),
(111, 2, 11),
(31, 3, 11),
(196, 11, 2),
(198, 11, 7),
(197, 11, 11),
(30, 22, 6),
(57, 23, 1),
(58, 23, 2),
(59, 23, 3),
(60, 23, 5),
(29, 24, 1),
(22, 25, 2),
(24, 25, 4),
(25, 25, 6),
(23, 25, 11),
(199, 29, 3),
(200, 29, 11),
(39, 31, 1),
(40, 31, 5),
(41, 33, 1),
(42, 33, 2),
(43, 33, 5),
(47, 41, 1),
(48, 41, 5),
(55, 52, 2),
(56, 52, 5),
(68, 55, 2),
(69, 55, 7),
(65, 56, 1),
(66, 56, 7),
(67, 57, 7),
(79, 67, 1),
(80, 67, 6),
(81, 67, 7),
(737, 68, 6),
(738, 68, 7),
(736, 68, 13),
(85, 71, 1),
(734, 73, 2),
(735, 73, 6),
(94, 75, 2),
(96, 75, 4),
(95, 75, 11),
(97, 80, 3),
(99, 80, 5),
(98, 80, 11),
(100, 81, 11),
(102, 87, 1),
(103, 87, 2),
(105, 87, 5),
(101, 87, 8),
(104, 87, 9),
(109, 88, 5),
(106, 88, 8),
(107, 88, 9),
(108, 88, 10),
(113, 110, 5),
(114, 110, 6),
(564, 113, 1),
(566, 113, 13),
(121, 117, 1),
(122, 118, 2),
(124, 119, 3),
(126, 130, 1),
(129, 132, 11),
(130, 143, 2),
(131, 143, 7),
(342, 147, 1),
(343, 147, 2),
(344, 147, 7),
(862, 148, 2),
(863, 148, 3),
(864, 148, 7),
(138, 149, 1),
(139, 149, 3),
(140, 151, 1),
(141, 152, 1),
(142, 153, 1),
(143, 155, 1),
(153, 171, 3),
(155, 171, 5),
(154, 171, 11),
(175, 173, 5),
(176, 173, 6),
(567, 174, 1),
(569, 174, 3),
(568, 174, 5),
(571, 175, 1),
(572, 175, 2),
(573, 175, 3),
(575, 175, 8),
(576, 175, 11),
(447, 177, 1),
(177, 178, 1),
(179, 178, 6),
(178, 178, 12),
(454, 189, 11),
(455, 189, 15),
(452, 189, 17),
(453, 189, 18),
(457, 191, 11),
(456, 191, 18),
(207, 193, 1),
(208, 193, 2),
(209, 193, 12),
(201, 201, 1),
(203, 201, 6),
(202, 201, 13),
(210, 237, 3),
(211, 238, 2),
(212, 238, 11),
(213, 239, 11),
(216, 247, 11),
(217, 256, 11),
(225, 276, 1),
(227, 276, 5),
(226, 276, 11),
(262, 288, 8),
(263, 288, 10),
(264, 289, 8),
(265, 289, 10),
(238, 293, 1),
(240, 293, 4),
(239, 293, 11),
(249, 294, 3),
(250, 294, 4),
(253, 295, 1),
(255, 295, 5),
(254, 295, 11),
(258, 296, 11),
(259, 297, 1),
(261, 297, 5),
(260, 297, 11),
(266, 307, 8),
(267, 307, 10),
(268, 310, 1),
(269, 310, 5),
(271, 311, 4),
(270, 311, 11),
(272, 313, 1),
(273, 313, 5),
(274, 331, 16),
(346, 348, 6),
(345, 348, 19),
(276, 349, 13),
(337, 366, 6),
(338, 366, 7),
(339, 367, 1),
(340, 367, 5),
(341, 367, 7),
(282, 368, 7),
(283, 369, 6),
(286, 375, 1),
(287, 375, 5),
(288, 381, 5),
(289, 381, 6),
(290, 384, 1),
(291, 384, 7),
(292, 391, 6),
(357, 393, 6),
(849, 394, 1),
(850, 394, 6),
(851, 395, 6),
(852, 395, 7),
(855, 397, 1),
(856, 397, 5),
(307, 398, 2),
(309, 398, 7),
(308, 398, 11),
(857, 401, 1),
(858, 401, 7),
(859, 412, 6),
(861, 423, 6),
(320, 436, 11),
(321, 441, 11),
(322, 443, 11),
(323, 447, 11),
(324, 451, 1),
(325, 451, 5),
(326, 454, 11),
(829, 456, 5),
(827, 458, 5),
(833, 465, 5),
(832, 465, 11),
(835, 467, 5),
(834, 467, 11),
(836, 470, 11),
(358, 478, 1),
(359, 478, 5),
(360, 479, 8),
(361, 479, 10),
(362, 495, 11),
(364, 496, 11),
(365, 555, 11),
(366, 576, 1),
(367, 576, 11),
(370, 578, 1),
(371, 578, 10),
(372, 612, 12),
(379, 628, 1),
(380, 628, 3),
(381, 640, 3),
(382, 642, 3),
(407, 659, 4),
(409, 659, 6),
(406, 659, 10),
(408, 659, 12),
(396, 678, 2),
(397, 678, 3),
(398, 678, 4),
(399, 678, 12),
(612, 679, 4),
(611, 679, 11),
(613, 679, 13),
(616, 752, 1),
(617, 752, 2),
(619, 752, 4),
(618, 752, 11),
(462, 759, 5),
(561, 760, 4),
(560, 760, 11),
(562, 760, 13),
(602, 767, 1),
(603, 767, 2),
(605, 767, 4),
(604, 767, 11),
(606, 767, 12),
(488, 776, 4),
(489, 776, 5),
(487, 776, 11),
(535, 777, 4),
(536, 777, 5),
(537, 777, 11),
(539, 777, 15),
(533, 777, 17),
(534, 777, 18),
(529, 778, 5),
(530, 778, 11),
(532, 778, 15),
(527, 778, 17),
(528, 778, 18),
(542, 779, 4),
(543, 779, 5),
(544, 779, 11),
(546, 779, 15),
(540, 779, 17),
(541, 779, 18),
(549, 780, 5),
(551, 780, 15),
(547, 780, 17),
(548, 780, 18),
(599, 787, 11),
(600, 788, 2),
(601, 788, 11),
(597, 807, 4),
(598, 807, 6),
(577, 815, 11),
(633, 826, 1),
(634, 826, 6),
(772, 828, 1),
(773, 828, 3),
(774, 828, 5),
(630, 842, 1),
(631, 842, 4),
(632, 842, 9),
(743, 852, 1),
(744, 852, 5),
(745, 854, 1),
(746, 854, 5),
(783, 856, 5),
(784, 856, 6),
(801, 858, 5),
(830, 859, 5),
(831, 859, 6),
(823, 860, 5),
(824, 860, 6),
(822, 861, 5),
(802, 864, 5),
(760, 865, 1),
(761, 865, 6),
(762, 866, 3),
(763, 866, 6),
(820, 868, 3),
(821, 868, 5),
(893, 872, 5),
(789, 874, 1),
(785, 878, 1),
(786, 878, 5),
(787, 879, 1),
(788, 879, 5),
(843, 880, 1),
(844, 880, 5),
(805, 881, 11),
(790, 885, 5),
(791, 885, 6),
(808, 891, 1),
(809, 891, 5),
(819, 895, 11),
(810, 896, 1),
(811, 897, 1),
(812, 900, 1),
(813, 900, 3),
(814, 900, 5),
(815, 901, 1),
(816, 901, 5),
(817, 904, 5),
(818, 905, 5),
(724, 906, 5),
(728, 907, 5),
(828, 909, 5),
(837, 921, 6),
(838, 922, 5),
(840, 925, 1),
(842, 926, 3),
(739, 972, 5),
(740, 973, 11),
(865, 1037, 5),
(866, 1130, 1),
(868, 1130, 15),
(867, 1130, 20),
(869, 1131, 1),
(870, 1131, 4),
(871, 1131, 5),
(872, 1131, 6),
(873, 1135, 5),
(874, 1136, 5),
(875, 1137, 6),
(876, 1138, 1),
(877, 1138, 17),
(878, 1140, 1),
(879, 1140, 4),
(880, 1140, 5),
(881, 1141, 5),
(882, 1142, 1),
(883, 1142, 5),
(884, 1143, 1),
(886, 1143, 5),
(885, 1143, 12),
(887, 1145, 4),
(888, 1146, 6),
(889, 1147, 1),
(890, 1147, 4),
(891, 1147, 5),
(892, 1147, 7),
(895, 1148, 5),
(896, 1148, 6),
(894, 1148, 11),
(897, 1149, 5);

-- --------------------------------------------------------

--
-- Table structure for table `defcdb_area_settlement_construction_shape`
--

CREATE TABLE `defcdb_area_settlement_construction_shape` (
  `id` int(11) NOT NULL,
  `area_id` int(11) NOT NULL,
  `dc_area_constructionshape_id` int(11) NOT NULL
) ENGINE=InnoDB DEFAULT CHARSET=utf8;

--
-- Dumping data for table `defcdb_area_settlement_construction_shape`
--

INSERT INTO `defcdb_area_settlement_construction_shape` (`id`, `area_id`, `dc_area_constructionshape_id`) VALUES
(11, 2, 2),
(38, 2, 4),
(42, 3, 4),
(12, 19, 2),
(41, 19, 4),
(40, 22, 4),
(13, 23, 2),
(45, 23, 4),
(39, 24, 4),
(14, 25, 2),
(46, 29, 4),
(2, 31, 1),
(47, 31, 4),
(15, 33, 2),
(16, 41, 2),
(48, 41, 4),
(43, 52, 4),
(1, 53, 1),
(44, 53, 4),
(50, 55, 4),
(51, 56, 4),
(52, 57, 4),
(53, 67, 4),
(228, 68, 4),
(55, 71, 4),
(18, 75, 2),
(56, 80, 4),
(57, 81, 4),
(19, 87, 2),
(58, 87, 4),
(20, 88, 2),
(59, 88, 4),
(3, 89, 1),
(60, 89, 4),
(21, 110, 2),
(61, 110, 4),
(62, 113, 4),
(63, 119, 4),
(22, 132, 2),
(64, 132, 4),
(68, 143, 4),
(347, 148, 4),
(23, 149, 2),
(69, 149, 4),
(71, 151, 4),
(72, 152, 4),
(73, 153, 4),
(74, 155, 4),
(75, 171, 4),
(24, 173, 2),
(77, 173, 4),
(66, 174, 4),
(67, 175, 4),
(65, 177, 4),
(78, 178, 4),
(4, 185, 1),
(25, 189, 2),
(31, 189, 3),
(79, 191, 4),
(76, 193, 4),
(80, 201, 4),
(86, 238, 4),
(87, 239, 4),
(88, 262, 4),
(89, 276, 4),
(90, 295, 4),
(91, 296, 4),
(27, 297, 2),
(92, 297, 4),
(93, 310, 4),
(94, 312, 4),
(95, 313, 4),
(96, 317, 4),
(98, 347, 4),
(99, 348, 4),
(97, 349, 4),
(100, 366, 4),
(32, 367, 3),
(102, 367, 4),
(101, 368, 4),
(103, 375, 4),
(104, 381, 4),
(5, 384, 1),
(28, 384, 2),
(105, 384, 4),
(341, 395, 3),
(342, 395, 4),
(343, 401, 4),
(344, 412, 4),
(346, 423, 4),
(110, 436, 4),
(29, 454, 2),
(111, 454, 4),
(321, 458, 1),
(322, 458, 4),
(7, 461, 1),
(327, 465, 1),
(328, 465, 4),
(329, 467, 3),
(330, 470, 4),
(17, 478, 2),
(49, 478, 4),
(115, 482, 4),
(116, 488, 4),
(117, 495, 4),
(118, 496, 4),
(119, 612, 4),
(30, 623, 2),
(120, 623, 4),
(129, 678, 5),
(138, 752, 4),
(9, 759, 1),
(123, 760, 4),
(122, 761, 4),
(133, 764, 3),
(134, 764, 4),
(135, 765, 4),
(136, 767, 4),
(81, 776, 4),
(83, 777, 4),
(26, 778, 2),
(82, 778, 4),
(84, 779, 4),
(85, 780, 4),
(132, 787, 4),
(130, 807, 1),
(131, 807, 3),
(139, 826, 3),
(269, 828, 4),
(231, 852, 1),
(232, 852, 4),
(233, 854, 1),
(234, 854, 4),
(275, 856, 4),
(291, 858, 2),
(292, 858, 4),
(324, 859, 1),
(325, 859, 2),
(326, 859, 4),
(315, 860, 2),
(316, 860, 4),
(317, 860, 5),
(314, 861, 4),
(293, 864, 4),
(252, 865, 2),
(253, 866, 3),
(254, 866, 4),
(294, 867, 2),
(312, 868, 1),
(313, 868, 4),
(361, 871, 3),
(362, 872, 3),
(363, 872, 4),
(278, 874, 4),
(276, 878, 4),
(277, 879, 4),
(337, 880, 2),
(338, 880, 4),
(297, 881, 4),
(279, 885, 4),
(299, 891, 4),
(311, 895, 4),
(300, 896, 4),
(301, 897, 4),
(302, 900, 2),
(303, 900, 4),
(304, 901, 4),
(305, 904, 2),
(306, 904, 3),
(307, 904, 4),
(308, 905, 1),
(309, 905, 2),
(310, 905, 4),
(219, 906, 4),
(222, 907, 4),
(323, 909, 4),
(331, 921, 4),
(332, 922, 4),
(334, 925, 3),
(336, 926, 4),
(348, 1037, 4),
(349, 1130, 4),
(350, 1131, 4),
(351, 1135, 4),
(352, 1135, 5),
(353, 1138, 4),
(354, 1140, 4),
(355, 1141, 4),
(356, 1142, 4),
(357, 1143, 4),
(358, 1145, 4),
(359, 1146, 4),
(360, 1147, 4),
(364, 1148, 2),
(365, 1148, 4),
(366, 1149, 2);

-- --------------------------------------------------------

--
-- Table structure for table `defcdb_area_settlement_construction_type`
--

CREATE TABLE `defcdb_area_settlement_construction_type` (
  `id` int(11) NOT NULL,
  `area_id` int(11) NOT NULL,
  `dc_area_constructiontype_id` int(11) NOT NULL
) ENGINE=InnoDB DEFAULT CHARSET=utf8;

--
-- Dumping data for table `defcdb_area_settlement_construction_type`
--

INSERT INTO `defcdb_area_settlement_construction_type` (`id`, `area_id`, `dc_area_constructiontype_id`) VALUES
(28, 3, 3),
(26, 19, 3),
(128, 29, 3),
(46, 52, 3),
(61, 67, 3),
(63, 67, 7),
(263, 68, 8),
(67, 71, 7),
(262, 73, 8),
(74, 75, 3),
(75, 80, 8),
(78, 87, 8),
(81, 88, 8),
(108, 157, 8),
(130, 201, 8),
(154, 288, 10),
(155, 289, 10),
(142, 293, 3),
(156, 307, 10),
(208, 348, 8),
(180, 384, 7),
(176, 384, 8),
(267, 395, 11),
(268, 401, 11),
(191, 454, 3),
(265, 456, 8),
(214, 479, 10),
(218, 495, 3),
(222, 496, 3),
(251, 759, 3),
(258, 765, 3),
(259, 767, 3),
(273, 871, 8),
(275, 872, 3),
(274, 872, 8),
(269, 1138, 3),
(270, 1140, 3),
(271, 1141, 3),
(272, 1146, 3),
(276, 1148, 3);

-- --------------------------------------------------------

--
-- Table structure for table `defcdb_area_settlement_special_features`
--

CREATE TABLE `defcdb_area_settlement_special_features` (
  `id` int(11) NOT NULL,
  `area_id` int(11) NOT NULL,
  `dc_area_specialfeatures_id` int(11) NOT NULL
) ENGINE=InnoDB DEFAULT CHARSET=utf8;

--
-- Dumping data for table `defcdb_area_settlement_special_features`
--

INSERT INTO `defcdb_area_settlement_special_features` (`id`, `area_id`, `dc_area_specialfeatures_id`) VALUES
(57, 3, 3),
(58, 3, 11),
(314, 11, 13),
(52, 19, 3),
(54, 19, 4),
(55, 19, 5),
(53, 19, 11),
(56, 19, 15),
(49, 22, 3),
(50, 22, 11),
(51, 22, 14),
(105, 23, 3),
(106, 23, 15),
(104, 23, 18),
(34, 25, 1),
(35, 25, 3),
(37, 25, 5),
(38, 25, 7),
(39, 25, 13),
(40, 25, 15),
(36, 25, 19),
(118, 28, 3),
(119, 28, 13),
(117, 28, 18),
(317, 29, 11),
(316, 29, 18),
(67, 30, 5),
(66, 30, 11),
(78, 31, 1),
(79, 31, 4),
(80, 31, 5),
(81, 31, 7),
(82, 31, 8),
(83, 31, 9),
(84, 31, 11),
(85, 31, 13),
(86, 31, 15),
(87, 31, 18),
(88, 31, 19),
(89, 40, 3),
(90, 40, 11),
(98, 52, 3),
(100, 52, 6),
(101, 52, 9),
(102, 52, 13),
(103, 52, 15),
(97, 52, 18),
(99, 52, 19),
(122, 55, 5),
(120, 55, 12),
(121, 55, 13),
(115, 56, 5),
(114, 56, 13),
(113, 56, 18),
(116, 57, 5),
(133, 67, 3),
(134, 67, 4),
(135, 67, 5),
(136, 67, 7),
(132, 67, 18),
(1286, 68, 4),
(1287, 68, 5),
(1284, 73, 3),
(1285, 73, 5),
(146, 75, 7),
(145, 75, 18),
(147, 80, 8),
(148, 81, 1),
(149, 81, 3),
(150, 81, 11),
(151, 81, 15),
(152, 86, 8),
(153, 87, 2),
(154, 87, 3),
(156, 87, 5),
(157, 87, 7),
(158, 87, 12),
(159, 87, 13),
(155, 87, 18),
(160, 88, 2),
(161, 88, 3),
(162, 88, 5),
(163, 89, 14),
(164, 98, 18),
(165, 99, 18),
(166, 100, 8),
(167, 100, 9),
(168, 110, 4),
(169, 110, 5),
(170, 110, 6),
(1023, 113, 3),
(1024, 113, 13),
(1025, 113, 18),
(1026, 113, 20),
(1027, 113, 21),
(1028, 113, 22),
(1029, 113, 23),
(1030, 113, 24),
(190, 118, 4),
(191, 118, 13),
(194, 119, 3),
(195, 119, 11),
(198, 130, 4),
(199, 130, 20),
(208, 136, 4),
(210, 143, 3),
(211, 143, 5),
(212, 143, 6),
(209, 143, 18),
(625, 147, 4),
(626, 147, 5),
(629, 147, 8),
(630, 147, 13),
(631, 147, 15),
(627, 147, 20),
(628, 147, 22),
(1395, 148, 3),
(1396, 148, 8),
(1397, 148, 9),
(1398, 148, 11),
(1399, 148, 15),
(1400, 148, 20),
(1401, 148, 22),
(1402, 148, 25),
(1403, 148, 26),
(1404, 148, 27),
(229, 149, 3),
(228, 149, 8),
(230, 149, 11),
(231, 153, 4),
(232, 155, 15),
(247, 157, 4),
(248, 157, 5),
(249, 157, 15),
(246, 157, 28),
(255, 171, 14),
(254, 171, 18),
(284, 173, 5),
(285, 173, 15),
(283, 173, 20),
(282, 173, 25),
(1032, 174, 3),
(1033, 174, 6),
(1034, 174, 11),
(1035, 174, 15),
(1036, 174, 18),
(1037, 174, 22),
(1038, 174, 26),
(1031, 174, 32),
(1040, 175, 3),
(1041, 175, 4),
(1042, 175, 5),
(1043, 175, 11),
(1044, 175, 15),
(1045, 175, 17),
(1046, 175, 18),
(1047, 175, 22),
(1048, 175, 23),
(1039, 175, 32),
(796, 177, 3),
(797, 177, 4),
(798, 177, 5),
(795, 177, 18),
(286, 178, 5),
(287, 178, 8),
(288, 178, 13),
(289, 178, 15),
(290, 178, 19),
(291, 178, 20),
(292, 178, 22),
(293, 178, 25),
(805, 189, 1),
(804, 189, 4),
(803, 189, 18),
(806, 189, 31),
(802, 189, 33),
(807, 191, 1),
(808, 191, 18),
(809, 191, 31),
(333, 193, 1),
(336, 193, 8),
(337, 193, 9),
(339, 193, 13),
(334, 193, 22),
(335, 193, 23),
(338, 193, 25),
(315, 194, 18),
(318, 201, 3),
(319, 201, 22),
(320, 211, 3),
(322, 211, 5),
(321, 211, 21),
(323, 216, 1),
(324, 216, 4),
(341, 238, 13),
(340, 238, 18),
(344, 247, 18),
(345, 256, 18),
(346, 262, 9),
(347, 262, 18),
(348, 262, 20),
(349, 263, 18),
(371, 276, 11),
(372, 276, 22),
(375, 293, 1),
(377, 293, 13),
(376, 293, 18),
(400, 294, 18),
(408, 295, 4),
(412, 295, 15),
(407, 295, 18),
(409, 295, 20),
(410, 295, 23),
(411, 295, 25),
(424, 296, 3),
(425, 296, 4),
(426, 296, 5),
(427, 296, 6),
(429, 296, 11),
(430, 296, 15),
(428, 296, 25),
(432, 297, 3),
(433, 297, 5),
(431, 297, 18),
(434, 307, 5),
(435, 308, 18),
(437, 311, 3),
(439, 311, 5),
(438, 311, 11),
(436, 311, 18),
(442, 312, 23),
(444, 313, 11),
(445, 313, 15),
(443, 313, 23),
(446, 315, 1),
(447, 315, 18),
(448, 315, 19),
(614, 316, 22),
(479, 317, 3),
(480, 317, 4),
(481, 317, 19),
(616, 347, 5),
(615, 347, 13),
(617, 347, 23),
(636, 348, 3),
(637, 348, 5),
(635, 348, 11),
(638, 348, 23),
(460, 349, 4),
(461, 349, 22),
(462, 349, 23),
(463, 353, 4),
(619, 366, 3),
(620, 366, 4),
(621, 366, 5),
(618, 366, 11),
(622, 366, 22),
(624, 367, 4),
(623, 367, 11),
(472, 369, 3),
(473, 369, 5),
(474, 369, 22),
(471, 369, 25),
(482, 372, 8),
(632, 374, 22),
(484, 375, 3),
(485, 375, 22),
(486, 381, 3),
(487, 381, 4),
(490, 381, 5),
(488, 381, 13),
(489, 381, 22),
(633, 387, 8),
(634, 387, 20),
(495, 390, 3),
(496, 391, 3),
(497, 391, 5),
(660, 393, 3),
(661, 393, 5),
(1359, 394, 3),
(1360, 394, 4),
(1361, 394, 5),
(1363, 394, 9),
(1364, 394, 11),
(1358, 394, 18),
(1362, 394, 37),
(1365, 395, 1),
(1366, 395, 3),
(1369, 395, 4),
(1368, 395, 5),
(1370, 395, 9),
(1371, 395, 11),
(1367, 395, 36),
(1379, 397, 3),
(1380, 397, 4),
(1378, 397, 18),
(1381, 397, 22),
(539, 398, 3),
(540, 398, 5),
(538, 398, 9),
(1383, 401, 3),
(1384, 401, 4),
(1385, 401, 5),
(1382, 401, 8),
(545, 403, 4),
(659, 411, 8),
(1386, 412, 3),
(1387, 412, 5),
(1388, 412, 22),
(1393, 423, 4),
(1394, 423, 5),
(1392, 423, 25),
(571, 436, 1),
(573, 436, 5),
(572, 436, 18),
(575, 436, 23),
(574, 436, 25),
(576, 441, 3),
(577, 451, 3),
(578, 453, 5),
(579, 454, 3),
(1327, 456, 3),
(1328, 456, 4),
(1329, 456, 6),
(1325, 456, 8),
(1326, 456, 25),
(1321, 458, 10),
(1322, 458, 14),
(592, 460, 1),
(593, 460, 28),
(1332, 465, 1),
(1333, 465, 3),
(1336, 467, 14),
(1334, 467, 15),
(1337, 467, 23),
(1335, 467, 28),
(662, 478, 3),
(663, 478, 11),
(664, 500, 11),
(665, 555, 18),
(666, 555, 23),
(667, 576, 8),
(670, 578, 4),
(671, 578, 7),
(674, 579, 4),
(672, 579, 11),
(673, 579, 36),
(675, 623, 4),
(676, 623, 23),
(677, 624, 3),
(678, 624, 4),
(679, 624, 6),
(681, 624, 9),
(682, 624, 15),
(680, 624, 23),
(686, 628, 3),
(1341, 631, 18),
(687, 633, 23),
(688, 641, 4),
(689, 642, 4),
(690, 652, 4),
(717, 659, 4),
(718, 659, 6),
(716, 659, 9),
(719, 659, 15),
(699, 662, 4),
(708, 678, 5),
(710, 678, 7),
(711, 678, 8),
(712, 678, 13),
(713, 678, 15),
(707, 678, 20),
(709, 678, 23),
(1165, 679, 13),
(1177, 752, 1),
(1178, 752, 3),
(1180, 752, 11),
(1181, 752, 16),
(1182, 752, 17),
(1183, 752, 19),
(1184, 752, 20),
(1185, 752, 25),
(1179, 752, 37),
(815, 759, 7),
(814, 759, 11),
(1020, 760, 1),
(1021, 760, 11),
(1022, 760, 37),
(811, 761, 20),
(810, 761, 36),
(1137, 764, 3),
(1138, 764, 4),
(1139, 764, 5),
(1140, 764, 15),
(1141, 765, 4),
(1142, 765, 23),
(1143, 767, 1),
(1144, 767, 2),
(1145, 767, 3),
(1146, 767, 4),
(1147, 767, 5),
(1148, 767, 6),
(1149, 767, 9),
(1150, 767, 11),
(1151, 767, 13),
(1152, 767, 18),
(1153, 767, 25),
(867, 776, 2),
(869, 776, 4),
(870, 776, 5),
(871, 776, 6),
(872, 776, 18),
(873, 776, 22),
(866, 776, 32),
(868, 776, 34),
(970, 777, 1),
(971, 777, 2),
(974, 777, 6),
(975, 777, 17),
(976, 777, 18),
(977, 777, 19),
(978, 777, 22),
(979, 777, 25),
(980, 777, 28),
(981, 777, 30),
(982, 777, 31),
(969, 777, 32),
(972, 777, 34),
(973, 777, 37),
(956, 778, 1),
(957, 778, 3),
(958, 778, 4),
(959, 778, 5),
(961, 778, 17),
(962, 778, 18),
(963, 778, 19),
(964, 778, 22),
(965, 778, 25),
(966, 778, 28),
(967, 778, 30),
(968, 778, 31),
(960, 778, 37),
(984, 779, 1),
(986, 779, 17),
(987, 779, 18),
(988, 779, 19),
(989, 779, 22),
(990, 779, 25),
(991, 779, 28),
(992, 779, 31),
(983, 779, 32),
(985, 779, 37),
(994, 780, 1),
(995, 780, 5),
(997, 780, 17),
(998, 780, 18),
(999, 780, 19),
(1000, 780, 22),
(1001, 780, 25),
(1002, 780, 28),
(1003, 780, 31),
(993, 780, 32),
(996, 780, 37),
(1154, 781, 2),
(1155, 781, 4),
(1126, 787, 1),
(1127, 787, 2),
(1128, 787, 3),
(1129, 787, 4),
(1131, 787, 5),
(1132, 787, 6),
(1133, 787, 13),
(1134, 787, 18),
(1135, 787, 25),
(1130, 787, 34),
(1136, 788, 9),
(1124, 807, 3),
(1125, 807, 4),
(1123, 807, 25),
(1049, 821, 16),
(1242, 826, 3),
(1243, 826, 4),
(1244, 826, 5),
(1246, 826, 8),
(1241, 826, 16),
(1245, 826, 20),
(1247, 826, 25),
(1302, 828, 4),
(1303, 828, 5),
(1305, 828, 11),
(1306, 828, 15),
(1301, 828, 19),
(1304, 828, 22),
(1091, 836, 18),
(1230, 842, 1),
(1231, 842, 3),
(1232, 842, 4),
(1234, 842, 7),
(1235, 842, 9),
(1236, 842, 11),
(1237, 842, 20),
(1238, 842, 22),
(1239, 842, 25),
(1240, 842, 26),
(1233, 842, 37),
(1331, 859, 7),
(1330, 859, 38),
(1315, 860, 25),
(1316, 860, 38),
(1296, 866, 38),
(1472, 871, 22),
(1471, 871, 25),
(1474, 872, 19),
(1475, 872, 23),
(1473, 872, 25),
(1311, 891, 7),
(1313, 904, 18),
(1312, 904, 25),
(1314, 905, 25),
(1280, 907, 18),
(1281, 907, 23),
(1324, 909, 10),
(1323, 909, 18),
(1338, 924, 4),
(1340, 926, 4),
(1342, 1014, 18),
(1343, 1031, 18),
(1373, 1033, 4),
(1405, 1084, 18),
(1406, 1100, 18),
(1407, 1130, 3),
(1408, 1130, 11),
(1409, 1130, 23),
(1410, 1131, 1),
(1411, 1131, 3),
(1414, 1131, 9),
(1415, 1131, 11),
(1412, 1131, 22),
(1413, 1131, 23),
(1416, 1131, 28),
(1417, 1137, 25),
(1418, 1138, 8),
(1419, 1138, 11),
(1420, 1138, 16),
(1421, 1138, 17),
(1422, 1138, 18),
(1423, 1138, 21),
(1424, 1138, 26),
(1425, 1138, 28),
(1426, 1139, 25),
(1427, 1139, 26),
(1428, 1139, 38),
(1429, 1140, 1),
(1430, 1140, 3),
(1433, 1140, 7),
(1434, 1140, 8),
(1435, 1140, 9),
(1436, 1140, 11),
(1437, 1140, 14),
(1438, 1140, 22),
(1439, 1140, 25),
(1440, 1140, 28),
(1431, 1140, 37),
(1432, 1140, 38),
(1441, 1141, 38),
(1442, 1142, 8),
(1443, 1142, 22),
(1444, 1143, 4),
(1445, 1143, 5),
(1446, 1143, 22),
(1450, 1145, 3),
(1449, 1145, 5),
(1447, 1145, 11),
(1451, 1145, 13),
(1448, 1145, 25),
(1452, 1146, 3),
(1453, 1146, 4),
(1454, 1146, 5),
(1455, 1146, 7),
(1456, 1146, 9),
(1457, 1146, 11),
(1458, 1146, 16),
(1459, 1146, 22),
(1460, 1146, 25),
(1461, 1146, 26),
(1462, 1147, 3),
(1464, 1147, 9),
(1465, 1147, 11),
(1466, 1147, 18),
(1467, 1147, 22),
(1468, 1147, 23),
(1469, 1147, 25),
(1470, 1147, 26),
(1463, 1147, 37),
(1477, 1148, 3),
(1479, 1148, 20),
(1480, 1148, 23),
(1476, 1148, 25),
(1478, 1148, 31);

-- --------------------------------------------------------

--
-- Table structure for table `defcdb_area_settlement_structure`
--

CREATE TABLE `defcdb_area_settlement_structure` (
  `id` int(11) NOT NULL,
  `area_id` int(11) NOT NULL,
  `dc_area_settlementstructure_id` int(11) NOT NULL
) ENGINE=InnoDB DEFAULT CHARSET=utf8;

--
-- Dumping data for table `defcdb_area_settlement_structure`
--

INSERT INTO `defcdb_area_settlement_structure` (`id`, `area_id`, `dc_area_settlementstructure_id`) VALUES
(37, 2, 5),
(11, 22, 4),
(10, 24, 4),
(8, 25, 6),
(73, 29, 3),
(14, 30, 4),
(16, 31, 5),
(17, 52, 3),
(18, 52, 5),
(19, 53, 2),
(20, 53, 5),
(25, 67, 5),
(189, 68, 1),
(27, 71, 4),
(188, 73, 5),
(31, 75, 6),
(32, 80, 4),
(33, 81, 4),
(34, 87, 4),
(35, 88, 4),
(36, 89, 4),
(38, 100, 3),
(39, 110, 4),
(165, 113, 4),
(44, 119, 4),
(46, 143, 4),
(127, 147, 4),
(48, 149, 4),
(49, 151, 4),
(50, 152, 4),
(51, 153, 4),
(52, 155, 4),
(54, 157, 5),
(63, 173, 4),
(166, 174, 4),
(167, 175, 4),
(138, 177, 4),
(64, 178, 4),
(65, 185, 3),
(141, 189, 3),
(142, 189, 7),
(143, 191, 7),
(76, 193, 4),
(77, 238, 4),
(78, 239, 4),
(84, 276, 3),
(85, 276, 5),
(87, 293, 4),
(93, 295, 6),
(96, 296, 4),
(97, 297, 4),
(98, 310, 4),
(99, 311, 3),
(100, 311, 4),
(103, 312, 4),
(104, 313, 5),
(113, 317, 4),
(124, 347, 4),
(128, 348, 5),
(125, 367, 2),
(126, 367, 4),
(110, 369, 3),
(112, 370, 7),
(114, 375, 4),
(115, 384, 4),
(202, 401, 5),
(204, 423, 4),
(119, 436, 5),
(120, 454, 4),
(196, 458, 3),
(200, 467, 4),
(130, 610, 3),
(174, 764, 4),
(175, 765, 4),
(176, 767, 3),
(177, 767, 5),
(153, 776, 4),
(162, 777, 4),
(161, 778, 4),
(163, 779, 4),
(164, 780, 4),
(173, 787, 4),
(192, 828, 5),
(193, 828, 7),
(183, 842, 5),
(198, 859, 1),
(199, 859, 4),
(215, 872, 5),
(197, 909, 3),
(201, 1031, 3),
(205, 1131, 4),
(206, 1131, 5),
(207, 1136, 3),
(208, 1140, 3),
(209, 1140, 4),
(210, 1141, 3),
(211, 1146, 4),
(212, 1146, 5),
(213, 1147, 4),
(214, 1147, 5),
(216, 1148, 3),
(217, 1148, 6);

-- --------------------------------------------------------

--
-- Table structure for table `defcdb_dc_area_agegroups`
--

CREATE TABLE `defcdb_dc_area_agegroups` (
  `id` int(11) NOT NULL,
  `name` varchar(100) DEFAULT NULL,
  `description` longtext NOT NULL
) ENGINE=InnoDB DEFAULT CHARSET=utf8;

--
-- Dumping data for table `defcdb_dc_area_agegroups`
--

INSERT INTO `defcdb_dc_area_agegroups` (`id`, `name`, `description`) VALUES
(1, 'neonate ', ''),
(2, 'infans I (0-6)', ''),
(3, 'infans II (7-12)', ''),
(4, 'juvenile (13-18)', ''),
(5, 'adult (19-40)', ''),
(6, 'adult-mature (19-45)', ''),
(7, 'mature (41-60)', ''),
(8, 'mature-senile (51-70)', ''),
(9, 'senile (60-)', ''),
(10, 'age not specified', ''),
(11, 'part of specialist report', ''),
(14, 'subadult', ''),
(15, 'adult', '');

-- --------------------------------------------------------

--
-- Table structure for table `defcdb_dc_area_areatype`
--

CREATE TABLE `defcdb_dc_area_areatype` (
  `id` int(11) NOT NULL,
  `name` varchar(100) DEFAULT NULL,
  `description` longtext NOT NULL
) ENGINE=InnoDB DEFAULT CHARSET=utf8;

--
-- Dumping data for table `defcdb_dc_area_areatype`
--

INSERT INTO `defcdb_dc_area_areatype` (`id`, `name`, `description`) VALUES
(1, 'cave or rockshelter', ''),
(2, 'cemetery or grave', ''),
(3, 'quarry', ''),
(4, 'settlement', ''),
(5, 'undefined', '');

-- --------------------------------------------------------

--
-- Table structure for table `defcdb_dc_area_buildingtechnique`
--

CREATE TABLE `defcdb_dc_area_buildingtechnique` (
  `id` int(11) NOT NULL,
  `name` varchar(100) DEFAULT NULL,
  `description` longtext NOT NULL
) ENGINE=InnoDB DEFAULT CHARSET=utf8;

--
-- Dumping data for table `defcdb_dc_area_buildingtechnique`
--

INSERT INTO `defcdb_dc_area_buildingtechnique` (`id`, `name`, `description`) VALUES
(1, 'mud brick', ''),
(2, 'pavement', ''),
(3, 'pisé', ''),
(4, 'plaster wall', ''),
(5, 'stone socket', ''),
(6, 'wattle and daub', ''),
(7, 'timber-frame construction', ''),
(8, 'straw', ''),
(9, 'plastered threshold', ''),
(10, 'timber', ''),
(11, 'stone', ''),
(12, 'stone lining', ''),
(13, 'foundation trench', ''),
(15, 'terrazzo floor', ''),
(16, 'concrete', ''),
(17, 'sacral', ''),
(18, 'T-pillar', ''),
(19, 'wooden floor', ''),
(20, 'limestone floor', '');

-- --------------------------------------------------------

--
-- Table structure for table `defcdb_dc_area_caverockshelterstype`
--

CREATE TABLE `defcdb_dc_area_caverockshelterstype` (
  `id` int(11) NOT NULL,
  `name` varchar(100) DEFAULT NULL,
  `description` longtext NOT NULL
) ENGINE=InnoDB DEFAULT CHARSET=utf8;

--
-- Dumping data for table `defcdb_dc_area_caverockshelterstype`
--

INSERT INTO `defcdb_dc_area_caverockshelterstype` (`id`, `name`, `description`) VALUES
(1, 'cave', ''),
(2, 'rock shelter', '');

-- --------------------------------------------------------

--
-- Table structure for table `defcdb_dc_area_constructionshape`
--

CREATE TABLE `defcdb_dc_area_constructionshape` (
  `id` int(11) NOT NULL,
  `description` longtext NOT NULL,
  `name` varchar(100) DEFAULT NULL
) ENGINE=InnoDB DEFAULT CHARSET=utf8;

--
-- Dumping data for table `defcdb_dc_area_constructionshape`
--

INSERT INTO `defcdb_dc_area_constructionshape` (`id`, `description`, `name`) VALUES
(1, '', 'apsidal'),
(2, '', 'circular'),
(3, '', 'ovoid'),
(4, '', 'rectangular'),
(5, '', 'rectangular-apsidal');

-- --------------------------------------------------------

--
-- Table structure for table `defcdb_dc_area_constructiontype`
--

CREATE TABLE `defcdb_dc_area_constructiontype` (
  `id` int(11) NOT NULL,
  `name` varchar(100) DEFAULT NULL,
  `description` longtext NOT NULL
) ENGINE=InnoDB DEFAULT CHARSET=utf8;

--
-- Dumping data for table `defcdb_dc_area_constructiontype`
--

INSERT INTO `defcdb_dc_area_constructiontype` (`id`, `name`, `description`) VALUES
(3, 'one-room', ''),
(5, 'Tsangli house', ''),
(7, 'megaron', ''),
(8, 'pit-house', ''),
(10, 'pile dwelling', ''),
(11, 'longhouse', '');

-- --------------------------------------------------------

--
-- Table structure for table `defcdb_dc_area_evidenceofgraveshumanremains`
--

CREATE TABLE `defcdb_dc_area_evidenceofgraveshumanremains` (
  `id` int(11) NOT NULL,
  `name` varchar(100) DEFAULT NULL,
  `description` longtext NOT NULL
) ENGINE=InnoDB DEFAULT CHARSET=utf8;

--
-- Dumping data for table `defcdb_dc_area_evidenceofgraveshumanremains`
--

INSERT INTO `defcdb_dc_area_evidenceofgraveshumanremains` (`id`, `name`, `description`) VALUES
(1, 'not present', ''),
(2, 'present', '');

-- --------------------------------------------------------

--
-- Table structure for table `defcdb_dc_area_evidenceofoccupation`
--

CREATE TABLE `defcdb_dc_area_evidenceofoccupation` (
  `id` int(11) NOT NULL,
  `name` varchar(100) DEFAULT NULL,
  `description` longtext NOT NULL
) ENGINE=InnoDB DEFAULT CHARSET=utf8;

--
-- Dumping data for table `defcdb_dc_area_evidenceofoccupation`
--

INSERT INTO `defcdb_dc_area_evidenceofoccupation` (`id`, `name`, `description`) VALUES
(1, 'fireplace', ''),
(2, 'storage facilities', ''),
(3, 'post hole', ''),
(4, 'stone setting', ''),
(5, 'pit', ''),
(6, 'clay structure', ''),
(7, 'hearth', '');

-- --------------------------------------------------------

--
-- Table structure for table `defcdb_dc_area_exploitationtype`
--

CREATE TABLE `defcdb_dc_area_exploitationtype` (
  `id` int(11) NOT NULL,
  `name` varchar(100) DEFAULT NULL,
  `description` longtext NOT NULL
) ENGINE=InnoDB DEFAULT CHARSET=utf8;

--
-- Dumping data for table `defcdb_dc_area_exploitationtype`
--

INSERT INTO `defcdb_dc_area_exploitationtype` (`id`, `name`, `description`) VALUES
(1, 'pinge', ''),
(2, 'mine shaft', ''),
(3, 'surface', '');

-- --------------------------------------------------------

--
-- Table structure for table `defcdb_dc_area_gravetype`
--

CREATE TABLE `defcdb_dc_area_gravetype` (
  `id` int(11) NOT NULL,
  `name` varchar(100) DEFAULT NULL,
  `description` longtext NOT NULL
) ENGINE=InnoDB DEFAULT CHARSET=utf8;

--
-- Dumping data for table `defcdb_dc_area_gravetype`
--

INSERT INTO `defcdb_dc_area_gravetype` (`id`, `name`, `description`) VALUES
(1, 'cist grave', ''),
(2, 'pit grave', ''),
(3, 'vessel', ''),
(4, 'none recorded', ''),
(5, 'shaft grave', ''),
(6, 'tumulus', ''),
(7, 'chamber grave', ''),
(8, 'cairn', '');

-- --------------------------------------------------------

--
-- Table structure for table `defcdb_dc_area_manipulationofgraves`
--

CREATE TABLE `defcdb_dc_area_manipulationofgraves` (
  `id` int(11) NOT NULL,
  `name` varchar(100) DEFAULT NULL,
  `description` longtext NOT NULL
) ENGINE=InnoDB DEFAULT CHARSET=utf8;

--
-- Dumping data for table `defcdb_dc_area_manipulationofgraves`
--

INSERT INTO `defcdb_dc_area_manipulationofgraves` (`id`, `name`, `description`) VALUES
(1, 'consecutive burials', ''),
(2, 'construction of settlement', ''),
(3, 'looting', ''),
(4, 'none recorded', '');

-- --------------------------------------------------------

--
-- Table structure for table `defcdb_dc_area_mortuaryfeatures`
--

CREATE TABLE `defcdb_dc_area_mortuaryfeatures` (
  `id` int(11) NOT NULL,
  `name` varchar(100) DEFAULT NULL,
  `description` longtext NOT NULL
) ENGINE=InnoDB DEFAULT CHARSET=utf8;

--
-- Dumping data for table `defcdb_dc_area_mortuaryfeatures`
--

INSERT INTO `defcdb_dc_area_mortuaryfeatures` (`id`, `name`, `description`) VALUES
(1, 'pyre', ''),
(2, 'separating wall', ''),
(3, 'platform', '');

-- --------------------------------------------------------

--
-- Table structure for table `defcdb_dc_area_rawmaterial`
--

CREATE TABLE `defcdb_dc_area_rawmaterial` (
  `id` int(11) NOT NULL,
  `name` varchar(100) DEFAULT NULL,
  `description` longtext NOT NULL
) ENGINE=InnoDB DEFAULT CHARSET=utf8;

--
-- Dumping data for table `defcdb_dc_area_rawmaterial`
--

INSERT INTO `defcdb_dc_area_rawmaterial` (`id`, `name`, `description`) VALUES
(1, 'obsidian', ''),
(2, 'copper', ''),
(3, 'limestone', ''),
(4, 'flint', ''),
(5, 'chert', ''),
(6, 'clay', ''),
(7, 'metal', ''),
(8, 'ochre', ''),
(9, 'silver', ''),
(10, 'lead', '');

-- --------------------------------------------------------

--
-- Table structure for table `defcdb_dc_area_settlementstructure`
--

CREATE TABLE `defcdb_dc_area_settlementstructure` (
  `id` int(11) NOT NULL,
  `name` varchar(100) DEFAULT NULL,
  `description` longtext NOT NULL
) ENGINE=InnoDB DEFAULT CHARSET=utf8;

--
-- Dumping data for table `defcdb_dc_area_settlementstructure`
--

INSERT INTO `defcdb_dc_area_settlementstructure` (`id`, `name`, `description`) VALUES
(1, 'enclosure: ditch', ''),
(2, 'enclosure: rampart', ''),
(3, 'enclosure: wall', ''),
(4, 'houses: free-standing', ''),
(5, 'houses: agglutinated', ''),
(6, 'houses: radial', ''),
(7, 'enclosure: undetermined', '');

-- --------------------------------------------------------

--
-- Table structure for table `defcdb_dc_area_settlementtype`
--

CREATE TABLE `defcdb_dc_area_settlementtype` (
  `id` int(11) NOT NULL,
  `name` varchar(100) DEFAULT NULL,
  `description` longtext NOT NULL
) ENGINE=InnoDB DEFAULT CHARSET=utf8;

--
-- Dumping data for table `defcdb_dc_area_settlementtype`
--

INSERT INTO `defcdb_dc_area_settlementtype` (`id`, `name`, `description`) VALUES
(1, 'flat site', ''),
(2, 'tell', '');

-- --------------------------------------------------------

--
-- Table structure for table `defcdb_dc_area_sexes`
--

CREATE TABLE `defcdb_dc_area_sexes` (
  `id` int(11) NOT NULL,
  `name` varchar(100) DEFAULT NULL,
  `description` longtext NOT NULL
) ENGINE=InnoDB DEFAULT CHARSET=utf8;

--
-- Dumping data for table `defcdb_dc_area_sexes`
--

INSERT INTO `defcdb_dc_area_sexes` (`id`, `name`, `description`) VALUES
(1, 'male individuals', ''),
(2, 'female individuals', ''),
(3, 'sex not specified', ''),
(4, 'part of specialist report', '');

-- --------------------------------------------------------

--
-- Table structure for table `defcdb_dc_area_specialfeatures`
--

CREATE TABLE `defcdb_dc_area_specialfeatures` (
  `id` int(11) NOT NULL,
  `name` varchar(100) DEFAULT NULL,
  `description` longtext NOT NULL
) ENGINE=InnoDB DEFAULT CHARSET=utf8;

--
-- Dumping data for table `defcdb_dc_area_specialfeatures`
--

INSERT INTO `defcdb_dc_area_specialfeatures` (`id`, `name`, `description`) VALUES
(1, 'bench', ''),
(2, 'channel', ''),
(3, 'hearth', ''),
(4, 'pit', ''),
(5, 'post hole', ''),
(6, 'stone setting', ''),
(7, 'storage building', ''),
(8, 'storage pit', ''),
(9, 'storage vessel', ''),
(10, 'well', ''),
(11, 'oven', ''),
(12, 'tank', ''),
(13, 'paved area', ''),
(14, 'terrace wall', ''),
(15, 'fireplace', ''),
(16, 'clay structure', ''),
(17, 'stairway', ''),
(18, 'wall', ''),
(19, 'stone platform', ''),
(20, 'waste pit', ''),
(21, 'bothros', ''),
(22, 'clay floor', ''),
(23, 'courtyard', ''),
(24, 'hole', ''),
(25, 'plastered floor', ''),
(26, 'clay platform', ''),
(27, 'thermal structure', ''),
(28, 'niche', ''),
(29, 'basin', ''),
(30, 'square', ''),
(31, 'stele', ''),
(32, 'buttress', ''),
(33, 'altar', ''),
(34, 'post base', ''),
(35, 'manger', ''),
(36, 'kiln', ''),
(37, 'wall painting', ''),
(38, 'stone row structure', '');

-- --------------------------------------------------------

--
-- Table structure for table `defcdb_dc_area_topography`
--

CREATE TABLE `defcdb_dc_area_topography` (
  `id` int(11) NOT NULL,
  `name` varchar(100) DEFAULT NULL,
  `description` longtext NOT NULL
) ENGINE=InnoDB DEFAULT CHARSET=utf8;

--
-- Dumping data for table `defcdb_dc_area_topography`
--

INSERT INTO `defcdb_dc_area_topography` (`id`, `name`, `description`) VALUES
(1, 'intramural', ''),
(2, 'extramural', ''),
(3, 'in cave', ''),
(4, 'next to cave', ''),
(5, 'part of house', '');

-- --------------------------------------------------------

--
-- Table structure for table `defcdb_dc_area_typeofhumanremains`
--

CREATE TABLE `defcdb_dc_area_typeofhumanremains` (
  `id` int(11) NOT NULL,
  `name` varchar(100) DEFAULT NULL,
  `description` longtext NOT NULL
) ENGINE=InnoDB DEFAULT CHARSET=utf8;

--
-- Dumping data for table `defcdb_dc_area_typeofhumanremains`
--

INSERT INTO `defcdb_dc_area_typeofhumanremains` (`id`, `name`, `description`) VALUES
(1, 'cremation', ''),
(2, 'inhumation', ''),
(3, 'secondary deposition', '');

-- --------------------------------------------------------

--
-- Table structure for table `defcdb_dc_chronological_system`
--

CREATE TABLE `defcdb_dc_chronological_system` (
  `id` int(11) NOT NULL,
  `cs_name` varchar(100) DEFAULT NULL,
  `period_name` varchar(256) DEFAULT NULL,
  `start_date1_BC` int(11) DEFAULT NULL,
  `start_date2_BC` int(11) DEFAULT NULL,
  `end_date1_BC` int(11) DEFAULT NULL,
  `end_date2_BC` int(11) DEFAULT NULL,
  `description` longtext NOT NULL
) ENGINE=InnoDB DEFAULT CHARSET=utf8;

--
-- Dumping data for table `defcdb_dc_chronological_system`
--

INSERT INTO `defcdb_dc_chronological_system` (`id`, `cs_name`, `period_name`, `start_date1_BC`, `start_date2_BC`, `end_date1_BC`, `end_date2_BC`, `description`) VALUES
(1, 'Anatolia', 'Pre-Pottery Neolithic A', 10200, 10000, 8800, 8600, 'http://n2t.net/ark:/99152/p0qv6m8gfj2'),
(2, 'Anatolia', 'Pre-Pottery Neolithic B', 8800, 8600, 7000, 7000, 'http://n2t.net/ark:/99152/p0qv6m86wwk'),
(3, 'Anatolia', 'Pre-Pottery Neolithic C', NULL, NULL, NULL, NULL, ''),
(4, 'Anatolia', 'Early Neolithic', 7000, 7000, 6600, 6500, 'http://n2t.net/ark:/99152/p053rvtksmf'),
(5, 'Anatolia', 'Middle Neolithic', NULL, NULL, NULL, NULL, ''),
(6, 'Anatolia', 'Late Neolithic', 6600, 6500, 6000, 5800, 'http://n2t.net/ark:/99152/p053rvtmjd3'),
(7, 'Anatolia', 'Early Chalcolithic', 6000, 6000, 5500, 5500, 'http://n2t.net/ark:/99152/p0qv6m8bxnn'),
(8, 'Anatolia', 'Middle Chalcolithic', 5500, 5500, 4250, 4250, 'http://n2t.net/ark:/99152/p0qv6m8kbx6'),
(9, 'Anatolia', 'Late Chalcolithic (4250-4000)', 4250, 4250, 4000, 4000, 'http://n2t.net/ark:/99152/p0qv6m8c2ks'),
(10, 'Anatolia', 'Late Chalcolithic (4000-3500)', 4000, 4000, 3500, 3500, 'http://n2t.net/ark:/99152/p0qv6m8x2zm'),
(11, 'Anatolia', 'Late Chalcolithic (3500-3000)', 3500, 3500, 3000, 3000, 'http://n2t.net/ark:/99152/p0rgttc3pw2'),
(12, 'Anatolia', 'Early Bronze Age 1', 3000, 3000, 2750, 2750, 'http://n2t.net/ark:/99152/p0qv6m8hfkj'),
(13, 'Anatolia', 'Early Bronze Age 2', 2750, 2750, 2500, 2500, 'http://n2t.net/ark:/99152/p0qv6m8qvrg'),
(14, 'Anatolia', 'Early Bronze Age 3', 2500, 2500, 2000, 2000, 'http://n2t.net/ark:/99152/p0qv6m8whcq'),
(15, 'Central and Southern Greece, Cyclades/Alram-Stern 1996', 'Aceramic Neolithic (?)', 7000, 7000, 6500, 6500, 'http://n2t.net/ark:/99152/p0qv6m86g6j'),
(16, 'Central and Southern Greece, Cyclades/Alram-Stern 1996', 'Early Neolithic', 6500, 6500, 5800, 5800, 'http://n2t.net/ark:/99152/p0qv6m8c8b9'),
(17, 'Central and Southern Greece, Cyclades/Alram-Stern 1996', 'Middle Neolithic', 5800, 5800, 5400, 5400, 'http://n2t.net/ark:/99152/p0qv6m85ktf'),
(18, 'Central and Southern Greece, Cyclades/Alram-Stern 1996', 'Late Neolithic I', 5400, 5400, 4900, 4800, 'http://n2t.net/ark:/99152/p0qv6m8pghb'),
(19, 'Central and Southern Greece, Cyclades/Alram-Stern 1996', 'Late Neolithic II', 4800, 4800, 4600, 4300, 'http://n2t.net/ark:/99152/p0qv6m8crbw'),
(20, 'Central and Southern Greece, Cyclades/Alram-Stern 1996', 'Chalcolithic/Final Neolithic', 4600, 4500, 4000, 4000, 'http://n2t.net/ark:/99152/p0qv6m8k3kd'),
(21, 'Central and Southern Greece, Cyclades/Alram-Stern 1996', 'Chalcolithic/Final Neolithic (Late)', 4000, 4000, 3200, 3100, 'http://n2t.net/ark:/99152/p0qv6m8zbcv'),
(22, 'Central and Southern Greece, Cyclades/Alram-Stern 1996', 'Early Helladic I', 3300, 3300, 2900, 2900, 'http://n2t.net/ark:/99152/p0qv6m8s24m'),
(23, 'Central and Southern Greece, Cyclades/Alram-Stern (2004)', 'Early Helladic I (Eutresis III, Perachora X)', 3100, 3340, 2900, 2920, 'http://n2t.net/ark:/99152/p0qv6m86ncb'),
(24, 'Central and Southern Greece, Cyclades/Alram-Stern (2004)', 'Early Helladic I Late (Eutresis IV, Talioti)', 2900, 2900, 2700, 2700, 'http://n2t.net/ark:/99152/p0qv6m8vh8m'),
(25, 'Central and Southern Greece, Cyclades/Alram-Stern (2004)', 'Early Helladic IIa (Lerna III A-B)', 2700, 2650, 2500, 2450, 'http://n2t.net/ark:/99152/p0qv6m8b8vh'),
(26, 'Central and Southern Greece, Cyclades/Alram-Stern (2004)', 'Early Helladic IIb (Lerna III C-D)', 2500, 2450, 2200, 2150, 'http://n2t.net/ark:/99152/p0qv6m8n7wj'),
(27, 'Central and Southern Greece, Cyclades/Alram-Stern (2004)', 'Early Helladic III (Lerna IV)', 2200, 2150, 2000, 2000, 'http://n2t.net/ark:/99152/p0qv6m8r395'),
(28, 'Central and Southern Greece, Cyclades/Alram-Stern (2004)', 'Early Cycladic I (Pelos Group, Plastiras Group)', 3100, 3300, 2900, 2900, 'http://n2t.net/ark:/99152/p0qv6m84rht'),
(29, 'Central and Southern Greece, Cyclades/Alram-Stern (2004)', 'Early Cycladic I Late (Kampos Group)', 2900, 2900, 2700, 2700, 'http://n2t.net/ark:/99152/p0qv6m8v27x'),
(30, 'Central and Southern Greece, Cyclades/Alram-Stern (2004)', 'Early Cycladic IIa (Keros-Syros Group)', 2700, 2650, 2500, 2450, 'http://n2t.net/ark:/99152/p0qv6m8m2p8'),
(31, 'Central and Southern Greece, Cyclades/Alram-Stern (2004)', 'Early Cycladic IIb (Kastri Group)', 2500, 2450, 2200, 2150, 'http://n2t.net/ark:/99152/p0qv6m8828g'),
(32, 'Central and Southern Greece, Cyclades/Alram-Stern (2004)', 'Early Cycladic III (Phylakopi I)', 2200, 2150, 2000, 2000, 'http://n2t.net/ark:/99152/p0qv6m8v22g'),
(33, 'Thessaly/Reingruber', 'Early Neolithic: \'Protosesklo\'', 6500, 6500, 6000, 5800, 'http://n2t.net/ark:/99152/p0qv6m8c8b9'),
(34, 'Thessaly/Reingruber', 'Middle Neolithic: \'Sesklo\'', 5800, 5800, 5400, 5400, 'http://n2t.net/ark:/99152/p0qv6m85ktf'),
(35, 'Thessaly/Reingruber', 'Late Neolithic: Tsangli, Arapi', 5400, 5400, 4900, 4800, 'http://n2t.net/ark:/99152/p0qv6m8pghb'),
(36, 'Thessaly/Reingruber', 'Late Neolithic: Dimini', 4800, 4800, 4600, 4600, 'http://n2t.net/ark:/99152/p0qv6m8crbw'),
(37, 'Thessaly/Reingruber', 'Chalcolithic/Final Neolithic, Rachmani', 4600, 4500, 4000, 4000, 'http://n2t.net/ark:/99152/p0qv6m8k3kd'),
(38, 'Thessaly/Reingruber', 'Chalcolithic/Final Neolithic (Late)', 4000, 4000, 3200, 3100, 'http://n2t.net/ark:/99152/p0qv6m8zbcv'),
(39, 'Thessaly/Alram-Stern 2004', 'Early Bronze Age', 3300, 3300, 2900, 2900, 'http://n2t.net/ark:/99152/p0qv6m8mh56'),
(40, 'Thessaly/Alram-Stern 2004', 'Early Thessalian I (Petromagula-Phase)', 3100, 3100, 2900, 2900, 'http://n2t.net/ark:/99152/p0qv6m8qw8k'),
(41, 'Thessaly/Alram-Stern 2004', 'Early Thessalian I Late (Argissa I, Pevkakia 1-3)', 2900, 2900, 2700, 2700, 'http://n2t.net/ark:/99152/p0qv6m8s2f9'),
(42, 'Thessaly/Alram-Stern 2004', 'Early Thessalian IIa=Early Helladic IIa (Argissa II, Pevkakia 4-7 Early)', 2700, 2700, 2500, 2450, 'http://n2t.net/ark:/99152/p0qv6m8xnnc'),
(43, 'Thessaly/Alram-Stern 2004', 'Early Thessalian IIb=Early Helladic IIb (Argissa III, Pevkakia 7 Middle-late)', 2500, 2450, 2200, 2150, ' http://n2t.net/ark:/99152/p0qv6m88rhq'),
(44, 'Thessaly/Alram-Stern 2004', 'Middle Thessalian I=Early Helladic III (Argissa MTh Building phases 1-3, Pevkakia Middle Thessalian Phases 1-3)', 2200, 2150, 2000, 2000, 'http://n2t.net/ark:/99152/p0qv6m88wqj'),
(45, 'Macedonia, Thrace', 'Middle Neolithic', 5800, 5800, 4900, 4900, 'http://n2t.net/ark:/99152/p0qv6m85ktf'),
(46, 'Macedonia, Thrace', 'Chalcolithic', 4600, 4500, 4000, 4000, 'http://n2t.net/ark:/99152/p0qv6m8k3kd'),
(47, 'Macedonia, Thrace', 'Early Bronze Age', 3300, 3300, 2900, 2900, 'http://n2t.net/ark:/99152/p0qv6m8mh56'),
(48, 'Macedonia/Alram-Stern 2004', 'Early Brone Age I (Sitagroi IV, Dikili Tash IIIA, Pentapolis I)', 3500, 3500, 3100, 3100, 'http://n2t.net/ark:/99152/p0qv6m8fb5r'),
(49, 'Macedonia/Alram-Stern 2004', 'Early Bronze Age I/II (Sitagroi Va, Dikili Tash IIIB)', 3100, 3100, 2700, 2700, 'http://n2t.net/ark:/99152/p0qv6m8mkww'),
(50, 'Macedonia/Alram-Stern 2004', 'Early Bronze Age II Late (Sitagroi Vb)', 2700, 2700, 2200, 2200, 'http://n2t.net/ark:/99152/p0qv6m8bk8s'),
(51, 'Macedonia/Alram-Stern 2004', 'Early Bronze Age III (Pentapolis II)', 2200, 2200, 2000, 2000, 'http://n2t.net/ark:/99152/p0qv6m84rxd'),
(52, 'Macedonia/Alram-Stern 2004', 'Early Bronze Age I (Servia Phase 8, Mandalo III, Armenochori VII)', 3000, 2950, 2400, 2400, 'http://n2t.net/ark:/99152/p0qv6m8pnvk'),
(53, 'Macedonia/Alram-Stern 2004', 'Early Bronze Age II Late-Early Bronze Age III (Servia Phases 9, 10)', 2400, 2400, 2200, 2200, 'http://n2t.net/ark:/99152/p0qv6m8q6nn'),
(54, 'Macedonia/Alram-Stern 2004', 'Early Bronze Age III-Middle Bronze Age (Archontiko)', 2300, 2100, 2000, 1900, 'http://n2t.net/ark:/99152/p0qv6m8np9v'),
(55, 'Macedonia/Alram-Stern 2004', 'Early Bronze Age I (Kritsana I/II)', 3000, 3000, 2700, 2700, 'http://n2t.net/ark:/99152/p0qv6m8sxjn'),
(56, 'Macedonia/Alram-Stern 2004', 'Early Bronze Age II (Kritsana III-V, Kastanas 28-24)', 2700, 2700, 2200, 2150, 'http://n2t.net/ark:/99152/p0qv6m87t4r'),
(57, 'Macedonia/Alram-Stern 2004', 'Early Bronze Age III (Kritsana V, VI, Kastanas 22b)', 2200, 2150, 2000, 2000, 'http://n2t.net/ark:/99152/p0qv6m83jh3'),
(58, 'Crete/Evans, Vagnetti', 'Aceramic Neolithic ', 7000, 7000, 6500, 6500, 'http://n2t.net/ark:/99152/p0qv6m86g6j'),
(59, 'Crete/Evans, Vagnetti', 'Early Neolithic I', 6500, 6500, 4900, 4900, 'http://n2t.net/ark:/99152/p0qv6m822z3'),
(60, 'Crete/Evans, Vagnetti', 'Early Neolithic II ', 4900, 4900, 4500, 4300, 'http://n2t.net/ark:/99152/p0qv6m8cjgj'),
(61, 'Crete/Evans, Vagnetti', 'Middle Neolithic', NULL, NULL, NULL, NULL, ''),
(62, 'Crete/Evans, Vagnetti', 'Late Neolithic', 4500, 4300, 3700, 3700, 'http://n2t.net/ark:/99152/p0qv6m8k93s'),
(63, 'Crete/Evans, Vagnetti', 'Final Neolithic', 3700, 3700, 2900, 2900, 'http://n2t.net/ark:/99152/p0qv6m8t5bd'),
(64, 'Crete/Tomkins 2007', 'Initial Neolithic', 7000, 7000, 6500, 6400, 'http://n2t.net/ark:/99152/p0tsmchgsw5'),
(65, 'Crete/Tomkins 2007', 'Early Neolithic', 6500, 6400, 5900, 5900, 'http://n2t.net/ark:/99152/p0tsmch8t4j'),
(66, 'Crete/Tomkins 2007', 'Middle Neolithic', 5900, 5900, 5300, 5300, 'http://n2t.net/ark:/99152/p0tsmchdqgm'),
(67, 'Crete/Tomkins 2007', 'Late Neolithic I', 5300, 5300, 4900, 4900, 'http://n2t.net/ark:/99152/p0tsmchvwxn'),
(68, 'Crete/Tomkins 2007', 'Late Neolithic II', 4900, 4900, 4500, 4400, 'http://n2t.net/ark:/99152/p0tsmchp2qj'),
(69, 'Crete/Tomkins 2007', 'Final Neolithic IA', 4500, 4400, 4200, 4200, 'http://n2t.net/ark:/99152/p0tsmchxd5x'),
(70, 'Crete/Tomkins 2007', 'Final Neolithic II', 3900, 3900, 3600, 3600, 'http://n2t.net/ark:/99152/p0tsmchzgww'),
(71, 'Crete/Tomkins 2007', 'Final Neolithic IB', 4200, 4200, 3900, 3900, 'http://n2t.net/ark:/99152/p0tsmchcgvt'),
(72, 'Crete/Tomkins 2007', 'Final Neolithic III', 3600, 3600, 3300, 3300, 'http://n2t.net/ark:/99152/p0tsmchtjv8'),
(73, 'Crete/Tomkins 2007', 'Final Neolithic IV', 3300, 3300, 3000, 3000, 'http://n2t.net/ark:/99152/p0tsmchhd9g'),
(74, 'Crete/Wilson, Momigliano', 'Early Minoan Ia', 3100, 3100, 2900, 2900, 'http://n2t.net/ark:/99152/p0qv6m8vqnf'),
(75, 'Crete/Wilson, Momigliano', 'Early Minoan Ib', 2900, 2900, 2700, 2700, 'http://n2t.net/ark:/99152/p0qv6m85m6c'),
(76, 'Crete/Wilson, Momigliano', 'Early Minoan IIa', 2700, 2700, 2500, 2450, 'http://n2t.net/ark:/99152/p0qv6m84gtf'),
(77, 'Crete/Wilson, Momigliano', 'Early Minoan IIb', 2500, 2450, 2200, 2150, 'http://n2t.net/ark:/99152/p0qv6m8hsqb'),
(78, 'Crete/Wilson, Momigliano', 'Early Minoan III', 2200, 2150, 2000, 2000, 'http://n2t.net/ark:/99152/p0qv6m865cp'),
(79, 'Macedonia, Thrace', 'Early Neolithic', 6500, 6500, 5800, 5800, 'http://n2t.net/ark:/99152/p0qv6m8c8b9'),
(80, 'Macedonia, Thrace', 'Middle Neolithic', 5800, 5800, 5400, 5400, 'http://n2t.net/ark:/99152/p0qv6m85ktf');

-- --------------------------------------------------------

--
-- Table structure for table `defcdb_dc_chronological_system_region`
--

CREATE TABLE `defcdb_dc_chronological_system_region` (
  `id` int(11) NOT NULL,
  `dc_chronological_system_id` int(11) NOT NULL,
  `dc_region_id` int(11) NOT NULL
) ENGINE=InnoDB DEFAULT CHARSET=utf8;

--
-- Dumping data for table `defcdb_dc_chronological_system_region`
--

INSERT INTO `defcdb_dc_chronological_system_region` (`id`, `dc_chronological_system_id`, `dc_region_id`) VALUES
(466, 1, 1),
(467, 1, 2),
(468, 1, 3),
(469, 1, 4),
(470, 1, 5),
(471, 1, 6),
(472, 2, 1),
(473, 2, 2),
(474, 2, 3),
(475, 2, 4),
(476, 2, 5),
(477, 2, 6),
(13, 3, 1),
(14, 3, 2),
(15, 3, 3),
(16, 3, 4),
(17, 3, 5),
(18, 3, 6),
(494, 4, 1),
(495, 4, 2),
(496, 4, 3),
(497, 4, 4),
(498, 4, 5),
(499, 4, 6),
(25, 5, 1),
(26, 5, 2),
(27, 5, 3),
(28, 5, 4),
(29, 5, 5),
(30, 5, 6),
(500, 6, 1),
(501, 6, 2),
(502, 6, 3),
(503, 6, 4),
(504, 6, 5),
(505, 6, 6),
(366, 7, 1),
(367, 7, 2),
(368, 7, 3),
(369, 7, 4),
(370, 7, 5),
(371, 7, 6),
(452, 8, 1),
(453, 8, 2),
(454, 8, 3),
(455, 8, 4),
(456, 8, 5),
(457, 8, 6),
(437, 9, 1),
(438, 9, 2),
(439, 9, 3),
(440, 9, 4),
(441, 9, 5),
(442, 9, 6),
(431, 10, 1),
(432, 10, 2),
(433, 10, 3),
(434, 10, 4),
(435, 10, 5),
(436, 10, 6),
(488, 11, 1),
(489, 11, 2),
(490, 11, 3),
(491, 11, 4),
(492, 11, 5),
(493, 11, 6),
(338, 12, 1),
(339, 12, 2),
(340, 12, 3),
(341, 12, 4),
(342, 12, 5),
(343, 12, 6),
(348, 13, 1),
(349, 13, 2),
(350, 13, 3),
(351, 13, 4),
(352, 13, 5),
(353, 13, 6),
(357, 14, 1),
(358, 14, 2),
(359, 14, 3),
(360, 14, 4),
(361, 14, 5),
(362, 14, 6),
(320, 15, 8),
(321, 15, 9),
(322, 15, 10),
(323, 15, 11),
(324, 15, 15),
(319, 15, 18),
(419, 16, 8),
(420, 16, 9),
(421, 16, 10),
(422, 16, 11),
(423, 16, 15),
(418, 16, 18),
(460, 17, 8),
(461, 17, 9),
(462, 17, 10),
(463, 17, 11),
(464, 17, 15),
(459, 17, 18),
(446, 18, 8),
(447, 18, 9),
(448, 18, 10),
(449, 18, 11),
(450, 18, 15),
(445, 18, 18),
(507, 19, 8),
(508, 19, 9),
(509, 19, 10),
(510, 19, 11),
(511, 19, 15),
(506, 19, 18),
(326, 20, 8),
(327, 20, 9),
(328, 20, 10),
(329, 20, 11),
(330, 20, 15),
(325, 20, 18),
(332, 21, 8),
(333, 21, 9),
(334, 21, 10),
(335, 21, 11),
(336, 21, 15),
(331, 21, 18),
(378, 22, 8),
(379, 22, 9),
(380, 22, 10),
(381, 22, 11),
(382, 22, 15),
(377, 22, 18),
(384, 23, 8),
(385, 23, 9),
(386, 23, 10),
(387, 23, 11),
(388, 23, 15),
(383, 23, 18),
(390, 24, 8),
(391, 24, 9),
(392, 24, 10),
(393, 24, 11),
(394, 24, 15),
(389, 24, 18),
(402, 25, 8),
(403, 25, 9),
(404, 25, 10),
(405, 25, 11),
(406, 25, 15),
(401, 25, 18),
(408, 26, 8),
(409, 26, 9),
(410, 26, 10),
(411, 26, 11),
(412, 26, 15),
(407, 26, 18),
(396, 27, 8),
(397, 27, 9),
(398, 27, 10),
(399, 27, 11),
(400, 27, 15),
(395, 27, 18),
(372, 28, 8),
(373, 29, 8),
(375, 30, 8),
(376, 31, 8),
(374, 32, 8),
(536, 33, 16),
(458, 34, 16),
(444, 35, 16),
(535, 36, 16),
(534, 37, 16),
(533, 38, 16),
(337, 39, 16),
(426, 40, 16),
(427, 41, 16),
(428, 42, 16),
(429, 43, 16),
(465, 44, 16),
(530, 45, 12),
(531, 45, 13),
(532, 45, 14),
(529, 45, 17),
(526, 46, 12),
(527, 46, 13),
(528, 46, 14),
(525, 46, 17),
(522, 47, 12),
(523, 47, 13),
(524, 47, 14),
(521, 47, 17),
(346, 48, 14),
(347, 49, 14),
(355, 50, 14),
(365, 51, 14),
(345, 52, 12),
(356, 53, 12),
(363, 54, 12),
(344, 55, 13),
(354, 56, 13),
(364, 57, 13),
(512, 58, 7),
(424, 59, 7),
(425, 60, 7),
(205, 61, 7),
(443, 62, 7),
(430, 63, 7),
(484, 64, 7),
(478, 65, 7),
(487, 66, 7),
(485, 67, 7),
(486, 68, 7),
(479, 69, 7),
(481, 70, 7),
(480, 71, 7),
(482, 72, 7),
(483, 73, 7),
(416, 74, 7),
(417, 75, 7),
(414, 76, 7),
(415, 77, 7),
(413, 78, 7),
(518, 79, 12),
(519, 79, 13),
(520, 79, 14),
(517, 79, 17),
(514, 80, 12),
(515, 80, 13),
(516, 80, 14),
(513, 80, 17);

-- --------------------------------------------------------

--
-- Table structure for table `defcdb_dc_country`
--

CREATE TABLE `defcdb_dc_country` (
  `id` int(11) NOT NULL,
  `name` varchar(100) NOT NULL,
  `original_name` varchar(100) DEFAULT NULL,
  `authorityfile_id` varchar(100) DEFAULT NULL,
  `lat` double DEFAULT NULL,
  `lng` double DEFAULT NULL,
  `description` longtext NOT NULL
) ENGINE=InnoDB DEFAULT CHARSET=utf8;

--
-- Dumping data for table `defcdb_dc_country`
--

INSERT INTO `defcdb_dc_country` (`id`, `name`, `original_name`, `authorityfile_id`, `lat`, `lng`, `description`) VALUES
(1, 'Turkey', 'Türkei', NULL, NULL, NULL, ''),
(2, 'Greece', 'Griechenland', NULL, NULL, NULL, '');

-- --------------------------------------------------------

--
-- Table structure for table `defcdb_dc_finds_amount`
--

CREATE TABLE `defcdb_dc_finds_amount` (
  `id` int(11) NOT NULL,
  `name` varchar(100) DEFAULT NULL,
  `description` longtext NOT NULL
) ENGINE=InnoDB DEFAULT CHARSET=utf8;

--
-- Dumping data for table `defcdb_dc_finds_amount`
--

INSERT INTO `defcdb_dc_finds_amount` (`id`, `name`, `description`) VALUES
(1, '1', ''),
(2, '2-5', ''),
(3, '6-10', ''),
(4, '11-20', ''),
(5, '21-50', ''),
(6, '51-100', ''),
(7, '101-250', ''),
(8, '251-300', ''),
(9, '301-500', ''),
(10, '501-1000', ''),
(11, '1001-5000', ''),
(12, '5001-10000', ''),
(13, '10001 and more', '');

-- --------------------------------------------------------

--
-- Table structure for table `defcdb_dc_finds_animal_remains_completeness`
--

CREATE TABLE `defcdb_dc_finds_animal_remains_completeness` (
  `id` int(11) NOT NULL,
  `name` varchar(100) DEFAULT NULL,
  `description` longtext NOT NULL
) ENGINE=InnoDB DEFAULT CHARSET=utf8;

--
-- Dumping data for table `defcdb_dc_finds_animal_remains_completeness`
--

INSERT INTO `defcdb_dc_finds_animal_remains_completeness` (`id`, `name`, `description`) VALUES
(1, 'complete  ', ''),
(2, 'incomplete', '');

-- --------------------------------------------------------

--
-- Table structure for table `defcdb_dc_finds_animal_remains_part`
--

CREATE TABLE `defcdb_dc_finds_animal_remains_part` (
  `id` int(11) NOT NULL,
  `name` varchar(100) DEFAULT NULL,
  `description` longtext NOT NULL
) ENGINE=InnoDB DEFAULT CHARSET=utf8;

--
-- Dumping data for table `defcdb_dc_finds_animal_remains_part`
--

INSERT INTO `defcdb_dc_finds_animal_remains_part` (`id`, `name`, `description`) VALUES
(1, 'skull', ''),
(2, 'hindlimb', ''),
(3, 'forelimb', ''),
(4, 'extremity', ''),
(5, 'body ', ''),
(6, 'jaw', ''),
(7, 'horn', ''),
(8, 'antler', ''),
(9, 'unknown', ''),
(10, 'claw', ''),
(11, 'tooth', ''),
(12, 'tusk', '');

-- --------------------------------------------------------

--
-- Table structure for table `defcdb_dc_finds_animal_remains_species`
--

CREATE TABLE `defcdb_dc_finds_animal_remains_species` (
  `id` int(11) NOT NULL,
  `name` varchar(100) DEFAULT NULL,
  `latin_name` varchar(100) DEFAULT NULL,
  `description` longtext NOT NULL
) ENGINE=InnoDB DEFAULT CHARSET=utf8;

--
-- Dumping data for table `defcdb_dc_finds_animal_remains_species`
--

INSERT INTO `defcdb_dc_finds_animal_remains_species` (`id`, `name`, `latin_name`, `description`) VALUES
(1, 'wild boar', 'Sus scrofa', ''),
(2, 'pig', 'Sus scrofa domesticus', ''),
(3, 'cattle', 'Bos taurus', ''),
(4, 'aurochs', 'Bos primigenius', ''),
(5, 'sheep/goat', 'Ovis/Capra', ''),
(6, 'sheep', 'Ovis aries', ''),
(7, 'wild sheep', 'Ovis orientalis', ''),
(8, 'goat', 'Capra hircus', ''),
(9, 'wild goat', 'Capra aegagrus', ''),
(10, 'dog', 'Canis familiaris', ''),
(11, 'horse', 'Equus caballus', ''),
(12, 'hare', 'Lepus europaeus', ''),
(13, 'red deer', 'Cervus elaphus', ''),
(14, 'fallow deer', 'Dama dama', ''),
(15, 'game', NULL, ''),
(16, 'fish', NULL, ''),
(17, 'molluscs', NULL, ''),
(18, 'tuna', 'thunnus', ''),
(19, 'water vole', 'Aarvicola', ''),
(20, 'mouse', 'Muridae', ''),
(21, 'donkey', NULL, ''),
(22, 'brown bear', 'Ursus arctos', ''),
(23, 'roe deer', 'Capreolus capreolus', ''),
(24, 'wildcat', 'Felis silvestris', ''),
(25, 'red fox ', 'Vulpes vulpes', ''),
(26, 'wolf', 'Canis lupus', ''),
(27, 'hare', 'Lepus timidus', ''),
(28, 'beaver', 'Castor fiber', ''),
(29, 'tortoise', '', ''),
(30, 'great bustard', 'Otis tarda', ''),
(31, 'graylag goose', 'Anser anser', ''),
(32, 'bean goose', 'Anser fabalis', ''),
(33, 'mallard duck', 'Anas platyrhynchos', ''),
(34, 'partridge', '', ''),
(35, 'reptile', '', ''),
(36, 'bird', '', ''),
(37, 'gazelle', '', ''),
(38, 'wild cattle', '', ''),
(39, 'onager', '', ''),
(40, 'chamois', 'Rupicapra rupicapra', ''),
(41, 'chicken', 'Gallus gallus domesticus', '');

-- --------------------------------------------------------

--
-- Table structure for table `defcdb_dc_finds_botany_species`
--

CREATE TABLE `defcdb_dc_finds_botany_species` (
  `id` int(11) NOT NULL,
  `name` varchar(100) DEFAULT NULL,
  `latin_name` varchar(100) DEFAULT NULL,
  `description` longtext NOT NULL
) ENGINE=InnoDB DEFAULT CHARSET=utf8;

--
-- Dumping data for table `defcdb_dc_finds_botany_species`
--

INSERT INTO `defcdb_dc_finds_botany_species` (`id`, `name`, `latin_name`, `description`) VALUES
(1, 'apricot', 'Armeniaca vulgaris', ''),
(2, 'barley', 'Hordeum vulgare', ''),
(3, 'bitter vetch', 'Vicia ervilia', ''),
(4, 'broomcorn millet', 'Panicum miliaceum', ''),
(5, 'chickpea', 'Cicer arietinum', ''),
(6, 'einkorn wheat', 'Triticum monococcum', ''),
(7, 'emmer wheat', 'Triticum turgidum subsp. dicoccum', ''),
(8, 'fava bean', 'Vicia faba', ''),
(9, 'flax', 'Linum usitatissimum', ''),
(10, 'foxtail millet', 'Setaria italica', ''),
(11, 'grass pea', 'Lathyrus sativus', ''),
(12, 'hemp', 'Cannabis sativa', ''),
(13, 'lentil', 'Lens culinaris', ''),
(14, 'pea', 'Pisum sativum', ''),
(15, 'peach', 'Persica vulgaris', ''),
(16, 'poppy', 'Papaver somniferum', ''),
(17, 'rye', 'Secale cereale', ''),
(18, 'wild barley', 'Hordeum vulgare subsp. spontaneum', ''),
(19, 'wild bitter vetch', 'Vicia ervilia', ''),
(20, 'wild chickpea', 'Cicer reticulatum', ''),
(21, 'wild einkorn', 'Triticum monococcum subsp. baeoticum', ''),
(22, 'wild emmer', 'Triticum turgidum subsp. dicoccoides', ''),
(23, 'wild flax', 'Linum bienne', ''),
(24, 'wild lentil', 'Lens orientalis', ''),
(25, 'wild pea', 'Pisum humile', ''),
(26, 'olive', NULL, ''),
(27, 'fig', NULL, ''),
(28, 'pistachio', NULL, ''),
(29, 'grape', '', '\r\n'),
(30, 'almond', '', ''),
(31, 'nuts', '', ''),
(32, 'pulse', '', ''),
(33, 'vetch', '', ''),
(34, 'sea club-rush', '', ''),
(35, 'acorn', '', ''),
(36, 'blackberry', '', ''),
(37, 'oat', 'Avena', ''),
(38, 'black nightshade', 'Chenopodiacea', ''),
(39, 'wheat', 'Tricinum aestivum', ''),
(41, 'apple', 'Malus', ''),
(42, 'pear', 'Pyrus', ''),
(43, 'buckthorn ', 'Rhamnus', ''),
(44, 'Pine', 'Pinus pinea', ''),
(45, 'wild plum', 'Prunus americana', '');

-- --------------------------------------------------------

--
-- Table structure for table `defcdb_dc_finds_lithics_core_shape`
--

CREATE TABLE `defcdb_dc_finds_lithics_core_shape` (
  `id` int(11) NOT NULL,
  `name` varchar(100) DEFAULT NULL,
  `description` longtext NOT NULL
) ENGINE=InnoDB DEFAULT CHARSET=utf8;

--
-- Dumping data for table `defcdb_dc_finds_lithics_core_shape`
--

INSERT INTO `defcdb_dc_finds_lithics_core_shape` (`id`, `name`, `description`) VALUES
(1, 'Bullet core', ''),
(2, 'Conical core', ''),
(3, 'Wedge-shaped core', ''),
(4, 'Unidirectional core', ''),
(5, 'Bidirectional core', ''),
(6, 'Naviform core', ''),
(7, 'Flake core', ''),
(8, 'Blade core', ''),
(9, 'Core fragment', ''),
(10, 'Crested flake', ''),
(11, 'Crested blade', ''),
(12, 'Tablet', ''),
(13, 'Cortical blade', '');

-- --------------------------------------------------------

--
-- Table structure for table `defcdb_dc_finds_lithics_industry`
--

CREATE TABLE `defcdb_dc_finds_lithics_industry` (
  `id` int(11) NOT NULL,
  `name` varchar(100) DEFAULT NULL,
  `description` longtext NOT NULL
) ENGINE=InnoDB DEFAULT CHARSET=utf8;

--
-- Dumping data for table `defcdb_dc_finds_lithics_industry`
--

INSERT INTO `defcdb_dc_finds_lithics_industry` (`id`, `name`, `description`) VALUES
(1, 'Blade industry', ''),
(2, 'Flake industry', ''),
(3, 'Microlithic industry', '');

-- --------------------------------------------------------

--
-- Table structure for table `defcdb_dc_finds_lithics_raw_material`
--

CREATE TABLE `defcdb_dc_finds_lithics_raw_material` (
  `id` int(11) NOT NULL,
  `name` varchar(100) DEFAULT NULL,
  `description` longtext NOT NULL
) ENGINE=InnoDB DEFAULT CHARSET=utf8;

--
-- Dumping data for table `defcdb_dc_finds_lithics_raw_material`
--

INSERT INTO `defcdb_dc_finds_lithics_raw_material` (`id`, `name`, `description`) VALUES
(1, 'Obsidian', ''),
(2, 'Flint', ''),
(3, 'Chert ', ''),
(4, 'Chalcedony', ''),
(5, 'Jasper', ''),
(6, 'Quartz', ''),
(7, 'Rock crystal', ''),
(8, 'Quartzite', ''),
(9, 'Radiolarite', '');

-- --------------------------------------------------------

--
-- Table structure for table `defcdb_dc_finds_lithics_retouched_tools`
--

CREATE TABLE `defcdb_dc_finds_lithics_retouched_tools` (
  `id` int(11) NOT NULL,
  `name` varchar(100) DEFAULT NULL,
  `description` longtext NOT NULL
) ENGINE=InnoDB DEFAULT CHARSET=utf8;

--
-- Dumping data for table `defcdb_dc_finds_lithics_retouched_tools`
--

INSERT INTO `defcdb_dc_finds_lithics_retouched_tools` (`id`, `name`, `description`) VALUES
(1, 'End-scraper on blade', ''),
(2, 'End-scraper on flake', ''),
(3, 'Side-scraper', ''),
(4, 'Circular scraper', ''),
(5, 'High scraper', ''),
(6, 'Micro end-scraper', ''),
(7, 'Retouched blade', ''),
(8, 'Retouched flake', ''),
(9, 'Denticulate', ''),
(10, 'Notch', ''),
(11, 'Truncation', ''),
(12, 'Double truncation', ''),
(14, 'Drill', ''),
(16, 'Projectile point', ''),
(17, 'Burin', ''),
(18, 'Trapeze', ''),
(19, 'Segment', ''),
(20, 'Backed bladelet', ''),
(21, 'Splinter', ''),
(22, 'Sickle blade', ''),
(28, 'Knife', ''),
(29, 'Çayönü tool', ''),
(30, 'Double-baked blade', '');

-- --------------------------------------------------------

--
-- Table structure for table `defcdb_dc_finds_lithics_technology`
--

CREATE TABLE `defcdb_dc_finds_lithics_technology` (
  `id` int(11) NOT NULL,
  `name` varchar(100) DEFAULT NULL,
  `description` longtext NOT NULL
) ENGINE=InnoDB DEFAULT CHARSET=utf8;

--
-- Dumping data for table `defcdb_dc_finds_lithics_technology`
--

INSERT INTO `defcdb_dc_finds_lithics_technology` (`id`, `name`, `description`) VALUES
(1, 'Direct percussion', ''),
(2, 'Indirect percussion', ''),
(3, 'Pressure technique', '');

-- --------------------------------------------------------

--
-- Table structure for table `defcdb_dc_finds_lithics_unretouched_tools`
--

CREATE TABLE `defcdb_dc_finds_lithics_unretouched_tools` (
  `id` int(11) NOT NULL,
  `description` longtext NOT NULL,
  `name` varchar(100) DEFAULT NULL
) ENGINE=InnoDB DEFAULT CHARSET=utf8;

--
-- Dumping data for table `defcdb_dc_finds_lithics_unretouched_tools`
--

INSERT INTO `defcdb_dc_finds_lithics_unretouched_tools` (`id`, `description`, `name`) VALUES
(1, '', 'Blade'),
(2, '', 'Bladelet'),
(3, '', 'Microblade'),
(4, '', 'Y blade'),
(5, '', 'Flake');

-- --------------------------------------------------------

--
-- Table structure for table `defcdb_dc_finds_material`
--

CREATE TABLE `defcdb_dc_finds_material` (
  `id` int(11) NOT NULL,
  `name` varchar(100) DEFAULT NULL,
  `description` longtext NOT NULL
) ENGINE=InnoDB DEFAULT CHARSET=utf8;

--
-- Dumping data for table `defcdb_dc_finds_material`
--

INSERT INTO `defcdb_dc_finds_material` (`id`, `name`, `description`) VALUES
(1, 'stone', ''),
(2, 'obsidian', ''),
(3, 'fabric', ''),
(4, 'spondylus shell', ''),
(5, 'bone', ''),
(6, 'shell', ''),
(7, 'antler', ''),
(8, 'horn', ''),
(9, 'metal', ''),
(10, 'marble', ''),
(11, 'flint', ''),
(12, 'chert', ''),
(13, 'chalcedony', ''),
(14, 'jasper', ''),
(15, 'quartz', ''),
(16, 'rock crystal', ''),
(17, 'quartzite', ''),
(18, 'radiolarite', ''),
(19, 'clay', ''),
(20, 'basalt', ''),
(21, 'chlorite', ''),
(22, 'limestone', ''),
(23, 'serpentine', ''),
(24, 'granite', ''),
(25, 'sandstone', ''),
(26, 'schist', ''),
(27, 'agate', ''),
(28, 'tooth', ''),
(29, 'andesit', ''),
(30, 'porphyry', ''),
(31, 'copper', ''),
(32, 'wood', ''),
(33, 'green stone', ''),
(34, 'gold', ''),
(35, 'malachite', ''),
(36, 'cardium shell', ''),
(37, 'calcite', ''),
(38, 'slate', ''),
(39, 'ophiolite', ''),
(40, 'silver', ''),
(41, 'lead', '');

-- --------------------------------------------------------

--
-- Table structure for table `defcdb_dc_finds_pottery_decoration`
--

CREATE TABLE `defcdb_dc_finds_pottery_decoration` (
  `id` int(11) NOT NULL,
  `name` varchar(100) DEFAULT NULL,
  `description` longtext NOT NULL,
  `german_name` varchar(100) DEFAULT NULL
) ENGINE=InnoDB DEFAULT CHARSET=utf8;

--
-- Dumping data for table `defcdb_dc_finds_pottery_decoration`
--

INSERT INTO `defcdb_dc_finds_pottery_decoration` (`id`, `name`, `description`, `german_name`) VALUES
(118, 'Bead inlay', '', 'Perleneinlage'),
(119, 'Black burnished ', '', 'Schwarz geglättet'),
(120, 'Brown burnished', '', 'Braun geglättet'),
(122, 'Incrusted', '', 'Inkrustiert'),
(123, 'Grooved', '', 'Kanneliert'),
(124, 'Painted ', '', 'Bemalt'),
(125, 'Halaf Painted', '', 'Halaf Bemalung'),
(126, 'Impresso', '', 'Impresso'),
(127, 'Incised-Pointillé decoration', '', 'Ritzverzierter-Pointillé Dekor'),
(128, 'Incised  ', '', 'Ritzverziert'),
(129, 'Mat-impressed', '', 'Mattenabdrücke'),
(130, 'Monochrome brown', '', 'Monochrom braun'),
(131, 'Pattern burnished', '', 'Politurmusterverziert'),
(132, 'Plastic Decoration', '', 'Plastischer Dekor'),
(133, 'Figure Relief Decoration', '', 'Figürlicher Reliefdekor'),
(134, 'Red slipped ', '', 'Ware mit rotem Überzug'),
(135, 'Unburnished', '', 'Ungeglättet'),
(136, 'White ', '', 'Weiß  '),
(137, 'White on red ', '', 'Weiß auf rot '),
(138, 'Black and red on cream (polychrome) (Β3β)', '', 'Schwarz und rot auf beige (polychrom) (B3b)'),
(139, 'Black and red on white (polychrome) (Β3γ)', '', 'Schwarz und rot auf weiß (polychrom) (B3c)'),
(140, 'Black and white on red (polychrome) (Β3β)', '', 'Schwarz und weiß auf rot (polychrom) (B3b)'),
(141, 'Black burnished “Larisa” (Γ1α; A5α/γ)', '', 'Schwarz geglättet “Larisa” (C1a; A5a/c)'),
(142, 'Black burnished with channeled decoration (Γ1α3)', '', 'Schwarz geglättet, kanneliert  (C1a3)'),
(143, 'Black burnished with white paint (Γ1α1)', '', 'Schwarz geglättet mit weißer Bemalung (C1a1)'),
(144, 'Black on red (Β3α2b)', '', 'Schwarz auf rot  (B3a2b)'),
(145, 'Black on white (B3α3)', '', 'Schwarz auf weiß  (B3a3)'),
(146, 'Black pattern burnished (Γ1α2)', '', 'Schwarz mustergeglättet  (C1a2)'),
(147, 'Brown on buff (matt painted) (Β3ε)', '', 'Braun auf hell (mattbemalt) (B3e)'),
(148, 'Brown on cream (B3α2a)', '', 'Braun auf beige  (B3a2a)'),
(149, 'Incrusted', '', 'Inkrustiert'),
(150, 'Grey on grey (Γ1β)', '', 'Grau auf grau (C1b)'),
(151, 'Impresso (A2)', '', 'Impresso (A2)'),
(152, 'Incised (B2)', '', 'Ritzverziert (B2)'),
(153, 'Incised (Γ2)', '', 'Ritzverziert (C2)'),
(154, 'Monochrome red (A1)', '', 'Monochrom rot  (A1)'),
(155, 'Monochrome undecorated (B1)', '', 'Monochrom undekoriert (B1)'),
(156, 'Red burnished (B1)', '', 'Rot geglättet (B1)'),
(157, 'Red on white (A3ß)', '', 'Rot auf weiß (A3b)'),
(158, 'Red on red (A3γ)', '', 'Rot on red (A3c)'),
(159, 'Scraped (A3ε) ', '', 'Ausgewischt (A3e)'),
(160, 'White on red (A3α)', '', 'Weiß auf rot (A3a)'),
(161, 'White on red (Β3α1)', '', 'Weiß auf rot (B3a1)'),
(162, 'Black burnished ', '', 'Schwarz geglättet'),
(163, 'Black on red ', '', 'Schwarz auf rot '),
(164, 'Coarse Urfirnis ', '', 'Grober Urfirnis '),
(165, 'Coarse ', '', 'Grob'),
(166, 'Incrusted ', '', 'Inkrustiert'),
(167, 'Grooved ', '', 'Kanneliert'),
(168, 'Incised ', '', 'Ritzverziert'),
(169, 'Matt painted ', '', 'Matt bemalt'),
(170, 'Monochrome burnished ', '', 'Monochrom geglättet'),
(171, 'Monochrome Urfirnis ', '', 'Monochromer Urfirnis'),
(172, 'Pattern burnished', '', 'Politurmusterverziert'),
(173, 'Patterned Urfirnis ', '', 'Musterverzierter Urfirnis'),
(174, 'Plastic Decoration', '', 'Plastischer Dekor'),
(175, 'Polychrome ', '', 'Polychrom'),
(176, 'Red on white ', '', 'Rot auf weiß  '),
(177, 'Rippled ', '', 'Wellig'),
(178, 'Stroke-and pattern burnished', '', 'Strich- und mustergeglättet'),
(179, 'White on red ', '', 'Weiß auf rot '),
(180, 'White ', '', 'Weiß '),
(181, 'White on black', '', 'Weiß auf schwarz '),
(182, 'Barbotine ', '', 'Barbotineverziert'),
(183, 'Black on red ', '', 'Schwarz auf rot '),
(185, 'Brown on buff ', '', 'Braun auf hell'),
(186, 'Brown on red ', '', 'Braun auf rot '),
(187, 'Brown on cream ', '', 'Braun auf beige '),
(188, 'Burnished ', '', 'Geglättet'),
(190, 'Coarse ', '', 'Grob'),
(191, 'Excised ', '', 'Ware mit ausgeschnittenem Dekor'),
(192, 'Excised-with-graphite ', '', 'Ware mit ausgeschnittenem Dekor und Graphitbemalung'),
(194, 'Graphite painted', '', 'Graphitbemalt'),
(195, 'Gray lustre ', '', 'Grauer Glanzton'),
(196, 'Grooved ', '', 'Kanneliert'),
(197, 'Grooved with graphite ', '', 'Kanneliert, mit Graphitbemalung'),
(198, 'Incised ', '', 'Ritzverziert'),
(199, 'Matt brown on white ', '', 'Matt bemalt, braun auf weiß '),
(200, 'Monochrome orange', '', 'Monochrom Orange'),
(201, 'Plastic Decoration', '', 'Plastischer Dekor'),
(202, 'Polychrome', '', 'Polychrom'),
(203, 'Red incrusted ', '', 'Rot inkrustiert'),
(204, 'Red on brown ', '', 'Rot auf braun '),
(205, 'Red on white ', '', 'Rot auf weiß '),
(206, 'Red slipped ', '', 'Ware mit rotem Überzug'),
(207, 'Rippled ', '', 'Wellig'),
(208, 'Rusticated', '', 'rustiziert'),
(209, 'Shell stamped', '', 'Mit einer Muschel gestempelt'),
(210, 'White on red ', '', 'Weiß auf rot '),
(211, 'Applied disc', '', 'Angesetzte Scheiben'),
(212, 'Barbotine ', '', 'Barbotineverziert'),
(213, 'Brushed ', '', 'Gebürstet'),
(214, 'Burnished ', '', 'Geglättet'),
(215, 'Coarse ', '', 'Grob'),
(216, 'Granulata ware', '', 'Granulatdekor'),
(217, 'Grooved ', '', 'Kanneliert'),
(218, 'Incised ', '', 'Ritzverziert'),
(219, 'Incised-Pointillé decoration', '', 'Ritzverzierter-Pointillé Dekor'),
(220, 'Monochrome ', '', 'Monochrom'),
(221, 'Painted ', '', 'Bemalt'),
(222, 'Pattern burnished ', '', 'Politurmusterverziert'),
(223, 'Pattern jabbed ', '', 'Eingedrückter Musterdekor'),
(225, 'Plastic cordon decoration', '', 'Plastischer Banddekor'),
(226, 'Plastic Decoration', '', 'Plastischer Dekor'),
(227, 'Pointillé decoration', '', 'Pointillé Dekor'),
(228, 'Polished', '', 'Poliert'),
(229, 'Punched', '', 'Lochdekor'),
(230, 'Red on buff', '', 'Rot auf hell'),
(231, 'Rippled burnished', '', 'Wellig geglättet'),
(232, 'Rippled ', '', 'Wellig'),
(233, 'Scored ', '', 'Eingekerbt'),
(234, 'Scribble burnished ', '', 'Geschmiergeglättet'),
(235, 'Single jabbed', '', 'Einzeln eingedrückter Musterdekor'),
(236, 'Wiped ', '', 'Wischdekor'),
(237, 'Wiped', '', 'Ausgewischt'),
(238, 'Plastic decoration', '', 'Plastischer Dekor'),
(239, 'Painted', '', 'Bemalt'),
(240, 'Barbotine', '', 'Barbotineverziert'),
(241, 'Painted', '', 'Bemalt'),
(242, 'Black topped', '', ''),
(243, 'Polychrome burnished', '', ''),
(244, 'Spongy', '', ''),
(245, 'Monochrome black', '', ''),
(246, 'Grey ware', '', ''),
(247, 'Dark faced burished ware (DFBW)', '', ''),
(248, 'Red burnished', '', ''),
(249, 'monochrome red', '', ''),
(250, 'Red burnished', '', ''),
(251, 'Pointillé decoration', '', ''),
(252, 'Coarse', '', ''),
(253, 'Pattern burnished', '', ''),
(254, 'Monochrome black', '', ''),
(255, 'Monochrome brown', '', ''),
(256, 'Black topped', '', ''),
(257, 'Coarse', '', ''),
(258, 'Black slipped', '', ''),
(259, 'Orange fine ware', '', ''),
(260, 'Smeared', '', ''),
(261, 'Smoothed', '', ''),
(262, 'Brown on cream', '', ''),
(263, 'Figure relief decoration', '', ''),
(264, 'Impresso', '', ''),
(265, 'Monochrome', '', ''),
(266, 'Wiped', '', ''),
(267, 'Polychrome burnished', '', ''),
(268, 'Red on red', '', ''),
(269, 'Monochrome', '', ''),
(270, 'Monochrome red', '', ''),
(271, 'Black burnished', '', ''),
(272, 'Red burnished', '', ''),
(273, 'Pink Ware', '', ''),
(274, 'Impresso', '', ''),
(275, 'White', '', ''),
(276, 'Pattern burnished', '', ''),
(277, 'Grey on grey', '', ''),
(278, 'Brown burnished', '', ''),
(279, 'Black on white', '', ''),
(280, 'White on black', '', ''),
(281, 'Painted', '', ''),
(282, 'Red on yellow', '', ''),
(283, 'Brown on yellow', '', ''),
(284, 'Red topped', '', ''),
(285, 'White topped', '', ''),
(286, 'Monochrome yellow', '', ''),
(287, 'Black on grey', '', ''),
(288, 'Smoothed', '', ''),
(289, 'Grey burnished', '', ''),
(290, 'Red on white', '', ''),
(291, 'Monochrome black', '', ''),
(292, 'Monochrome red', '', ''),
(293, 'White on black', '', ''),
(294, 'Monochrome grey', '', ''),
(295, 'Shell stamped', '', ''),
(296, 'White', '', ''),
(297, 'Burnished', '', ''),
(298, 'Black topped', '', ''),
(299, 'Monochrome brown', '', ''),
(300, 'Monochrome orange', '', ''),
(301, 'Monochrome white', '', ''),
(302, 'Slipped', '', ''),
(303, 'Smoothed', '', ''),
(304, 'brown on buff (matt painted) (Β3ε)', '', ''),
(305, 'Burnished', '', ''),
(306, 'Grey on grey (Γ1β)', '', ''),
(307, 'Black/red burnished Arapi', '', ''),
(308, 'Pitted', '', '');

-- --------------------------------------------------------

--
-- Table structure for table `defcdb_dc_finds_pottery_decoration_region`
--

CREATE TABLE `defcdb_dc_finds_pottery_decoration_region` (
  `id` int(11) NOT NULL,
  `dc_finds_pottery_decoration_id` int(11) NOT NULL,
  `dc_region_id` int(11) NOT NULL
) ENGINE=InnoDB DEFAULT CHARSET=utf8;

--
-- Dumping data for table `defcdb_dc_finds_pottery_decoration_region`
--

INSERT INTO `defcdb_dc_finds_pottery_decoration_region` (`id`, `dc_finds_pottery_decoration_id`, `dc_region_id`) VALUES
(785, 118, 1),
(786, 118, 2),
(787, 118, 3),
(788, 118, 4),
(789, 118, 5),
(790, 118, 6),
(791, 119, 1),
(792, 119, 2),
(793, 119, 3),
(794, 119, 4),
(795, 119, 5),
(796, 119, 6),
(797, 120, 1),
(798, 120, 2),
(799, 120, 3),
(800, 120, 4),
(801, 120, 5),
(802, 120, 6),
(1564, 122, 1),
(1565, 122, 2),
(1566, 122, 3),
(1567, 122, 4),
(1568, 122, 5),
(1569, 122, 6),
(815, 123, 1),
(816, 123, 2),
(817, 123, 3),
(818, 123, 4),
(819, 123, 5),
(820, 123, 6),
(821, 124, 1),
(822, 124, 2),
(823, 124, 3),
(824, 124, 4),
(825, 124, 5),
(826, 124, 6),
(827, 125, 1),
(828, 125, 2),
(829, 125, 3),
(830, 125, 4),
(831, 125, 5),
(832, 125, 6),
(833, 126, 1),
(834, 126, 2),
(835, 126, 3),
(836, 126, 4),
(837, 126, 5),
(838, 126, 6),
(839, 127, 1),
(840, 127, 2),
(841, 127, 3),
(842, 127, 4),
(843, 127, 5),
(844, 127, 6),
(845, 128, 1),
(846, 128, 2),
(847, 128, 3),
(848, 128, 4),
(849, 128, 5),
(850, 128, 6),
(1586, 129, 1),
(1587, 129, 2),
(1588, 129, 3),
(1589, 129, 4),
(1590, 129, 5),
(1591, 129, 6),
(857, 130, 1),
(858, 130, 2),
(859, 130, 3),
(860, 130, 4),
(861, 130, 5),
(862, 130, 6),
(863, 131, 1),
(864, 131, 2),
(865, 131, 3),
(866, 131, 4),
(867, 131, 5),
(868, 131, 6),
(869, 132, 1),
(870, 132, 2),
(871, 132, 3),
(872, 132, 4),
(873, 132, 5),
(874, 132, 6),
(875, 133, 1),
(876, 133, 2),
(877, 133, 3),
(878, 133, 4),
(879, 133, 5),
(880, 133, 6),
(881, 134, 1),
(882, 134, 2),
(883, 134, 3),
(884, 134, 4),
(885, 134, 5),
(886, 134, 6),
(887, 135, 1),
(888, 135, 2),
(889, 135, 3),
(890, 135, 4),
(891, 135, 5),
(892, 135, 6),
(893, 136, 1),
(894, 136, 2),
(895, 136, 3),
(896, 136, 4),
(897, 136, 5),
(898, 136, 6),
(899, 137, 1),
(900, 137, 2),
(901, 137, 3),
(902, 137, 4),
(903, 137, 5),
(904, 137, 6),
(905, 138, 16),
(906, 139, 16),
(907, 140, 16),
(908, 141, 16),
(909, 142, 16),
(910, 143, 16),
(911, 144, 16),
(912, 145, 16),
(913, 146, 16),
(914, 147, 16),
(915, 148, 16),
(1563, 149, 16),
(917, 150, 16),
(1532, 151, 16),
(919, 152, 16),
(1533, 153, 16),
(921, 154, 16),
(922, 155, 16),
(923, 156, 16),
(924, 157, 16),
(925, 158, 16),
(926, 159, 16),
(927, 160, 16),
(928, 161, 16),
(930, 162, 8),
(931, 162, 9),
(932, 162, 10),
(933, 162, 11),
(934, 162, 15),
(929, 162, 18),
(936, 163, 8),
(937, 163, 9),
(938, 163, 10),
(939, 163, 11),
(940, 163, 15),
(935, 163, 18),
(942, 164, 8),
(943, 164, 9),
(944, 164, 10),
(945, 164, 11),
(946, 164, 15),
(941, 164, 18),
(948, 165, 8),
(949, 165, 9),
(950, 165, 10),
(951, 165, 11),
(952, 165, 15),
(947, 165, 18),
(1558, 166, 8),
(1559, 166, 9),
(1560, 166, 10),
(1561, 166, 11),
(1562, 166, 15),
(1557, 166, 18),
(960, 167, 8),
(961, 167, 9),
(962, 167, 10),
(963, 167, 11),
(964, 167, 15),
(959, 167, 18),
(966, 168, 8),
(967, 168, 9),
(968, 168, 10),
(969, 168, 11),
(970, 168, 15),
(965, 168, 18),
(972, 169, 8),
(973, 169, 9),
(974, 169, 10),
(975, 169, 11),
(976, 169, 15),
(971, 169, 18),
(978, 170, 8),
(979, 170, 9),
(980, 170, 10),
(981, 170, 11),
(982, 170, 15),
(977, 170, 18),
(984, 171, 8),
(985, 171, 9),
(986, 171, 10),
(987, 171, 11),
(988, 171, 15),
(983, 171, 18),
(990, 172, 8),
(991, 172, 9),
(992, 172, 10),
(993, 172, 11),
(994, 172, 15),
(989, 172, 18),
(996, 173, 8),
(997, 173, 9),
(998, 173, 10),
(999, 173, 11),
(1000, 173, 15),
(995, 173, 18),
(1002, 174, 8),
(1003, 174, 9),
(1004, 174, 10),
(1005, 174, 11),
(1006, 174, 15),
(1001, 174, 18),
(1008, 175, 8),
(1009, 175, 9),
(1010, 175, 10),
(1011, 175, 11),
(1012, 175, 15),
(1007, 175, 18),
(1014, 176, 8),
(1015, 176, 9),
(1016, 176, 10),
(1017, 176, 11),
(1018, 176, 15),
(1013, 176, 18),
(1020, 177, 8),
(1021, 177, 9),
(1022, 177, 10),
(1023, 177, 11),
(1024, 177, 15),
(1019, 177, 18),
(1026, 178, 8),
(1027, 178, 9),
(1028, 178, 10),
(1029, 178, 11),
(1030, 178, 15),
(1025, 178, 18),
(1032, 179, 8),
(1033, 179, 9),
(1034, 179, 10),
(1035, 179, 11),
(1036, 179, 15),
(1031, 179, 18),
(1038, 180, 8),
(1039, 180, 9),
(1040, 180, 10),
(1041, 180, 11),
(1042, 180, 15),
(1037, 180, 18),
(1044, 181, 8),
(1045, 181, 9),
(1046, 181, 10),
(1047, 181, 11),
(1048, 181, 15),
(1043, 181, 18),
(1050, 182, 12),
(1051, 182, 13),
(1052, 182, 14),
(1049, 182, 17),
(1054, 183, 12),
(1055, 183, 13),
(1056, 183, 14),
(1053, 183, 17),
(1062, 185, 12),
(1063, 185, 13),
(1064, 185, 14),
(1061, 185, 17),
(1066, 186, 12),
(1067, 186, 13),
(1068, 186, 14),
(1065, 186, 17),
(1070, 187, 12),
(1071, 187, 13),
(1072, 187, 14),
(1069, 187, 17),
(1598, 188, 2),
(1599, 188, 4),
(1600, 188, 5),
(1601, 188, 6),
(1602, 188, 12),
(1603, 188, 13),
(1604, 188, 14),
(1605, 188, 17),
(1082, 190, 12),
(1083, 190, 13),
(1084, 190, 14),
(1081, 190, 17),
(1086, 191, 12),
(1087, 191, 13),
(1088, 191, 14),
(1085, 191, 17),
(1090, 192, 12),
(1091, 192, 13),
(1092, 192, 14),
(1089, 192, 17),
(1098, 194, 12),
(1099, 194, 13),
(1100, 194, 14),
(1097, 194, 17),
(1102, 195, 12),
(1103, 195, 13),
(1104, 195, 14),
(1101, 195, 17),
(1106, 196, 12),
(1107, 196, 13),
(1108, 196, 14),
(1105, 196, 17),
(1110, 197, 12),
(1111, 197, 13),
(1112, 197, 14),
(1109, 197, 17),
(1114, 198, 12),
(1115, 198, 13),
(1116, 198, 14),
(1113, 198, 17),
(1118, 199, 12),
(1119, 199, 13),
(1120, 199, 14),
(1117, 199, 17),
(1576, 200, 12),
(1577, 200, 13),
(1578, 200, 14),
(1575, 200, 17),
(1126, 201, 12),
(1127, 201, 13),
(1128, 201, 14),
(1125, 201, 17),
(1130, 202, 12),
(1131, 202, 13),
(1132, 202, 14),
(1129, 202, 17),
(1571, 203, 12),
(1572, 203, 13),
(1573, 203, 14),
(1570, 203, 17),
(1138, 204, 12),
(1139, 204, 13),
(1140, 204, 14),
(1137, 204, 17),
(1142, 205, 12),
(1143, 205, 13),
(1144, 205, 14),
(1141, 205, 17),
(1146, 206, 12),
(1147, 206, 13),
(1148, 206, 14),
(1145, 206, 17),
(1150, 207, 12),
(1151, 207, 13),
(1152, 207, 14),
(1149, 207, 17),
(1154, 208, 12),
(1155, 208, 13),
(1156, 208, 14),
(1153, 208, 17),
(1158, 209, 12),
(1159, 209, 13),
(1160, 209, 14),
(1157, 209, 17),
(1162, 210, 12),
(1163, 210, 13),
(1164, 210, 14),
(1161, 210, 17),
(1166, 211, 12),
(1167, 211, 13),
(1168, 211, 14),
(1165, 211, 17),
(1169, 212, 7),
(1170, 213, 7),
(1171, 214, 7),
(1172, 215, 7),
(1592, 216, 7),
(1174, 217, 7),
(1175, 218, 7),
(1176, 219, 7),
(1177, 220, 7),
(1178, 221, 7),
(1179, 222, 7),
(1180, 223, 7),
(1182, 225, 7),
(1183, 226, 7),
(1184, 227, 7),
(1185, 228, 7),
(1186, 229, 7),
(1187, 230, 7),
(1188, 231, 7),
(1189, 232, 7),
(1190, 233, 7),
(1191, 234, 7),
(1192, 235, 7),
(1193, 236, 7),
(1196, 237, 16),
(1197, 238, 16),
(1198, 239, 16),
(1594, 240, 2),
(1595, 240, 4),
(1596, 240, 5),
(1597, 240, 6),
(1593, 240, 16),
(1245, 241, 9),
(1246, 241, 10),
(1247, 241, 11),
(1249, 241, 15),
(1248, 241, 18),
(1300, 242, 8),
(1301, 242, 9),
(1302, 242, 10),
(1303, 242, 11),
(1304, 242, 15),
(1299, 242, 18),
(1225, 243, 9),
(1226, 243, 10),
(1227, 243, 11),
(1229, 243, 15),
(1228, 243, 18),
(1230, 244, 9),
(1231, 244, 10),
(1232, 244, 11),
(1234, 244, 15),
(1233, 244, 18),
(1235, 245, 9),
(1236, 245, 10),
(1237, 245, 11),
(1239, 245, 15),
(1238, 245, 18),
(1268, 246, 9),
(1269, 246, 10),
(1270, 246, 11),
(1272, 246, 15),
(1271, 246, 18),
(1250, 247, 1),
(1251, 247, 2),
(1252, 247, 3),
(1253, 247, 4),
(1254, 247, 5),
(1255, 247, 6),
(1534, 248, 1),
(1535, 248, 2),
(1536, 248, 3),
(1537, 248, 4),
(1538, 248, 5),
(1539, 248, 6),
(1263, 249, 8),
(1264, 249, 9),
(1265, 249, 10),
(1266, 249, 11),
(1267, 249, 15),
(1262, 249, 18),
(1274, 250, 8),
(1275, 250, 9),
(1276, 250, 10),
(1277, 250, 11),
(1278, 250, 15),
(1273, 250, 18),
(1280, 251, 8),
(1281, 251, 9),
(1282, 251, 10),
(1283, 251, 11),
(1284, 251, 15),
(1279, 251, 18),
(1285, 252, 16),
(1286, 253, 16),
(1288, 254, 12),
(1289, 254, 13),
(1290, 254, 14),
(1287, 254, 17),
(1292, 255, 12),
(1293, 255, 13),
(1294, 255, 14),
(1291, 255, 17),
(1296, 256, 12),
(1297, 256, 13),
(1298, 256, 14),
(1295, 256, 17),
(1321, 257, 1),
(1322, 257, 2),
(1323, 257, 3),
(1324, 257, 4),
(1325, 257, 5),
(1326, 257, 6),
(1327, 258, 1),
(1328, 258, 2),
(1329, 258, 3),
(1330, 258, 4),
(1331, 258, 5),
(1332, 258, 6),
(1315, 259, 1),
(1316, 259, 2),
(1317, 259, 3),
(1318, 259, 4),
(1319, 259, 5),
(1320, 259, 6),
(1334, 260, 12),
(1335, 260, 13),
(1336, 260, 14),
(1333, 260, 17),
(1541, 261, 12),
(1542, 261, 13),
(1543, 261, 14),
(1540, 261, 17),
(1342, 262, 8),
(1343, 262, 9),
(1344, 262, 10),
(1345, 262, 11),
(1346, 262, 15),
(1341, 262, 18),
(1348, 263, 8),
(1349, 263, 9),
(1350, 263, 10),
(1351, 263, 11),
(1352, 263, 15),
(1347, 263, 18),
(1354, 264, 8),
(1355, 264, 9),
(1356, 264, 10),
(1357, 264, 11),
(1358, 264, 15),
(1353, 264, 18),
(1360, 265, 8),
(1361, 265, 9),
(1362, 265, 10),
(1363, 265, 11),
(1364, 265, 15),
(1359, 265, 18),
(1366, 266, 8),
(1367, 266, 9),
(1368, 266, 10),
(1369, 266, 11),
(1370, 266, 15),
(1365, 266, 18),
(1372, 267, 12),
(1373, 267, 13),
(1374, 267, 14),
(1371, 267, 17),
(1376, 268, 12),
(1377, 268, 13),
(1378, 268, 14),
(1375, 268, 17),
(1380, 269, 12),
(1381, 269, 13),
(1382, 269, 14),
(1379, 269, 17),
(1384, 270, 12),
(1385, 270, 13),
(1386, 270, 14),
(1383, 270, 17),
(1388, 271, 12),
(1389, 271, 13),
(1390, 271, 14),
(1387, 271, 17),
(1392, 272, 12),
(1393, 272, 13),
(1394, 272, 14),
(1391, 272, 17),
(1400, 273, 12),
(1401, 273, 13),
(1402, 273, 14),
(1399, 273, 17),
(1404, 274, 12),
(1405, 274, 13),
(1406, 274, 14),
(1403, 274, 17),
(1408, 275, 12),
(1409, 275, 13),
(1410, 275, 14),
(1407, 275, 17),
(1412, 276, 12),
(1413, 276, 13),
(1414, 276, 14),
(1411, 276, 17),
(1416, 277, 12),
(1417, 277, 13),
(1418, 277, 14),
(1415, 277, 17),
(1420, 278, 12),
(1421, 278, 13),
(1422, 278, 14),
(1419, 278, 17),
(1424, 279, 12),
(1425, 279, 13),
(1426, 279, 14),
(1423, 279, 17),
(1428, 280, 12),
(1429, 280, 13),
(1430, 280, 14),
(1427, 280, 17),
(1432, 281, 12),
(1433, 281, 13),
(1434, 281, 14),
(1431, 281, 17),
(1436, 282, 12),
(1437, 282, 13),
(1438, 282, 14),
(1435, 282, 17),
(1440, 283, 12),
(1441, 283, 13),
(1442, 283, 14),
(1439, 283, 17),
(1444, 284, 12),
(1445, 284, 13),
(1446, 284, 14),
(1443, 284, 17),
(1448, 285, 12),
(1449, 285, 13),
(1450, 285, 14),
(1447, 285, 17),
(1452, 286, 12),
(1453, 286, 13),
(1454, 286, 14),
(1451, 286, 17),
(1456, 287, 12),
(1457, 287, 13),
(1458, 287, 14),
(1455, 287, 17),
(1459, 288, 1),
(1460, 288, 2),
(1461, 288, 3),
(1462, 288, 4),
(1463, 288, 5),
(1464, 288, 6),
(1465, 289, 1),
(1466, 289, 2),
(1467, 289, 3),
(1468, 289, 4),
(1469, 289, 5),
(1470, 289, 6),
(1471, 290, 1),
(1472, 290, 2),
(1473, 290, 3),
(1474, 290, 4),
(1475, 290, 5),
(1476, 290, 6),
(1477, 291, 1),
(1478, 291, 2),
(1479, 291, 3),
(1480, 291, 4),
(1481, 291, 5),
(1482, 291, 6),
(1483, 292, 1),
(1484, 292, 2),
(1485, 292, 3),
(1486, 292, 4),
(1487, 292, 5),
(1488, 292, 6),
(1489, 293, 1),
(1490, 293, 2),
(1491, 293, 3),
(1492, 293, 4),
(1493, 293, 5),
(1494, 293, 6),
(1495, 294, 1),
(1496, 294, 2),
(1497, 294, 3),
(1498, 294, 4),
(1499, 294, 5),
(1500, 294, 6),
(1579, 295, 16),
(1503, 296, 16),
(1504, 297, 16),
(1505, 298, 16),
(1506, 299, 16),
(1507, 300, 16),
(1508, 301, 16),
(1612, 302, 2),
(1613, 302, 3),
(1614, 302, 4),
(1615, 302, 5),
(1616, 302, 6),
(1611, 302, 16),
(1510, 303, 16),
(1546, 304, 8),
(1547, 304, 9),
(1548, 304, 10),
(1549, 304, 11),
(1550, 304, 15),
(1545, 304, 18),
(1515, 305, 8),
(1516, 305, 9),
(1517, 305, 10),
(1518, 305, 11),
(1519, 305, 15),
(1514, 305, 18),
(1527, 306, 9),
(1528, 306, 10),
(1529, 306, 11),
(1530, 306, 15),
(1526, 306, 18),
(1531, 307, 16),
(1606, 308, 2),
(1607, 308, 3),
(1608, 308, 4),
(1609, 308, 5),
(1610, 308, 6);

-- --------------------------------------------------------

--
-- Table structure for table `defcdb_dc_finds_pottery_detail`
--

CREATE TABLE `defcdb_dc_finds_pottery_detail` (
  `id` int(11) NOT NULL,
  `name` varchar(100) DEFAULT NULL,
  `description` longtext NOT NULL,
  `german_name` varchar(100) DEFAULT NULL
) ENGINE=InnoDB DEFAULT CHARSET=utf8;

--
-- Dumping data for table `defcdb_dc_finds_pottery_detail`
--

INSERT INTO `defcdb_dc_finds_pottery_detail` (`id`, `name`, `description`, `german_name`) VALUES
(67, 'Bar handle with knob', '', 'Stabhenkel mit Knubbe'),
(68, 'Elephant Lug', '', 'Rüsselhenkel'),
(69, 'Flaring rim', '', 'Ausladender Rand'),
(70, 'Ledge Lug', '', 'Grifflappen'),
(71, 'Foot', '', 'Bein'),
(72, 'Horned handle', '', 'Henkel mit Hornaufsatz'),
(73, 'Inside bevelled and decorated rim ', '', 'Innen abgestrichener Rand mit Verzierung'),
(74, 'Knob', '', 'Knubbe'),
(75, 'Mushroom handle', '', 'Henkel mit pilzförmigem Aufsatz'),
(76, 'Pedestal base', '', 'Sockel'),
(77, 'Rolled rim', '', 'Innen verdickter Rand'),
(78, 'Strap Handle', '', 'Bandhenkel'),
(79, 'Stringhole Lug', '', 'Ösenhenkel'),
(80, 'Tubular lug', '', 'Röhrenöse'),
(81, 'Zoomorphic Handle Attachment', '', 'Zoomorpher Griffaufsatz/Tierkopfgriff'),
(82, 'Elephant Lug', '', 'Rüsselhenkel'),
(83, 'Ledge Lug', '', 'Grifflappen'),
(84, 'Foot', '', 'Bein'),
(85, 'Pedestal Base', '', 'Standfuß'),
(86, 'Flat Base', '', 'Flachboden'),
(87, 'Rolled Rim', '', 'Innen verdickter Rand'),
(88, 'Spout', '', 'Ausguss'),
(89, 'Strap Handle', '', 'Bandhenkel'),
(90, 'High Strap Handle with Knob', '', 'Hochgezogener Bandhenkel mit Knubbe'),
(91, 'Strap Handle with Knob', '', 'Bandhenkel mit Knubbe'),
(92, 'Horned Strap Handle', '', 'Bandhenkel mit Hornaufsatz'),
(93, 'Wishbone Handle', '', 'Gabelhenkel'),
(94, 'Rim Attachment', '', 'Randaufsatz'),
(95, 'Zoomorphic Handle Attachment', '', 'Zoomorpher Griffaufsatz/Tierkopfgriff'),
(96, 'Tab Handle', '', 'Grifflappen'),
(97, 'Double Tab Handle', '', 'Doppelter Grifflappen'),
(98, 'Knob', '', 'Knubbe'),
(99, 'knob-row', '', 'Vertikale Knubbenreihe'),
(100, 'Ring Handle', '', 'Ringhenkel'),
(101, 'Triangular Ring Handle', '', 'eckiger Ringhenkel'),
(102, 'Small Ring Handle', '', 'kleiner Ringhenkel'),
(103, 'Stringhole Lug', '', 'Ösenhenkel'),
(104, 'Elephant Lug', '', 'Rüsselhenkel'),
(105, 'Ledge Lug', '', 'Grifflappen'),
(106, 'Foot', '', 'Bein'),
(107, 'Flat Base', '', 'Flachboden'),
(108, 'Pedestal Base', '', 'Standfuß'),
(109, 'Round Bar Handle', '', 'Stabhenkel'),
(110, 'Spout', '', 'Ausguss'),
(111, 'Strap handle', '', 'Bandhenkel'),
(112, 'Tab handle', '', 'Grifflappen'),
(113, 'Rim Attachment', '', 'Randaufsatz'),
(114, 'Knob', '', 'Knubbe'),
(115, 'Rolled rim', '', 'Innen verdickter Rand'),
(116, 'Tubular lug', '', 'Röhrenöse'),
(117, 'Stringhole Lug', '', 'Ösenhenkel'),
(118, 'Ear handle', '', 'Ohrhenkel'),
(119, 'High strap handle', '', 'Hochgezogener Bandhenkel'),
(120, 'Knobbed handle', '', 'Henkel mit aufgesetzter Knubbe'),
(121, 'Ledge lug', '', 'Grifflappen'),
(122, 'Foot', '', 'Bein'),
(123, 'Pedestal Base', '', 'Standfuß'),
(124, 'Flat Base', '', 'Flachboden'),
(125, 'Spout', '', 'Ausguss'),
(126, 'V-shaped spout', '', 'V-förmiger Ausguss'),
(127, 'Rim Attachment', '', 'Randaufsatz'),
(128, 'Mushroom handle', '', 'Henkel mit pilzförmigem Aufsatz'),
(129, 'Wishbone Handle', '', 'Gabelhenkel'),
(130, 'Pronged Handle', '', 'Henkel mit Stabaufsatz'),
(131, 'Strap handle', '', 'Bandhenkel'),
(132, 'Horned Strap Handle', '', 'Bandhenkel mit Hornaufsatz'),
(133, 'Knob', '', 'Knubbe'),
(134, 'Stringhole lug', '', 'Ösenhenkel'),
(135, 'Tab handle', '', 'Grifflappen'),
(136, 'Tubular lug', '', 'Röhrenöse'),
(138, 'Bridge spout', '', 'Tüllenausguss'),
(139, 'Concave flat base', '', 'Konkaver Flachboden'),
(140, 'Curved tapered-up rim', '', 'Gewölbter, sich verjügender Rand'),
(141, 'Ear handle', '', 'Ohrhenkel'),
(142, 'Flaring rim', '', 'Ausladender Rand'),
(143, 'Horned handle', '', 'Henkel mit Hornaufsatz'),
(144, 'Knobbed wishbone handle', '', 'Gabelhenkel mit Knubbe'),
(145, 'Ledge lug', '', 'Grifflappen'),
(146, 'Foot', '', 'Bein'),
(147, 'Miniature strap handle', '', 'Miniaturbandhenkel'),
(148, 'Pronged wishbone handle', '', 'Gabelhenkel mit Stabaufsatz'),
(149, 'Strap handle with round hole', '', 'Bandhenkel mit rundem Loch'),
(150, 'Strap handle', '', 'Bandhenkel'),
(151, 'Rim-attached Strap Handle', '', 'Bandhenkel am Randansatz'),
(152, 'Tubular lug', '', 'Röhrenöse'),
(153, 'V-shaped spout', '', 'V-förmiger Ausguss'),
(154, 'winged strap handle', '', 'geflügelte Bandhenkel'),
(155, 'Wishbone handle', '', 'Gabelhenkel'),
(156, 'Double-horned Wishbone Handle', '', 'Gabelhenkel mit doppelten Hornaufsatz'),
(157, 'Tapered-up rim', '', 'Verjüngender Rand'),
(158, 'Flat-topped Rim', '', 'Flachrand'),
(159, 'Everted rim ', '', 'Umgestülpter Rand '),
(160, 'Fenestrated pedestal', '', 'Durchbrochener Sockel/Fuß'),
(161, 'Flat base', '', 'Flacher Boden'),
(162, 'Pedestal Base', '', 'Standfuß'),
(163, 'Offset rim', '', 'Abgesetzter Rand'),
(164, 'Pedestal', '', 'Sockel/Fuß'),
(165, 'Rounded base', '', 'Runder Boden'),
(166, 'Thickened rim', '', 'Verdickter Rand'),
(167, 'Small foot', '', 'Kleiner Fuß'),
(168, 'Horned handle', '', 'Zapfengriff'),
(170, 'Elongated handle', '', ''),
(171, 'Crescent-shaped handle', '', ''),
(172, 'High Strap Handle with Knob', '', ''),
(173, 'Everted rim', '', ''),
(174, 'Tubular lug', '', ''),
(175, 'Horned handle', '', ''),
(176, 'Zoomorphic handle attachment', '', ''),
(177, 'Wishbone handle', '', ''),
(178, 'Tab Handle', '', 'Grifflappen'),
(179, 'Rounded base', '', ''),
(180, 'Ring base', '', ''),
(181, 'Fenestrated pedestal', '', 'Durchbrochener Sockel/Fuß'),
(182, 'Handle with knob', '', ''),
(183, 'Elongated prong handle with knob', '', ''),
(184, 'basket handle', '', '');

-- --------------------------------------------------------

--
-- Table structure for table `defcdb_dc_finds_pottery_detail_region`
--

CREATE TABLE `defcdb_dc_finds_pottery_detail_region` (
  `id` int(11) NOT NULL,
  `dc_finds_pottery_detail_id` int(11) NOT NULL,
  `dc_region_id` int(11) NOT NULL
) ENGINE=InnoDB DEFAULT CHARSET=utf8;

--
-- Dumping data for table `defcdb_dc_finds_pottery_detail_region`
--

INSERT INTO `defcdb_dc_finds_pottery_detail_region` (`id`, `dc_finds_pottery_detail_id`, `dc_region_id`) VALUES
(1, 67, 1),
(2, 67, 2),
(3, 67, 3),
(4, 67, 4),
(5, 67, 5),
(6, 67, 6),
(7, 68, 1),
(8, 68, 2),
(9, 68, 3),
(10, 68, 4),
(11, 68, 5),
(12, 68, 6),
(13, 69, 1),
(14, 69, 2),
(15, 69, 3),
(16, 69, 4),
(17, 69, 5),
(18, 69, 6),
(433, 70, 1),
(434, 70, 2),
(435, 70, 3),
(436, 70, 4),
(437, 70, 5),
(438, 70, 6),
(396, 71, 1),
(397, 71, 2),
(398, 71, 3),
(399, 71, 4),
(400, 71, 5),
(401, 71, 6),
(31, 72, 1),
(32, 72, 2),
(33, 72, 3),
(34, 72, 4),
(35, 72, 5),
(36, 72, 6),
(37, 73, 1),
(38, 73, 2),
(39, 73, 3),
(40, 73, 4),
(41, 73, 5),
(42, 73, 6),
(43, 74, 1),
(44, 74, 2),
(45, 74, 3),
(46, 74, 4),
(47, 74, 5),
(48, 74, 6),
(49, 75, 1),
(50, 75, 2),
(51, 75, 3),
(52, 75, 4),
(53, 75, 5),
(54, 75, 6),
(378, 76, 1),
(379, 76, 2),
(380, 76, 3),
(381, 76, 4),
(382, 76, 5),
(383, 76, 6),
(61, 77, 1),
(62, 77, 2),
(63, 77, 3),
(64, 77, 4),
(65, 77, 5),
(66, 77, 6),
(67, 78, 1),
(68, 78, 2),
(69, 78, 3),
(70, 78, 4),
(71, 78, 5),
(72, 78, 6),
(73, 79, 1),
(74, 79, 2),
(75, 79, 3),
(76, 79, 4),
(77, 79, 5),
(78, 79, 6),
(79, 80, 1),
(80, 80, 2),
(81, 80, 3),
(82, 80, 4),
(83, 80, 5),
(84, 80, 6),
(85, 81, 1),
(86, 81, 2),
(87, 81, 3),
(88, 81, 4),
(89, 81, 5),
(90, 81, 6),
(91, 82, 16),
(432, 83, 16),
(395, 84, 16),
(94, 85, 16),
(95, 86, 16),
(96, 87, 16),
(97, 88, 16),
(98, 89, 16),
(99, 90, 16),
(100, 91, 16),
(101, 92, 16),
(102, 93, 16),
(103, 94, 16),
(104, 95, 16),
(105, 96, 16),
(107, 97, 16),
(108, 98, 16),
(368, 99, 16),
(110, 100, 16),
(111, 101, 16),
(112, 102, 16),
(113, 103, 16),
(115, 104, 8),
(116, 104, 9),
(117, 104, 10),
(118, 104, 11),
(119, 104, 15),
(114, 104, 18),
(427, 105, 8),
(428, 105, 9),
(429, 105, 10),
(430, 105, 11),
(431, 105, 15),
(426, 105, 18),
(390, 106, 8),
(391, 106, 9),
(392, 106, 10),
(393, 106, 11),
(394, 106, 15),
(389, 106, 18),
(133, 107, 8),
(134, 107, 9),
(135, 107, 10),
(136, 107, 11),
(137, 107, 15),
(132, 107, 18),
(139, 108, 8),
(140, 108, 9),
(141, 108, 10),
(142, 108, 11),
(143, 108, 15),
(138, 108, 18),
(145, 109, 8),
(146, 109, 9),
(147, 109, 10),
(148, 109, 11),
(149, 109, 15),
(144, 109, 18),
(151, 110, 8),
(152, 110, 9),
(153, 110, 10),
(154, 110, 11),
(155, 110, 15),
(150, 110, 18),
(157, 111, 8),
(158, 111, 9),
(159, 111, 10),
(160, 111, 11),
(161, 111, 15),
(156, 111, 18),
(163, 112, 8),
(164, 112, 9),
(165, 112, 10),
(166, 112, 11),
(167, 112, 15),
(162, 112, 18),
(169, 113, 8),
(170, 113, 9),
(171, 113, 10),
(172, 113, 11),
(173, 113, 15),
(168, 113, 18),
(175, 114, 8),
(176, 114, 9),
(177, 114, 10),
(178, 114, 11),
(179, 114, 15),
(174, 114, 18),
(181, 115, 8),
(182, 115, 9),
(183, 115, 10),
(184, 115, 11),
(185, 115, 15),
(180, 115, 18),
(187, 116, 8),
(188, 116, 9),
(189, 116, 10),
(190, 116, 11),
(191, 116, 15),
(186, 116, 18),
(193, 117, 8),
(194, 117, 9),
(195, 117, 10),
(196, 117, 11),
(197, 117, 15),
(192, 117, 18),
(199, 118, 12),
(200, 118, 13),
(201, 118, 14),
(198, 118, 17),
(203, 119, 12),
(204, 119, 13),
(205, 119, 14),
(202, 119, 17),
(207, 120, 12),
(208, 120, 13),
(209, 120, 14),
(206, 120, 17),
(423, 121, 12),
(424, 121, 13),
(425, 121, 14),
(422, 121, 17),
(386, 122, 12),
(387, 122, 13),
(388, 122, 14),
(385, 122, 17),
(219, 123, 12),
(220, 123, 13),
(221, 123, 14),
(218, 123, 17),
(223, 124, 12),
(224, 124, 13),
(225, 124, 14),
(222, 124, 17),
(227, 125, 12),
(228, 125, 13),
(229, 125, 14),
(226, 125, 17),
(231, 126, 12),
(232, 126, 13),
(233, 126, 14),
(230, 126, 17),
(235, 127, 12),
(236, 127, 13),
(237, 127, 14),
(234, 127, 17),
(239, 128, 12),
(240, 128, 13),
(241, 128, 14),
(238, 128, 17),
(243, 129, 12),
(244, 129, 13),
(245, 129, 14),
(242, 129, 17),
(247, 130, 12),
(248, 130, 13),
(249, 130, 14),
(246, 130, 17),
(251, 131, 12),
(252, 131, 13),
(253, 131, 14),
(250, 131, 17),
(255, 132, 12),
(256, 132, 13),
(257, 132, 14),
(254, 132, 17),
(259, 133, 12),
(260, 133, 13),
(261, 133, 14),
(258, 133, 17),
(263, 134, 12),
(264, 134, 13),
(265, 134, 14),
(262, 134, 17),
(267, 135, 12),
(268, 135, 13),
(269, 135, 14),
(266, 135, 17),
(271, 136, 12),
(272, 136, 13),
(273, 136, 14),
(270, 136, 17),
(278, 138, 7),
(279, 139, 7),
(280, 140, 7),
(281, 141, 7),
(282, 142, 7),
(283, 143, 7),
(284, 144, 7),
(421, 145, 7),
(384, 146, 7),
(287, 147, 7),
(288, 148, 7),
(289, 149, 7),
(290, 150, 7),
(291, 151, 7),
(292, 152, 7),
(293, 153, 7),
(369, 154, 7),
(295, 155, 7),
(297, 156, 7),
(298, 157, 7),
(299, 158, 7),
(300, 159, 7),
(301, 160, 7),
(302, 161, 7),
(303, 162, 7),
(304, 163, 7),
(305, 164, 7),
(306, 165, 7),
(307, 166, 7),
(308, 167, 7),
(370, 168, 16),
(311, 170, 1),
(312, 170, 2),
(313, 170, 3),
(314, 170, 4),
(315, 170, 5),
(316, 170, 6),
(317, 171, 1),
(318, 171, 2),
(319, 171, 3),
(320, 171, 4),
(321, 171, 5),
(322, 171, 6),
(330, 172, 8),
(331, 172, 9),
(332, 172, 10),
(333, 172, 11),
(334, 172, 15),
(329, 172, 18),
(336, 173, 8),
(337, 173, 9),
(338, 173, 10),
(339, 173, 11),
(340, 173, 15),
(335, 173, 18),
(341, 174, 16),
(343, 175, 8),
(344, 175, 9),
(345, 175, 10),
(346, 175, 11),
(347, 175, 15),
(342, 175, 18),
(349, 176, 8),
(350, 176, 9),
(351, 176, 10),
(352, 176, 11),
(353, 176, 15),
(348, 176, 18),
(355, 177, 8),
(356, 177, 9),
(357, 177, 10),
(358, 177, 11),
(359, 177, 15),
(354, 177, 18),
(402, 178, 7),
(372, 179, 1),
(373, 179, 2),
(374, 179, 3),
(375, 179, 4),
(376, 179, 5),
(377, 179, 6),
(367, 180, 16),
(403, 181, 1),
(404, 181, 2),
(405, 181, 3),
(406, 181, 4),
(407, 181, 5),
(408, 181, 6),
(409, 182, 1),
(410, 182, 2),
(411, 182, 3),
(412, 182, 4),
(413, 182, 5),
(414, 182, 6),
(415, 183, 1),
(416, 183, 2),
(417, 183, 3),
(418, 183, 4),
(419, 183, 5),
(420, 183, 6),
(439, 184, 2),
(440, 184, 3),
(441, 184, 4),
(442, 184, 5),
(443, 184, 6);

-- --------------------------------------------------------

--
-- Table structure for table `defcdb_dc_finds_pottery_form`
--

CREATE TABLE `defcdb_dc_finds_pottery_form` (
  `id` int(11) NOT NULL,
  `name` varchar(100) DEFAULT NULL,
  `description` longtext NOT NULL,
  `german_name` varchar(100) DEFAULT NULL
) ENGINE=InnoDB DEFAULT CHARSET=utf8;

--
-- Dumping data for table `defcdb_dc_finds_pottery_form`
--

INSERT INTO `defcdb_dc_finds_pottery_form` (`id`, `name`, `description`, `german_name`) VALUES
(99, 'Anthropomorphic Vessel', '', 'Anthropomorphes Gefäß'),
(100, 'Zoomorphic Vessel', '', 'Zoomorphes Gefäß'),
(101, 'Askos', '', 'Askos'),
(103, 'Baking Pan', '', 'Backplatte'),
(104, 'Carinated Bowl', '', 'Knickwandschale'),
(105, 'Carinated Bowl with inverted rim', '', 'Knickrandschale'),
(106, 'Globular Jar', '', 'Kugelförmiger Topf'),
(107, 'Cup', '', 'Tasse'),
(108, 'Dome-shaped Shallow Bowl', '', 'Kalottenförmige Schale'),
(109, 'Narrow-mouthed shallow Bowl', '', 'Engmundige Schale'),
(110, 'Jug', '', 'Krug'),
(111, 'Fikirtepe Box ', '', 'Fikirtepe Box '),
(112, 'Lid', '', 'Deckel'),
(113, 'Mug', '', 'Becher'),
(114, 'Collared Jar', '', 'Kragenhalsamphore'),
(115, 'Bowl', '', 'Schüssel'),
(116, 'Shallow Bowl ', '', 'Flache Schale'),
(117, 'Sieve', '', 'Sieb'),
(118, 'Tulip-shaped Beaker', '', 'Tulpenförmger Becher'),
(119, 'Amphora', '', 'Amphore'),
(120, 'Askos', '', 'Askos'),
(121, 'Baking Pan', '', 'Backplatte'),
(122, 'Basin', '', 'Becken'),
(123, 'Bowl', '', 'Schale'),
(124, 'Cup', '', 'Tasse'),
(125, 'Carinated Bowl', '', 'Knickwandschale'),
(126, 'Cheese Pot', '', '“Cheese Pot”'),
(127, 'Collared Jar', '', 'Kragenhalsamphore'),
(128, 'Globular Jar', '', 'Kugelförmiger Topf'),
(129, 'Dimini Bowl ', '', 'Dimini Schale'),
(130, 'Fruitstand', '', 'Fruchtständer'),
(131, 'Hole-mouthed Jar', '', '“Hole-mouthed Jar”'),
(132, 'Jug', '', 'Krug'),
(133, 'Ladle', '', 'Schöpfkelle'),
(134, 'Lamp', '', 'Lampe'),
(135, 'Pithos', '', 'Pithos'),
(136, 'Scoop', '', 'Schöpfgefäß'),
(137, 'Tripod', '', 'Dreifuß'),
(138, 'Tulip-shaped Beaker', '', 'Tulpenförmger Becher'),
(139, 'Amphora', '', 'Amphore'),
(140, 'Askos', '', 'Askos'),
(141, 'Baking Pan', '', 'Backplatte'),
(142, 'Carinated Bowl', '', 'Knickwandschale'),
(143, 'Cheese Pot', '', '“Cheese Pot”'),
(144, 'Cup', '', 'Tasse'),
(145, 'Jar', '', 'Topf'),
(146, 'Collared Bowl', '', 'Kragenschale'),
(147, 'Collared Jar', '', 'Kragenhalsamphore'),
(148, 'Fruitstand', '', 'Fruchtständer'),
(149, 'Gouged Bowl', '', '”Gouged Bowl”'),
(150, 'Globular Jar', '', 'Kugelförmiger Topf'),
(151, 'Jug', '', 'Krug'),
(152, 'Piriform Jar', '', 'Birnenförmiger Topf'),
(153, 'Pithos', '', 'Pithos'),
(154, 'Bowl', '', 'Schale'),
(155, 'Scoop', '', 'Schöpfgefäß'),
(156, 'Shouldered Bowl', '', 'Schulterschale'),
(157, 'Skyphos', '', 'Skyphos'),
(158, 'Amphora', '', 'Amphore'),
(159, 'Bowl', '', 'Schale'),
(160, 'Cup', '', 'Tasse'),
(161, 'Jar', '', 'Topf'),
(162, 'Jug', '', 'Krug'),
(163, 'Lid', '', 'Deckel'),
(164, 'Pithos', '', 'Pithos'),
(165, 'Plate', '', 'Platte/Teller'),
(166, 'Pyxis', '', 'Pyxis'),
(167, 'Scoop', '', 'Schöpfgefäß'),
(168, 'Sieve', '', 'Sieb'),
(169, 'Stand', '', 'Ständer'),
(170, 'Tripod', '', 'Dreifuß'),
(171, 'Baking Pan', '', 'Backplatte'),
(172, 'Bowl', '', 'Schale'),
(173, 'Carinated Bowl', '', 'Knickwandschale'),
(174, 'Carinated Incurved Bowl', '', 'Einwärts gekrümmte Knickwandschale'),
(175, 'Carinated Jar', '', 'Knickwandtopf'),
(176, 'Cheese Pot', '', '“Cheese Pot”'),
(177, 'Cup ', '', 'Tasse '),
(178, 'Deep Bowl', '', 'Schüssel'),
(179, 'Ladle', '', 'Schöpfkelle'),
(180, 'Funnel-necked Jar', '', 'Trichterrandtopf'),
(181, 'Jar', '', 'Topf'),
(182, 'Jug', '', 'Krug'),
(183, 'Hole-mouthed Jar', '', '“Hole-mouthed Jar”'),
(184, 'Collared Jar', '', 'Kragenhalsamphore'),
(185, 'Chalice', '', 'Kelch'),
(186, 'Rhyton', '', 'Rhyton'),
(187, 'Pyxis', '', 'Pyxis'),
(188, 'Hole-mouthed Jar', '', '“Hole-mouthed Jar”'),
(189, 'Cheese Pot', '', '“Cheese Pot”'),
(190, 'Husking Bowl', '', '“Husking Bowl”'),
(191, 'Rhyton', '', 'Rhyton'),
(192, 'Pyxis', '', 'Pyxis'),
(193, 'Flat based oval bowl', '', ''),
(194, 'Hole-mouthed jar', '', ''),
(195, 'Ogee-pot', '', ''),
(197, 'Rython', '', ''),
(198, 'Ladle', '', ''),
(199, 'Zoomorphic vessel', '', ''),
(200, 'Carinated Bowl', '', ''),
(201, 'Goblet', '', ''),
(202, 'Husking bowl', '', ''),
(203, 'Sieve', '', ''),
(204, 'Collared Jar', '', ''),
(205, 'Globular Jar', '', ''),
(206, 'Fruitstand', '', ''),
(207, 'Zoomorphic vessel', '', ''),
(208, 'Rython', '', ''),
(209, 'Askos', '', ''),
(210, 'Antropomorphic vessel', '', ''),
(211, 'Rython', '', ''),
(212, 'Amphora', '', ''),
(213, 'Pithos', '', ''),
(214, 'Carinated jar', '', ''),
(215, 'Pointed beaker', '', ''),
(216, 'Beak spouted jug', '', ''),
(217, 'Cheese pot', '', 'Cheese pot'),
(218, 'Wide-mouthed jar', '', '');

-- --------------------------------------------------------

--
-- Table structure for table `defcdb_dc_finds_pottery_form_region`
--

CREATE TABLE `defcdb_dc_finds_pottery_form_region` (
  `id` int(11) NOT NULL,
  `dc_finds_pottery_form_id` int(11) NOT NULL,
  `dc_region_id` int(11) NOT NULL
) ENGINE=InnoDB DEFAULT CHARSET=utf8;

--
-- Dumping data for table `defcdb_dc_finds_pottery_form_region`
--

INSERT INTO `defcdb_dc_finds_pottery_form_region` (`id`, `dc_finds_pottery_form_id`, `dc_region_id`) VALUES
(1, 99, 1),
(2, 99, 2),
(3, 99, 3),
(4, 99, 4),
(5, 99, 5),
(6, 99, 6),
(7, 100, 1),
(8, 100, 2),
(9, 100, 3),
(10, 100, 4),
(11, 100, 5),
(12, 100, 6),
(13, 101, 1),
(14, 101, 2),
(15, 101, 3),
(16, 101, 4),
(17, 101, 5),
(18, 101, 6),
(25, 103, 1),
(26, 103, 2),
(27, 103, 3),
(28, 103, 4),
(29, 103, 5),
(30, 103, 6),
(31, 104, 1),
(32, 104, 2),
(33, 104, 3),
(34, 104, 4),
(35, 104, 5),
(36, 104, 6),
(43, 105, 1),
(44, 105, 2),
(45, 105, 3),
(46, 105, 4),
(47, 105, 5),
(48, 105, 6),
(49, 106, 1),
(50, 106, 2),
(51, 106, 3),
(52, 106, 4),
(53, 106, 5),
(54, 106, 6),
(55, 107, 1),
(56, 107, 2),
(57, 107, 3),
(58, 107, 4),
(59, 107, 5),
(60, 107, 6),
(61, 108, 1),
(62, 108, 2),
(63, 108, 3),
(64, 108, 4),
(65, 108, 5),
(66, 108, 6),
(67, 109, 1),
(68, 109, 2),
(69, 109, 3),
(70, 109, 4),
(71, 109, 5),
(72, 109, 6),
(73, 110, 1),
(74, 110, 2),
(75, 110, 3),
(76, 110, 4),
(77, 110, 5),
(78, 110, 6),
(79, 111, 1),
(80, 111, 2),
(81, 111, 3),
(82, 111, 4),
(83, 111, 5),
(84, 111, 6),
(85, 112, 1),
(86, 112, 2),
(87, 112, 3),
(88, 112, 4),
(89, 112, 5),
(90, 112, 6),
(91, 113, 1),
(92, 113, 2),
(93, 113, 3),
(94, 113, 4),
(95, 113, 5),
(96, 113, 6),
(513, 114, 1),
(514, 114, 2),
(515, 114, 3),
(516, 114, 4),
(517, 114, 5),
(518, 114, 6),
(103, 115, 1),
(104, 115, 2),
(105, 115, 3),
(106, 115, 4),
(107, 115, 5),
(108, 115, 6),
(115, 116, 1),
(116, 116, 2),
(117, 116, 3),
(118, 116, 4),
(119, 116, 5),
(120, 116, 6),
(121, 117, 1),
(122, 117, 2),
(123, 117, 3),
(124, 117, 4),
(125, 117, 5),
(126, 117, 6),
(127, 118, 1),
(128, 118, 2),
(129, 118, 3),
(130, 118, 4),
(131, 118, 5),
(132, 118, 6),
(133, 119, 16),
(134, 120, 16),
(135, 121, 16),
(136, 122, 16),
(137, 123, 16),
(138, 124, 16),
(139, 125, 16),
(140, 126, 16),
(141, 127, 16),
(142, 128, 16),
(143, 129, 16),
(144, 130, 16),
(145, 131, 16),
(146, 132, 16),
(147, 133, 16),
(148, 134, 16),
(149, 135, 16),
(150, 136, 16),
(151, 137, 16),
(152, 138, 16),
(154, 139, 8),
(155, 139, 9),
(156, 139, 10),
(157, 139, 11),
(158, 139, 15),
(153, 139, 18),
(160, 140, 8),
(161, 140, 9),
(162, 140, 10),
(163, 140, 11),
(164, 140, 15),
(159, 140, 18),
(166, 141, 8),
(167, 141, 9),
(168, 141, 10),
(169, 141, 11),
(170, 141, 15),
(165, 141, 18),
(172, 142, 8),
(173, 142, 9),
(174, 142, 10),
(175, 142, 11),
(176, 142, 15),
(171, 142, 18),
(178, 143, 8),
(179, 143, 9),
(180, 143, 10),
(181, 143, 11),
(182, 143, 15),
(177, 143, 18),
(184, 144, 8),
(185, 144, 9),
(186, 144, 10),
(187, 144, 11),
(188, 144, 15),
(183, 144, 18),
(190, 145, 8),
(191, 145, 9),
(192, 145, 10),
(193, 145, 11),
(194, 145, 15),
(189, 145, 18),
(196, 146, 8),
(197, 146, 9),
(198, 146, 10),
(199, 146, 11),
(200, 146, 15),
(195, 146, 18),
(202, 147, 8),
(203, 147, 9),
(204, 147, 10),
(205, 147, 11),
(206, 147, 15),
(201, 147, 18),
(208, 148, 8),
(209, 148, 9),
(210, 148, 10),
(211, 148, 11),
(212, 148, 15),
(207, 148, 18),
(214, 149, 8),
(215, 149, 9),
(216, 149, 10),
(217, 149, 11),
(218, 149, 15),
(213, 149, 18),
(226, 150, 8),
(227, 150, 9),
(228, 150, 10),
(229, 150, 11),
(230, 150, 15),
(225, 150, 18),
(232, 151, 8),
(233, 151, 9),
(234, 151, 10),
(235, 151, 11),
(236, 151, 15),
(231, 151, 18),
(238, 152, 8),
(239, 152, 9),
(240, 152, 10),
(241, 152, 11),
(242, 152, 15),
(237, 152, 18),
(244, 153, 8),
(245, 153, 9),
(246, 153, 10),
(247, 153, 11),
(248, 153, 15),
(243, 153, 18),
(250, 154, 8),
(251, 154, 9),
(252, 154, 10),
(253, 154, 11),
(254, 154, 15),
(249, 154, 18),
(256, 155, 8),
(257, 155, 9),
(258, 155, 10),
(259, 155, 11),
(260, 155, 15),
(255, 155, 18),
(262, 156, 8),
(263, 156, 9),
(264, 156, 10),
(265, 156, 11),
(266, 156, 15),
(261, 156, 18),
(268, 157, 8),
(269, 157, 9),
(270, 157, 10),
(271, 157, 11),
(272, 157, 15),
(267, 157, 18),
(274, 158, 12),
(275, 158, 13),
(276, 158, 14),
(273, 158, 17),
(278, 159, 12),
(279, 159, 13),
(280, 159, 14),
(277, 159, 17),
(282, 160, 12),
(283, 160, 13),
(284, 160, 14),
(281, 160, 17),
(286, 161, 12),
(287, 161, 13),
(288, 161, 14),
(285, 161, 17),
(290, 162, 12),
(291, 162, 13),
(292, 162, 14),
(289, 162, 17),
(294, 163, 12),
(295, 163, 13),
(296, 163, 14),
(293, 163, 17),
(298, 164, 12),
(299, 164, 13),
(300, 164, 14),
(297, 164, 17),
(302, 165, 12),
(303, 165, 13),
(304, 165, 14),
(301, 165, 17),
(306, 166, 12),
(307, 166, 13),
(308, 166, 14),
(305, 166, 17),
(310, 167, 12),
(311, 167, 13),
(312, 167, 14),
(309, 167, 17),
(314, 168, 12),
(315, 168, 13),
(316, 168, 14),
(313, 168, 17),
(318, 169, 12),
(319, 169, 13),
(320, 169, 14),
(317, 169, 17),
(322, 170, 12),
(323, 170, 13),
(324, 170, 14),
(321, 170, 17),
(325, 171, 7),
(326, 172, 7),
(327, 173, 7),
(328, 174, 7),
(329, 175, 7),
(330, 176, 7),
(331, 177, 7),
(332, 178, 7),
(333, 179, 7),
(334, 180, 7),
(335, 181, 7),
(336, 182, 7),
(337, 183, 7),
(338, 184, 7),
(339, 185, 7),
(340, 186, 7),
(341, 187, 7),
(343, 188, 8),
(344, 188, 9),
(345, 188, 10),
(346, 188, 11),
(347, 188, 15),
(342, 188, 18),
(348, 189, 1),
(349, 189, 2),
(350, 189, 3),
(351, 189, 4),
(352, 189, 5),
(353, 189, 6),
(354, 190, 1),
(355, 190, 2),
(356, 190, 3),
(357, 190, 4),
(358, 190, 5),
(359, 190, 6),
(360, 191, 16),
(404, 192, 8),
(405, 192, 9),
(406, 192, 10),
(407, 192, 11),
(408, 192, 15),
(403, 192, 18),
(385, 193, 1),
(386, 193, 2),
(387, 193, 3),
(388, 193, 4),
(389, 193, 5),
(390, 193, 6),
(391, 194, 1),
(392, 194, 2),
(393, 194, 3),
(394, 194, 4),
(395, 194, 5),
(396, 194, 6),
(397, 195, 1),
(398, 195, 2),
(399, 195, 3),
(400, 195, 4),
(401, 195, 5),
(402, 195, 6),
(416, 197, 8),
(417, 197, 9),
(418, 197, 10),
(419, 197, 11),
(420, 197, 15),
(415, 197, 18),
(540, 198, 2),
(541, 198, 3),
(542, 198, 4),
(543, 198, 5),
(544, 198, 6),
(545, 198, 8),
(546, 198, 9),
(547, 198, 10),
(548, 198, 11),
(549, 198, 15),
(550, 198, 18),
(427, 199, 16),
(429, 200, 12),
(430, 200, 13),
(431, 200, 14),
(428, 200, 17),
(442, 201, 1),
(443, 201, 2),
(444, 201, 3),
(445, 201, 4),
(446, 201, 5),
(447, 201, 6),
(449, 202, 8),
(450, 202, 9),
(451, 202, 10),
(452, 202, 11),
(453, 202, 15),
(448, 202, 18),
(455, 203, 8),
(456, 203, 9),
(457, 203, 10),
(458, 203, 11),
(459, 203, 15),
(454, 203, 18),
(461, 204, 12),
(462, 204, 13),
(463, 204, 14),
(460, 204, 17),
(465, 205, 12),
(466, 205, 13),
(467, 205, 14),
(464, 205, 17),
(469, 206, 12),
(470, 206, 13),
(471, 206, 14),
(468, 206, 17),
(473, 207, 12),
(474, 207, 13),
(475, 207, 14),
(472, 207, 17),
(477, 208, 12),
(478, 208, 13),
(479, 208, 14),
(476, 208, 17),
(481, 209, 12),
(482, 209, 13),
(483, 209, 14),
(480, 209, 17),
(485, 210, 12),
(486, 210, 13),
(487, 210, 14),
(484, 210, 17),
(488, 211, 1),
(489, 211, 2),
(490, 211, 3),
(491, 211, 4),
(492, 211, 5),
(493, 211, 6),
(494, 212, 1),
(495, 212, 2),
(496, 212, 3),
(497, 212, 4),
(498, 212, 5),
(499, 212, 6),
(500, 213, 1),
(501, 213, 2),
(502, 213, 3),
(503, 213, 4),
(504, 213, 5),
(505, 213, 6),
(506, 214, 16),
(519, 215, 1),
(520, 215, 2),
(521, 215, 3),
(522, 215, 4),
(523, 215, 5),
(524, 215, 6),
(525, 216, 1),
(526, 216, 2),
(527, 216, 3),
(528, 216, 4),
(529, 216, 5),
(530, 216, 6),
(532, 217, 12),
(533, 217, 13),
(534, 217, 14),
(531, 217, 17),
(535, 218, 2),
(536, 218, 3),
(537, 218, 4),
(538, 218, 5),
(539, 218, 6);

-- --------------------------------------------------------

--
-- Table structure for table `defcdb_dc_finds_small_finds_category`
--

CREATE TABLE `defcdb_dc_finds_small_finds_category` (
  `id` int(11) NOT NULL,
  `name` varchar(100) DEFAULT NULL,
  `description` longtext NOT NULL
) ENGINE=InnoDB DEFAULT CHARSET=utf8;

--
-- Dumping data for table `defcdb_dc_finds_small_finds_category`
--

INSERT INTO `defcdb_dc_finds_small_finds_category` (`id`, `name`, `description`) VALUES
(1, 'tool', ''),
(2, 'jewellery', ''),
(3, 'figurine', ''),
(4, 'other', '');

-- --------------------------------------------------------

--
-- Table structure for table `defcdb_dc_finds_small_finds_type`
--

CREATE TABLE `defcdb_dc_finds_small_finds_type` (
  `id` int(11) NOT NULL,
  `name` varchar(100) DEFAULT NULL,
  `description` longtext NOT NULL,
  `german_name` varchar(100) DEFAULT NULL,
  `category_id` int(11) DEFAULT NULL
) ENGINE=InnoDB DEFAULT CHARSET=utf8;

--
-- Dumping data for table `defcdb_dc_finds_small_finds_type`
--

INSERT INTO `defcdb_dc_finds_small_finds_type` (`id`, `name`, `description`, `german_name`, `category_id`) VALUES
(44, 'Mace head', '', 'Keulenkopf', 1),
(45, 'Fish hook', '', 'Angelhacken', 1),
(46, 'Hammer', '', 'Hammer', 1),
(48, 'Spoon', '', 'Löffel ', 1),
(49, 'Mortar', '', 'Mörser', 1),
(50, 'Needle', '', 'Nadel', 1),
(51, 'Net sinker', '', 'Netzsenker', 1),
(52, 'Grinding stone', '', 'Reibstein', 1),
(53, 'Slingstone', '', 'Schleudergeschoss (bikonisch)', 1),
(54, 'Belt hook', '', 'Gürtelhaken', 4),
(55, 'Spatula', '', 'Spatula', 1),
(56, 'Spindle whorl', '', 'Spinnwirtel', 1),
(57, 'Axe', '', 'Axt', 1),
(58, 'Grindstone', '', 'Schleifstein', 1),
(59, 'pintadera', '', 'Pintadera', 1),
(60, 'Pestle', '', 'Stößel', 1),
(61, 'Table', '', 'Tisch', 3),
(62, 'Seal', '', 'Siegel', 1),
(63, 'Disc', '', 'Scheibe', 1),
(65, 'Burnisher', '', 'Polierer', 1),
(66, 'Adze', '', 'Krummaxt', 1),
(67, 'Crucible', '', 'Schmelztiegel', 1),
(68, 'Blade', '', 'Klinge', 1),
(69, 'Chisel', '', 'Meisel', 1),
(70, 'Projectile point', '', 'Pfeilspitze', 1),
(71, 'Loom weight', '', 'Webgewicht', 1),
(72, 'Dagger', '', 'Dolch', 1),
(73, 'Plaque', '', 'Platte', 4),
(74, 'Scraper', '', 'Schaber', 1),
(75, 'Shuttle', '', 'Weberschiffchen', 1),
(76, 'Pendant', '', 'Anhänger', 2),
(77, 'Bracelet', '', 'Armreif', 2),
(78, 'Bead', '', 'Perle', 2),
(79, 'Ear plug', '', 'Ohrstecker', 2),
(80, 'Necklace', '', 'Halskette', 2),
(81, 'Earring', '', 'Ohrring', 2),
(82, 'Stone figurine', '', 'Steinfigur', 3),
(83, 'Zoomorphic figurine', '', 'Zoomorphe Figur', 3),
(84, 'Anthropomorphic figurine', '', 'Anthropomorphe Figur', 3),
(85, 'Male figurine', '', 'Männliche Figur', 3),
(86, 'Female figurine', '', 'Weibliche Figur', 3),
(87, 'Awl', '', 'Ahle/Pfriem', 1),
(88, 'House Model', '', 'Hausmodell', 3),
(89, 'Phallus', '', 'Phallus', 3),
(90, 'Fire dog', '', '“Feuerbock”', 1),
(92, 'Acrolith', '', 'Akrolith', 3),
(93, 'Anchor', '', 'Anker', 1),
(94, 'Vessel', '', '', 4),
(95, 'Shaft straightener', '', '', 1),
(98, 'Unknown', '', '', 3),
(99, 'Other', '', '', 3),
(100, 'Tally stick', '', '', 1),
(101, 'tip', '', 'Spitze', 1),
(102, 'Button', '', '', 4),
(103, 'Ring', '', '', 2),
(104, 'Thin plate', '', '', 3),
(105, 'Token', '', '', 4),
(106, 'labret', '', '', 2),
(107, 'Sickle implement', '', '', 1),
(108, 'Other', '', '', 2),
(109, 'Other', '', '', 1),
(110, 'Unknown', '', '', 2),
(111, 'Unknown', '', '', 1),
(112, 'Weight', '', '', 1),
(113, 'Spear', '', '', 1),
(114, 'Inscription', '', '', 4),
(115, 'Dugout', '', 'Einbaum', 4),
(116, 'Byblos point', '', '', 1),
(117, 'Nemrik point', '', '', 1),
(118, 'Wire', '', '', 4),
(119, 'Cone', '', '', 1),
(120, 'Ball', '', '', 1),
(121, 'Drill', '', '', 1),
(122, 'Knife', '', '', 1),
(123, 'Haft', '', '', 1),
(124, 'Ornament', '', '', 2),
(125, 'Inlay', '', '', 2),
(126, 'Appliqué', '', '', 2),
(127, 'Nose ring', '', '', 2),
(128, 'Pin', '', '', 2),
(129, 'Dross', '', '', 4),
(130, 'Knob', '', '', 4),
(131, 'Hoe', '', '', 1),
(132, 'pickaxe', '', '', 1),
(133, 'coil', '', '', 1),
(134, 'chipped disk', '', '', 1),
(135, 'Pivot stone', '', '', 4),
(136, 'Kiliya figurine', '', '', 3),
(137, 'Ring idol', '', 'Ringidol', 3),
(138, 'Tray', '', 'Tablett', 4),
(139, 'Grater', '', 'Reibe', 1);

-- --------------------------------------------------------

--
-- Table structure for table `defcdb_dc_finds_type`
--

CREATE TABLE `defcdb_dc_finds_type` (
  `id` int(11) NOT NULL,
  `name` varchar(100) DEFAULT NULL,
  `description` longtext NOT NULL
) ENGINE=InnoDB DEFAULT CHARSET=utf8;

--
-- Dumping data for table `defcdb_dc_finds_type`
--

INSERT INTO `defcdb_dc_finds_type` (`id`, `name`, `description`) VALUES
(1, 'animal remains', ''),
(2, 'botany', ''),
(3, 'lithics', ''),
(4, 'pottery', ''),
(5, 'small finds', '');

-- --------------------------------------------------------

--
-- Table structure for table `defcdb_dc_interpretation_productiontype`
--

CREATE TABLE `defcdb_dc_interpretation_productiontype` (
  `id` int(11) NOT NULL,
  `name` varchar(100) DEFAULT NULL,
  `description` longtext NOT NULL
) ENGINE=InnoDB DEFAULT CHARSET=utf8;

--
-- Dumping data for table `defcdb_dc_interpretation_productiontype`
--

INSERT INTO `defcdb_dc_interpretation_productiontype` (`id`, `name`, `description`) VALUES
(1, 'textile production', ''),
(2, 'metal production', ''),
(3, 'chipped stone tool production', ''),
(4, 'stone tool production', ''),
(5, 'shell production', ''),
(6, 'bone tool production ', ''),
(7, 'pottery production', ''),
(8, 'pottery tool production', ''),
(9, 'jewellery production', '');

-- --------------------------------------------------------

--
-- Table structure for table `defcdb_dc_interpretation_subsistencetype`
--

CREATE TABLE `defcdb_dc_interpretation_subsistencetype` (
  `id` int(11) NOT NULL,
  `name` varchar(100) DEFAULT NULL,
  `description` longtext NOT NULL
) ENGINE=InnoDB DEFAULT CHARSET=utf8;

--
-- Dumping data for table `defcdb_dc_interpretation_subsistencetype`
--

INSERT INTO `defcdb_dc_interpretation_subsistencetype` (`id`, `name`, `description`) VALUES
(1, 'fishing', ''),
(2, 'farming', ''),
(3, 'animal husbandry', ''),
(4, 'hunting', ''),
(5, 'gathering', ''),
(6, 'storage systems', ''),
(7, 'ritual activity', '');

-- --------------------------------------------------------

--
-- Table structure for table `defcdb_dc_period_datedby`
--

CREATE TABLE `defcdb_dc_period_datedby` (
  `id` int(11) NOT NULL,
  `name` varchar(100) DEFAULT NULL,
  `description` longtext NOT NULL
) ENGINE=InnoDB DEFAULT CHARSET=utf8;

--
-- Dumping data for table `defcdb_dc_period_datedby`
--

INSERT INTO `defcdb_dc_period_datedby` (`id`, `name`, `description`) VALUES
(1, 'charcoal', ''),
(2, 'bone', ''),
(3, 'grain', ''),
(4, 'seed', ''),
(5, 'ceramics', '');

-- --------------------------------------------------------

--
-- Table structure for table `defcdb_dc_period_datingmethod`
--

CREATE TABLE `defcdb_dc_period_datingmethod` (
  `id` int(11) NOT NULL,
  `name` varchar(100) DEFAULT NULL,
  `description` longtext NOT NULL
) ENGINE=InnoDB DEFAULT CHARSET=utf8;

--
-- Dumping data for table `defcdb_dc_period_datingmethod`
--

INSERT INTO `defcdb_dc_period_datingmethod` (`id`, `name`, `description`) VALUES
(1, 'radiocarbon dating', ''),
(2, 'dendrochronology', ''),
(3, 'material culture', ''),
(4, 'none recorded', '');

-- --------------------------------------------------------

--
-- Table structure for table `defcdb_dc_province`
--

CREATE TABLE `defcdb_dc_province` (
  `id` int(11) NOT NULL,
  `name` varchar(100) DEFAULT NULL,
  `original_name` varchar(100) DEFAULT NULL,
  `authorityfile_id` varchar(100) DEFAULT NULL,
  `region_id` int(11) DEFAULT NULL,
  `lat` double DEFAULT NULL,
  `lng` double DEFAULT NULL,
  `description` longtext NOT NULL
) ENGINE=InnoDB DEFAULT CHARSET=utf8;

--
-- Dumping data for table `defcdb_dc_province`
--

INSERT INTO `defcdb_dc_province` (`id`, `name`, `original_name`, `authorityfile_id`, `region_id`, `lat`, `lng`, `description`) VALUES
(1, 'Antalya', 'Antalya', '323776', 2, 36.76984, 31.90215, ''),
(2, 'Burdur', 'Burdur', '320390', 2, 37.5, 30, ''),
(3, 'Isparta', 'Isparta', '311071', 2, 38, 31, ''),
(4, 'Afyon', 'Afyonkarahisar', '6299728', 2, 38.72642, 30.60111, ''),
(5, 'Aydin', 'Aydın', '322819', 2, 37.75, 28, ''),
(6, 'Denizli', 'Denizli', '317106', 2, 37.84016, 29.06982, ''),
(7, 'Izmir', 'İzmir', '311044', 2, 38.46219, 27.09229, ''),
(8, 'Kutahya', 'Kütahya', '305267', 2, 39.25, 29.5, ''),
(9, 'Manisa', 'Manisa', '304827', 2, 38.61202, 27.42647, ''),
(10, 'Mugla', 'Muğla', '304183', 2, 37.23033, 28.35571, ''),
(11, 'Usak', 'Uşak', '298298', 2, 38.5, 29.41667, ''),
(12, 'Balikesir', 'Balıkesir', '322164', 2, 39.75, 28, ''),
(13, 'Bilecik', 'Bilecik', '750598', 2, 40.14192, 29.97932, ''),
(14, 'Bursa', 'Bursa', '750268', 2, 40.16667, 29.08333, ''),
(15, 'Canakkale', 'Çanakkale', '749778', 2, 40.08333, 26.83333, ''),
(16, 'Yalova', 'Yalova', '862469', 2, 40.58333, 29.16667, ''),
(17, 'Kocaeli', 'Kocaeli', '742865', 2, 40.91667, 29.91667, ''),
(18, 'Sakarya', 'Sakarya', '740352', 2, 40.75, 30.58333, ''),
(19, 'Istanbul', 'İstanbul', '745042', 2, 41.03508, 28.98331, ''),
(20, 'Kirklareli', 'Kırklareli', '743165', 1, 41.66667, 27.5, ''),
(21, 'Tekirdag', 'Tekirdağ', '738926', 1, 41, 27.5, ''),
(22, 'Edirne', 'Edirne', '747711', 1, 41.25, 26.66667, ''),
(23, 'Adiyaman', 'Adıyaman', '325330', 3, 37.76441, 38.27629, ''),
(24, 'Batman', 'Batman', '443186', 3, 38, 41.33333, ''),
(25, 'Diyarbakir', 'Diyarbakır', '316540', 3, 37.96152, 40.23193, ''),
(26, 'Gaziantep', 'Gaziantep', '314829', 3, 37.08333, 37.33333, ''),
(27, 'Kilis', 'Kilis', '443213', 3, 36.73, 37.14, ''),
(28, 'Mardin', 'Mardin', '304794', 3, 37.31775, 40.71533, ''),
(29, 'Sanliurfa', 'Şanlıurfa', '298332', 3, 37.21283, 38.78174, ''),
(30, 'Siirt', 'Siirt', '300821', 3, 37.96152, 41.9458, ''),
(31, 'Sirnak', 'Şırnak', '443189', 3, 37.5, 42.5, ''),
(32, 'Agri', 'Ağrı', '325163', 4, 39.66667, 43.16667, ''),
(33, 'Ardahan', 'Ardahan', '862470', 4, 41.08333, 42.83333, ''),
(34, 'Bingol', 'Bingöl', '321082', 4, 38.88472, 40.49389, ''),
(35, 'Bitlis', 'Bitlis', '321022', 4, 38.34201, 42.39134, ''),
(36, 'Elazig', 'Elazığ', '315807', 4, 38.73695, 39.17725, ''),
(37, 'Erzincan', 'Erzincan', '315372', 4, 39.75, 39.5, ''),
(38, 'Erzurum', 'Erzurum', '315367', 4, 40, 41.5, ''),
(39, 'Hakkari', 'Hakkari', '318137', 3, 37.57444, 43.74083, ''),
(40, 'Igdir', 'Iğdır', '443184', 4, 39.91667, 44, ''),
(41, 'Kars', 'Kars', '743942', 4, 40.41667, 43.08333, ''),
(42, 'Malatya', 'Malatya', '304919', 4, 38.5, 38, ''),
(43, 'Mus', 'Muş', '304041', 4, 39, 41.75, ''),
(44, 'Tunceli', 'Tunceli', '298845', 4, 39.10711, 39.54749, ''),
(45, 'Van', 'Van', '545854', 4, 64, 54, ''),
(46, 'Artvin', 'Artvin', '751816', 4, 41.16667, 41.83333, ''),
(47, 'Rize', 'Rize', '740481', 4, 40.90443, 40.89489, ''),
(48, 'Bayburt', 'Bayburt', '862471', 4, 40.25, 40.25, ''),
(49, 'Trabzon', 'Trabzon', '738647', 4, 40.86946, 39.81255, ''),
(50, 'Gumushane', 'Gümüşhane', '746423', 4, 40.25, 39.58333, ''),
(51, 'Aksaray', 'Aksaray', '443185', 5, 38.36503, 34.0142, ''),
(52, 'Ankara', 'Ankara', '323784', 5, 39.92063, 32.85403, ''),
(53, 'Cankiri', 'Çankırı', '749747', 5, 40.66667, 33.41667, ''),
(54, 'Eskisehir', 'Eskişehir', '315201', 5, 39.66667, 31.16667, ''),
(55, 'Karaman', 'Karaman', '443187', 5, 37.08333, 33.25, ''),
(56, 'Kayseri', 'Kayseri', '308463', 5, 38.73695, 35.49683, ''),
(57, 'Kirikkale', 'Kırıkkale', '443188', 5, 39.83333, 33.75, ''),
(58, 'Kirsehir', 'Kırşehir', '307513', 5, 39.33333, 34.16667, ''),
(59, 'Konya', 'Konya', '306569', 5, 38.16667, 32.5, ''),
(60, 'Nevsehir', 'Nevşehir', '303830', 5, 38.91667, 34.66667, ''),
(61, 'Nigde', 'Niğde', '303826', 5, 37.83333, 34.75, ''),
(62, 'Sivas', 'Sivas', '300617', 5, 39.79165, 37.00195, ''),
(63, 'Yozgat', 'Yozgat', '296560', 5, 39.58333, 35.33333, ''),
(64, 'Hatay', 'Hatay', '323779', 5, 36.20655, 36.15722, ''),
(65, 'Kahramanmaras', 'Kahramanmaraş', '310858', 5, 38, 37, ''),
(66, 'Osmaniye', 'Osmaniye', '443183', 5, 37.23525, 36.24596, ''),
(67, 'Mersin', 'Mersin', '311728', 5, 36.86204, 34.65088, ''),
(68, 'Adana', 'Adana', '325363', 5, 37.00167, 35.32889, ''),
(69, 'Amasya', 'Amasya', '752014', 5, 40.72619, 35.8867, ''),
(70, 'Bartin', 'Bartın', '862467', 5, 41.58333, 32.5, ''),
(71, 'Bolu', 'Bolu', '750510', 5, 40.64131, 31.58216, ''),
(72, 'Corum', 'Çorum', '748877', 5, 40.5, 34.75, ''),
(73, 'Duzce', 'Düzce', '865521', 5, 40.83333, 31.16667, ''),
(74, 'Giresun', 'Giresun', '746878', 5, 40.5, 38.5, ''),
(75, 'Karabuk', 'Karabük', '862468', 5, 41.25, 32.5, ''),
(76, 'Kastamonu', 'Kastamonu', '743881', 5, 41.5, 33.66667, ''),
(77, 'Ordu', 'Ordu', '741098', 5, 40.90858, 37.68448, ''),
(78, 'Samsun', 'Samsun', '740263', 5, 41.25, 36.33333, ''),
(79, 'Sinop', 'Sinop', '739600', 5, 42.02683, 35.16253, ''),
(80, 'Tokat', 'Tokat', '738742', 5, 40.41667, 36.58333, ''),
(81, 'Zonguldak', 'Zonguldak', '737021', 5, 41.25, 31.83333, ''),
(82, 'Dodecanese', 'Δωδεκανήσος', '251157', 6, 36, 27, ''),
(83, 'Samos –  Ikaria', 'Σάμος - Ικαρία', '261804', 6, 37.60424, 26.20473, ''),
(84, 'Chios', 'Χίος', '259972', 6, 38.41607, 26.05016, ''),
(85, 'Lesbos', 'Λέσβος', '258466', 6, 39.20353, 26.27655, ''),
(86, 'Karditsa', 'Καρδίτσα', '260989', 16, 39.36485, 21.92191, ''),
(87, 'Larissa', 'Λάρισα', '258576', 16, 39.63689, 22.41761, ''),
(88, 'Magnesia', 'Μαγνησία', '258013', 16, 39.25, 22.75, ''),
(89, 'Northern Sporades', 'Βόρειες Σποράδες', '251155', 16, 39.0917, 24.16443, ''),
(90, 'Trikala', 'Τρίκαλα', '252664', 16, 39.55493, 21.76837, ''),
(91, 'Messenia', 'Μεσσηνία', '261604', 15, 37.03913, 22.11265, ''),
(92, 'Achaea', 'Αχαΐα', '255683', 15, 38.24444, 21.73444, ''),
(93, 'Arcadia', 'Αρκαδία', '264644', 15, 37.58333, 22.25, ''),
(94, 'Argolid', 'Αργολίδα', '264673', 15, 37.66667, 22.83333, ''),
(95, 'Corinthia', 'Κορινθία', '259290', 15, 37.91667, 22.66667, ''),
(96, 'Eleia', 'Ηλεία', '261797', 15, 37.75, 21.58333, ''),
(97, 'Laconia', 'Λακωνία', '258657', 15, 37, 22.58333, ''),
(98, 'Cyclades', 'Κυκλάδες', '259819', 8, 37.41667, 24.91667, ''),
(99, 'Athens', 'Αθήνα', '264371', 9, 37.97945, 23.71622, ''),
(100, 'Boiotia', 'Βοιωτία', '263441', 9, 38.33333, 23.25, ''),
(101, 'East Attica', 'Ανατολική Αττική', NULL, 9, NULL, NULL, ''),
(102, 'Euboia', 'Εύβοια', '262565', 9, 38.5, 24, ''),
(103, 'West Attica', 'Δυτική Αττική', NULL, 9, NULL, NULL, ''),
(104, 'Saronic Gulf', 'Σαρονικός Κόλπος', '254052', 9, 37.80286, 23.61709, ''),
(105, 'Piraeus', 'Πειραιάς', '255274', 9, 37.94745, 23.63708, ''),
(106, 'Phokis', 'Φωκίδα', '263219', 9, 38.47942, 22.49357, ''),
(107, 'Phthiotis ', 'Φθιώτιδα', '258620', 9, 38.9, 22.43333, ''),
(108, 'Evrytania', 'Ευρυτανία', '262572', 9, 39, 21.66667, ''),
(109, 'Ioannina', 'Ιωάννίνα', '261779', 10, 39.66486, 20.85189, ''),
(110, 'Preveza', 'Πρέβεζα', '254698', 10, 38.95617, 20.7505, ''),
(111, 'Thesprotia', 'Θεσπρωτία', '252941', 10, 39.5, 20.33333, ''),
(112, 'Arta', 'Άρτα', '264545', 10, 39.16667, 21, ''),
(113, 'Lefkada', 'Λευκάδα', '258437', 11, 38.71667, 20.63333, ''),
(114, 'Kerkyra', 'Κέρκυρα', '2463678', 11, 39.59828, 19.85231, ''),
(115, 'Kefallonia', 'Κεφαλληνιά', '260311', 11, 38.25, 20.58333, ''),
(116, 'Kythera', 'Κύθηρα', '259709', 11, 36.24072, 22.99337, ''),
(117, 'Zakynthos', 'Ζάκυνθος', '251279', 11, 37.78333, 20.78333, ''),
(118, 'Rethymnon', 'Ρέθυμνον', '254352', 7, 35.36555, 24.48232, ''),
(119, 'Central Crete (Heraklio)', 'Ηράκλειο', '261745', 7, 35.32787, 25.14341, ''),
(120, 'Chania', 'Χανιά', '260114', 7, 35.51124, 24.02921, ''),
(121, 'Lasithi', 'Λασίθι', '258569', 7, 35.08333, 25.83333, ''),
(122, 'Florina', 'Φλώρινα', '736229', 12, 40.78197, 21.40981, ''),
(123, 'Grevena', 'Γρεβενά', '736151', 12, 40.08452, 21.42744, ''),
(124, 'Imathia', 'Ημαθία', '736120', 12, 40.5, 22.25, ''),
(125, 'Kastoria', 'Καστοριά', '735927', 12, 40.52165, 21.26341, ''),
(126, 'Pieria', 'Πιερία', '734649', 12, 40.25, 22.41667, ''),
(127, 'Kozani', 'Κοζάνη', '735563', 12, 40.30069, 21.78896, ''),
(128, 'Kilkis', 'Κιλκίς', '735736', 13, 40.99302, 22.87433, ''),
(129, 'Pella ', 'Πέλλα', '734726', 13, 40.76169, 22.52637, ''),
(130, 'Thessaloniki, surroundings', 'Θεσσαλονίκη', NULL, 13, NULL, NULL, ''),
(131, 'City of Thessaloniki', 'Πόλη Θεσσαλονίκης', '734077', 13, 40.64361, 22.93086, ''),
(132, 'Mount Athos', 'Άγιος Όρος', '736572', 13, 40.15798, 24.33021, ''),
(133, 'Chalkidiki', 'Χαλκιδική', '865561', 13, 40.36667, 23.4, ''),
(134, 'Serres', 'Σέρρες', '734330', 14, 41.08499, 23.54757, ''),
(135, 'Drama', 'Δράμα', '736364', 14, 41.15283, 24.1473, ''),
(136, 'Kavalla', 'Καβάλα', '735861', 17, 40.93959, 24.40687, ''),
(137, 'Thasos', 'Θάσος', '734093', 17, 40.69417, 24.66118, ''),
(138, 'Evros', 'Έβρος', '736287', 17, 41, 26, ''),
(139, 'Xanthi', 'Χάνθη', '733840', 17, 41.13488, 24.888, ''),
(140, 'Rhodope', 'Ροδόπη', '734375', 17, 41.08333, 25.5, ''),
(141, 'Aetolia', 'Αιτωλία', '265508', 18, 38.5, 21.5, ''),
(142, 'Acarnania', 'Ακαρνανία', '265508', 18, 38.5, 21.5, ''),
(143, 'Lemnos', '', '258293', 6, 39.94235, 25.2433, ''),
(147, 'Unknown', '', '', 16, NULL, NULL, '');

-- --------------------------------------------------------

--
